{"id":750058,"date":"2025-08-28T04:11:08","date_gmt":"2025-08-28T01:11:08","guid":{"rendered":"https:\/\/roveyayinevi.com.tr\/index.php\/urun\/sevgisu-ile-huysuz-karga\/"},"modified":"2026-04-16T03:03:32","modified_gmt":"2026-04-16T00:03:32","slug":"sevgisu-ile-huysuz-karga","status":"publish","type":"product","link":"https:\/\/roveyayinevi.com.tr\/index.php\/urun\/sevgisu-ile-huysuz-karga\/","title":{"rendered":"Sevgisu \u0130le Huysuz Karga"},"content":{"rendered":"<p>Huysuz Karga\u2019n\u0131n inad\u0131 bitecek gibi de\u011fil! Alacakarga ile durmaks\u0131z\u0131n tart\u0131\u015ft\u0131\u011f\u0131,  \u00ab gak gak \u00bb sesleri d\u00f6rt bir yana ta\u015ft\u0131\u011f\u0131 h\u00e2lde huysuzlu\u011fa devam ediyor. Sevgisu, huysuz karga ile tan\u0131\u015f\u0131rken, bayku\u015f, muhabbet ku\u015fu, bilgi\u00e7 kar\u0131nca ve tembel kar\u0131nca da maceraya kat\u0131l\u0131yor. Sevgisu, G\u00fcle\u00e7y\u00fcz, Mutlunaz ve \u0130yican yine fark\u0131nda olmadan maceralara at\u0131l\u0131rken, yeni arkada\u015flar\u0131n\u0131 da bekliyorlar. Serinin d\u00f6rd\u00fcnc\u00fc kitab\u0131nda t\u00fcm dostlar bir araya geliyor, aralar\u0131na yeni kat\u0131lan Huysuz Karga ve Alacakarga ile birlikte belki de farkl\u0131 bir diyara yolculu\u011fa \u00e7\u0131kacaklar, kim bilir? Belki de en iyisi onlarla birlikte kat\u0131lmak bu seyahate! Hadi o zaman \u00e7ocuklar, kat\u0131l\u0131n onlara! \u00c7ocuklar\u0131m\u0131za okuma zevki a\u015f\u0131larken, bir yandan da, iyilik, mutluluk, sevgi, hayal kurman\u0131n \u00f6nemi, arkada\u015fl\u0131k, \u00e7al\u0131\u015fkanl\u0131k, ba\u015far\u0131, yard\u0131mla\u015fma ve benzeri de\u011ferleri anlamalar\u0131na yard\u0131mc\u0131 olacak 4 kitapl\u0131k serinin d\u00f6rd\u00fcnc\u00fc kitab\u0131 da yine dopdolu? 10\u2019dan fazla kitab\u0131 K\u00fclt\u00fcr ve Turizm Bakanl\u0131\u011f\u0131 taraf\u0131ndan sat\u0131n al\u0131narak k\u00fct\u00fcphanelerde \u00e7ocuklar\u0131n istifadesine sunulan Hakan Karc\u0131\u2019n\u0131n yetkin kaleminden \u00e7\u0131kan ve \u00e7ocuklar\u0131 al\u0131\u015f\u0131lagelen anlat\u0131mlardan farkl\u0131 bir d\u00fcnyaya davet eden yepyeni bir kitap daha: SEVG\u0130SU \u0130LE HUYSUZ KARGA. Milli E\u011fitim Bakanl\u0131\u011f\u0131 taraf\u0131ndan belirlenen Dik Temel Harfler kullan\u0131larak bas\u0131lan ve renkli resimlerle s\u00fcslenen kitap, okumay\u0131 yeni \u00f6\u011frenmeye ba\u015flayanlar da d\u00e2hil olmak \u00fczere \u00e7ocuklar\u0131m\u0131za, keyifli bir okuma, e\u011flence ve yeni ufuklara do\u011fru bir yolculuk vadediyor. <\/p>\n","protected":false},"excerpt":{"rendered":"<p>Huysuz Karga\u2019n\u0131n inad\u0131 bitecek gibi de\u011fil! Alacakarga ile durmaks\u0131z\u0131n tart\u0131\u015ft\u0131\u011f\u0131, \u00ab gak gak \u00bb sesleri d\u00f6rt bir yana ta\u015ft\u0131\u011f\u0131 h\u00e2lde huysuzlu\u011fa devam ediyor. Sevgisu, huysuz karga<span class=\"excerpt-hellip\"> [\u2026]<\/span><\/p>\n","protected":false},"featured_media":0,"template":"","meta":{"_monsterinsights_skip_tracking":false,"_monsterinsights_sitenote_active":false,"_monsterinsights_sitenote_note":"","_monsterinsights_sitenote_category":0},"product_brand":[],"product_cat":[12275,12274],"product_tag":[],"class_list":{"0":"post-750058","1":"product","2":"type-product","3":"status-publish","5":"product_cat-6-12-yas-kitaplari","6":"product_cat-cocuk-ve-genclik-kitaplari","7":"pa_cilt-ciltsiz","8":"pa_tur-kitap","9":"pa_yayinevi-kaptan-kitap","10":"pa_yazar-hakan-karci","12":"first","13":"instock","14":"sale","15":"shipping-taxable","16":"purchasable","17":"product-type-simple"},"_links":{"self":[{"href":"https:\/\/roveyayinevi.com.tr\/index.php\/wp-json\/wp\/v2\/product\/750058","targetHints":{"allow":["GET"]}}],"collection":[{"href":"https:\/\/roveyayinevi.com.tr\/index.php\/wp-json\/wp\/v2\/product"}],"about":[{"href":"https:\/\/roveyayinevi.com.tr\/index.php\/wp-json\/wp\/v2\/types\/product"}],"wp:attachment":[{"href":"https:\/\/roveyayinevi.com.tr\/index.php\/wp-json\/wp\/v2\/media?parent=750058"}],"wp:term":[{"taxonomy":"product_brand","embeddable":true,"href":"https:\/\/roveyayinevi.com.tr\/index.php\/wp-json\/wp\/v2\/product_brand?post=750058"},{"taxonomy":"product_cat","embeddable":true,"href":"https:\/\/roveyayinevi.com.tr\/index.php\/wp-json\/wp\/v2\/product_cat?post=750058"},{"taxonomy":"product_tag","embeddable":true,"href":"https:\/\/roveyayinevi.com.tr\/index.php\/wp-json\/wp\/v2\/product_tag?post=750058"}],"curies":[{"name":"wp","href":"https:\/\/api.w.org\/{rel}","templated":true}]}}