{"id":750057,"date":"2025-08-28T04:11:06","date_gmt":"2025-08-28T01:11:06","guid":{"rendered":"https:\/\/roveyayinevi.com.tr\/index.php\/urun\/mutlunazin-mutlulugunun-sirri\/"},"modified":"2026-04-16T03:03:32","modified_gmt":"2026-04-16T00:03:32","slug":"mutlunazin-mutlulugunun-sirri","status":"publish","type":"product","link":"https:\/\/roveyayinevi.com.tr\/index.php\/urun\/mutlunazin-mutlulugunun-sirri\/","title":{"rendered":"Mutlunaz&#8217;\u0131n Mutlulu\u011funun S\u0131rr\u0131"},"content":{"rendered":"<p>B\u00fclb\u00fcl\u00fcn sesini duyan muhabbet ku\u015fu, mutsuz mu mutsuz! Arkada\u015f\u0131 bayku\u015f ise Mutlunaz\u2019\u0131n mutlulu\u011fun s\u0131rr\u0131n\u0131 buldu\u011funu s\u00f6yl\u00fcyor! Mutlulu\u011fun s\u0131rr\u0131 bulunabilir mi? Hele ki bir \u00e7ocuk i\u00e7in bu m\u00fcmk\u00fcn m\u00fcd\u00fcr? Mutlunaz\u2019\u0131n bu s\u0131rr\u0131 buldu\u011fundan haberi var m\u0131, bilinmez! Serinin bu ikinci kitab\u0131n\u0131 keyifle okurken, Mutlunaz, \u0130yican, G\u00fcle\u00e7y\u00fcz ve Sevgisu ile birlikte yeni bir maceraya \u00e7\u0131kmaya haz\u0131r m\u0131s\u0131n\u0131z? \u00c7ocuklar\u0131m\u0131za okuma zevki a\u015f\u0131larken, bir yandan da, iyilik, mutluluk, sevgi, hayal kurman\u0131n \u00f6nemi, arkada\u015fl\u0131k, \u00e7al\u0131\u015fkanl\u0131k, ba\u015far\u0131, yard\u0131mla\u015fma ve benzeri de\u011ferleri anlamalar\u0131na yard\u0131mc\u0131 olacak 4 kitapl\u0131k seri ikinci kitab\u0131 ile sizlerle. 10\u2019dan fazla kitab\u0131 K\u00fclt\u00fcr ve Turizm Bakanl\u0131\u011f\u0131 taraf\u0131ndan sat\u0131n al\u0131narak k\u00fct\u00fcphanelerde \u00e7ocuklar\u0131n istifadesine sunulan Hakan Karc\u0131\u2019n\u0131n yetkin kaleminden \u00e7\u0131kan ve \u00e7ocuklar\u0131 al\u0131\u015f\u0131lagelen anlat\u0131mlardan farkl\u0131 bir d\u00fcnyaya davet eden yepyeni bir kitap daha: MUTLUNAZ\u2019IN MUTLULU\u011eUNUN SIRRI. Milli E\u011fitim Bakanl\u0131\u011f\u0131 taraf\u0131ndan belirlenen Dik Temel Harfler kullan\u0131larak bas\u0131lan ve renkli resimlerle s\u00fcslenen kitap, okumay\u0131 yeni \u00f6\u011frenmeye ba\u015flayanlar da d\u00e2hil olmak \u00fczere \u00e7ocuklar\u0131m\u0131za, keyifli bir okuma, e\u011flence ve yeni ufuklara do\u011fru bir yolculuk vadediyor. <\/p>\n","protected":false},"excerpt":{"rendered":"<p>B\u00fclb\u00fcl\u00fcn sesini duyan muhabbet ku\u015fu, mutsuz mu mutsuz! Arkada\u015f\u0131 bayku\u015f ise Mutlunaz\u2019\u0131n mutlulu\u011fun s\u0131rr\u0131n\u0131 buldu\u011funu s\u00f6yl\u00fcyor! Mutlulu\u011fun s\u0131rr\u0131 bulunabilir mi? Hele ki bir \u00e7ocuk i\u00e7in bu<span class=\"excerpt-hellip\"> [\u2026]<\/span><\/p>\n","protected":false},"featured_media":0,"template":"","meta":{"_monsterinsights_skip_tracking":false,"_monsterinsights_sitenote_active":false,"_monsterinsights_sitenote_note":"","_monsterinsights_sitenote_category":0},"product_brand":[],"product_cat":[12275,12274],"product_tag":[],"class_list":{"0":"post-750057","1":"product","2":"type-product","3":"status-publish","5":"product_cat-6-12-yas-kitaplari","6":"product_cat-cocuk-ve-genclik-kitaplari","7":"pa_cilt-ciltsiz","8":"pa_tur-kitap","9":"pa_yayinevi-kaptan-kitap","10":"pa_yazar-hakan-karci","12":"first","13":"instock","14":"sale","15":"shipping-taxable","16":"purchasable","17":"product-type-simple"},"_links":{"self":[{"href":"https:\/\/roveyayinevi.com.tr\/index.php\/wp-json\/wp\/v2\/product\/750057","targetHints":{"allow":["GET"]}}],"collection":[{"href":"https:\/\/roveyayinevi.com.tr\/index.php\/wp-json\/wp\/v2\/product"}],"about":[{"href":"https:\/\/roveyayinevi.com.tr\/index.php\/wp-json\/wp\/v2\/types\/product"}],"wp:attachment":[{"href":"https:\/\/roveyayinevi.com.tr\/index.php\/wp-json\/wp\/v2\/media?parent=750057"}],"wp:term":[{"taxonomy":"product_brand","embeddable":true,"href":"https:\/\/roveyayinevi.com.tr\/index.php\/wp-json\/wp\/v2\/product_brand?post=750057"},{"taxonomy":"product_cat","embeddable":true,"href":"https:\/\/roveyayinevi.com.tr\/index.php\/wp-json\/wp\/v2\/product_cat?post=750057"},{"taxonomy":"product_tag","embeddable":true,"href":"https:\/\/roveyayinevi.com.tr\/index.php\/wp-json\/wp\/v2\/product_tag?post=750057"}],"curies":[{"name":"wp","href":"https:\/\/api.w.org\/{rel}","templated":true}]}}