{"id":750039,"date":"2025-08-28T04:10:39","date_gmt":"2025-08-28T01:10:39","guid":{"rendered":"https:\/\/roveyayinevi.com.tr\/index.php\/urun\/kibar-semtler\/"},"modified":"2026-04-16T03:03:31","modified_gmt":"2026-04-16T00:03:31","slug":"kibar-semtler","status":"publish","type":"product","link":"https:\/\/roveyayinevi.com.tr\/index.php\/urun\/kibar-semtler\/","title":{"rendered":"Kibar Semtler"},"content":{"rendered":"<p>20. y\u00fczy\u0131l Frans\u0131z edebiyat\u0131n\u0131n en \u00f6nemli \u015fair ve romanc\u0131lar\u0131ndan olan Louis Aragon, sosyalist ger\u00e7ek\u00e7i edebiyat anlay\u0131\u015f\u0131n\u0131 benimsedikten sonra, 1934 y\u0131l\u0131nda Ger\u00e7ek D\u00fcnya ad\u0131n\u0131 verdi\u011fi bir roman dizisine ba\u015flar. Kibar Semtler bu dizinin ikinci roman\u0131d\u0131r. 1936\u2019da yay\u0131mlanan ve ayn\u0131 y\u0131l Renaudot Edebiyat \u00d6d\u00fcl\u00fc\u2019n\u00fc kazanan bu roman\u0131nda yazar, Birinci D\u00fcnya Sava\u015f\u0131\u2019n\u0131n arifesinde Fransa toplumunu, d\u00fcnya sava\u015f\u0131n\u0131 haz\u0131rlayan ko\u015fullar\u0131, d\u00f6nemin siyasi \u00e7eki\u015fmelerini ve toplumsal \u00e7at\u0131\u015fmalar\u0131n\u0131 konu edinir. Edmond ve Armand ad\u0131nda iki karde\u015fin b\u00fcy\u00fck \u00e7alkant\u0131lara gebe bir d\u00fcnyada de\u011fi\u015fken ve istikrars\u0131z bir yol izleyen ya\u015famlar\u0131n\u0131 merkeze alan roman, d\u00f6nemin Frans\u0131z toplumuna dair zengin tiplemeler sunar. Aragon\u2019un ironik \u00fcslubu ve ak\u0131c\u0131 dili, ta\u015fradan ve ba\u015fkent Paris\u2019ten, toplumun farkl\u0131 kesimlerinden \u00e7ok say\u0131da karakter \u00fczerinden 1910\u2019lu y\u0131llar\u0131n Fransa\u2019s\u0131n\u0131 panoramik bir bak\u0131\u015fla \u00e7iziverir. Dizinin ilk kitab\u0131 Basel\u2019in \u00c7anlar\u0131\u2019yla birlikte Fransa\u2019da sosyalist ger\u00e7ek\u00e7i edebiyat\u0131n ilk \u00f6rneklerinden say\u0131lan bu \u00f6nemli roman\u0131 okurlar\u0131m\u0131zla bulu\u015fturmaktan mutluluk duyuyoruz. <\/p>\n","protected":false},"excerpt":{"rendered":"<p>20. y\u00fczy\u0131l Frans\u0131z edebiyat\u0131n\u0131n en \u00f6nemli \u015fair ve romanc\u0131lar\u0131ndan olan Louis Aragon, sosyalist ger\u00e7ek\u00e7i edebiyat anlay\u0131\u015f\u0131n\u0131 benimsedikten sonra, 1934 y\u0131l\u0131nda Ger\u00e7ek D\u00fcnya ad\u0131n\u0131 verdi\u011fi bir roman<span class=\"excerpt-hellip\"> [\u2026]<\/span><\/p>\n","protected":false},"featured_media":0,"template":"","meta":{"_monsterinsights_skip_tracking":false,"_monsterinsights_sitenote_active":false,"_monsterinsights_sitenote_note":"","_monsterinsights_sitenote_category":0},"product_brand":[],"product_cat":[12291,12711],"product_tag":[],"class_list":{"0":"post-750039","1":"product","2":"type-product","3":"status-publish","5":"product_cat-edebiyat","6":"product_cat-roman-oyku","7":"pa_cilt-ciltsiz","8":"pa_tur-kitap","9":"pa_yayinevi-yordam-kitap","10":"pa_yazar-louis-aragon","12":"first","13":"instock","14":"sale","15":"shipping-taxable","16":"purchasable","17":"product-type-simple"},"_links":{"self":[{"href":"https:\/\/roveyayinevi.com.tr\/index.php\/wp-json\/wp\/v2\/product\/750039","targetHints":{"allow":["GET"]}}],"collection":[{"href":"https:\/\/roveyayinevi.com.tr\/index.php\/wp-json\/wp\/v2\/product"}],"about":[{"href":"https:\/\/roveyayinevi.com.tr\/index.php\/wp-json\/wp\/v2\/types\/product"}],"wp:attachment":[{"href":"https:\/\/roveyayinevi.com.tr\/index.php\/wp-json\/wp\/v2\/media?parent=750039"}],"wp:term":[{"taxonomy":"product_brand","embeddable":true,"href":"https:\/\/roveyayinevi.com.tr\/index.php\/wp-json\/wp\/v2\/product_brand?post=750039"},{"taxonomy":"product_cat","embeddable":true,"href":"https:\/\/roveyayinevi.com.tr\/index.php\/wp-json\/wp\/v2\/product_cat?post=750039"},{"taxonomy":"product_tag","embeddable":true,"href":"https:\/\/roveyayinevi.com.tr\/index.php\/wp-json\/wp\/v2\/product_tag?post=750039"}],"curies":[{"name":"wp","href":"https:\/\/api.w.org\/{rel}","templated":true}]}}