{"id":750033,"date":"2025-08-28T04:10:30","date_gmt":"2025-08-28T01:10:30","guid":{"rendered":"https:\/\/roveyayinevi.com.tr\/index.php\/urun\/siyaset-ve-uzmanlik\/"},"modified":"2026-04-16T03:03:31","modified_gmt":"2026-04-16T00:03:31","slug":"siyaset-ve-uzmanlik","status":"publish","type":"product","link":"https:\/\/roveyayinevi.com.tr\/index.php\/urun\/siyaset-ve-uzmanlik\/","title":{"rendered":"Siyaset ve Uzmanl\u0131k"},"content":{"rendered":"<p>K\u00fcresel salg\u0131nlar, iklim de\u011fi\u015fikli\u011fi, biyoteknoloji, n\u00fckleer silahlar veya \u00e7evresel meseleler gibi zaman\u0131m\u0131z\u0131n en b\u00fcy\u00fck sorunlar\u0131ndan baz\u0131lar\u0131nda harekete ge\u00e7me kabiliyetimiz, bilim insanlar\u0131 ve di\u011fer uzmanlar taraf\u0131ndan sa\u011flanan bilgiye dayan\u0131yor. Modern devlet, bilimle e\u015fi benzeri g\u00f6r\u00fclmemi\u015f bir ortakl\u0131k kurmu\u015f, bilimsel ara\u015ft\u0131rmay\u0131 kendisinin hem yetkili bilgi kayna\u011f\u0131 hem de daha iyi politikalar olu\u015fturma arac\u0131 olarak kabul etmi\u015ftir.        Yeni bilimsel ara\u015ft\u0131rmalar, bizim neleri sorun olarak g\u00f6rd\u00fc\u011f\u00fcm\u00fcz\u00fc ve bunlar\u0131 \u00e7\u00f6z\u00fcme kavu\u015fturmak i\u00e7in sahip oldu\u011fumuz se\u00e7enekler yelpazesini belirliyor. Bu s\u0131rada \u00e7a\u011fda\u015f siyasi ya\u015fam, uzmanl\u0131\u011f\u0131 gittik\u00e7e daha sorunlu bir \u015fekilde de\u011ferlendiriyor. Bir yanda bilimin inkar\u0131 ve bilim insanlar\u0131na kar\u015f\u0131 g\u00fcvensizlik, di\u011fer yanda uzmanlar\u0131n otoritesine ba\u015fvurma ve t\u00fcm yurtta\u015flar\u0131n cehaleti hakk\u0131nda \u015fikayetler s\u00f6z konusu. Bu tutumlar, birbirlerine kar\u015f\u0131 duyduklar\u0131 tepki sonucu \u015fiddetleniyor: Bilimin inkar\u0131 ve sahte bilim \u015fekilleri kar\u015f\u0131s\u0131nda hissedilen h\u00fcsran, bilim insanlar\u0131n\u0131n otoritesine daha fazla ba\u015fvurulmas\u0131na yol a\u00e7\u0131yor, bu da daha fazla k\u0131zg\u0131nl\u0131k ve daha fazla inkar \u00fcretiyor. Bu bir k\u0131s\u0131r d\u00f6ng\u00fcd\u00fcr.         Bilim ile demokrasi ili\u015fkisindeki gerilimlerin kaynaklar\u0131n\u0131 belirleyecek ve bunlar\u0131n azalt\u0131lmas\u0131n\u0131n iyi ve k\u00f6t\u00fc yollar\u0131n\u0131 irdeleyecek bir de\u011ferlendirmeye dayanmaks\u0131z\u0131n bu k\u0131s\u0131r d\u00f6ng\u00fcden \u00e7\u0131kmak m\u00fcmk\u00fcn de\u011fildir. \u0130\u015fte bu kitap b\u00f6ylesi bir de\u011ferlendirme yapmay\u0131 ama\u00e7lamaktad\u0131r.<\/p>\n","protected":false},"excerpt":{"rendered":"<p>K\u00fcresel salg\u0131nlar, iklim de\u011fi\u015fikli\u011fi, biyoteknoloji, n\u00fckleer silahlar veya \u00e7evresel meseleler gibi zaman\u0131m\u0131z\u0131n en b\u00fcy\u00fck sorunlar\u0131ndan baz\u0131lar\u0131nda harekete ge\u00e7me kabiliyetimiz, bilim insanlar\u0131 ve di\u011fer uzmanlar taraf\u0131ndan sa\u011flanan<span class=\"excerpt-hellip\"> [\u2026]<\/span><\/p>\n","protected":false},"featured_media":0,"template":"","meta":{"_monsterinsights_skip_tracking":false,"_monsterinsights_sitenote_active":false,"_monsterinsights_sitenote_note":"","_monsterinsights_sitenote_category":0},"product_brand":[],"product_cat":[13590,12337],"product_tag":[],"class_list":{"0":"post-750033","1":"product","2":"type-product","3":"status-publish","5":"product_cat-arastirma-inceleme-politika-siyaset","6":"product_cat-politika-siyaset","7":"pa_cilt-ciltsiz","8":"pa_tur-kitap","9":"pa_yayinevi-bilge-kultur-sanat","10":"pa_yazar-zeynep-pamuk","12":"first","13":"instock","14":"sale","15":"shipping-taxable","16":"purchasable","17":"product-type-simple"},"_links":{"self":[{"href":"https:\/\/roveyayinevi.com.tr\/index.php\/wp-json\/wp\/v2\/product\/750033","targetHints":{"allow":["GET"]}}],"collection":[{"href":"https:\/\/roveyayinevi.com.tr\/index.php\/wp-json\/wp\/v2\/product"}],"about":[{"href":"https:\/\/roveyayinevi.com.tr\/index.php\/wp-json\/wp\/v2\/types\/product"}],"wp:attachment":[{"href":"https:\/\/roveyayinevi.com.tr\/index.php\/wp-json\/wp\/v2\/media?parent=750033"}],"wp:term":[{"taxonomy":"product_brand","embeddable":true,"href":"https:\/\/roveyayinevi.com.tr\/index.php\/wp-json\/wp\/v2\/product_brand?post=750033"},{"taxonomy":"product_cat","embeddable":true,"href":"https:\/\/roveyayinevi.com.tr\/index.php\/wp-json\/wp\/v2\/product_cat?post=750033"},{"taxonomy":"product_tag","embeddable":true,"href":"https:\/\/roveyayinevi.com.tr\/index.php\/wp-json\/wp\/v2\/product_tag?post=750033"}],"curies":[{"name":"wp","href":"https:\/\/api.w.org\/{rel}","templated":true}]}}