{"id":750023,"date":"2025-08-28T04:10:10","date_gmt":"2025-08-28T01:10:10","guid":{"rendered":"https:\/\/roveyayinevi.com.tr\/index.php\/urun\/erkekler-kadinlardan-neden-korkar\/"},"modified":"2026-04-16T03:03:31","modified_gmt":"2026-04-16T00:03:31","slug":"erkekler-kadinlardan-neden-korkar","status":"publish","type":"product","link":"https:\/\/roveyayinevi.com.tr\/index.php\/urun\/erkekler-kadinlardan-neden-korkar\/","title":{"rendered":"Erkekler Kad\u0131nlardan Neden Korkar?"},"content":{"rendered":"<p>Erkekler kad\u0131nlardan korkarlar, \u00e7\u00fcnk\u00fc onlar\u0131 tatmin edememekten (ve kad\u0131nlar\u0131n kendilerinden intikam almalar\u0131ndan) \u00e7ekinirler.   Erkekler kad\u0131nlardan korkarlar, \u00e7\u00fcnk\u00fc onlar\u0131n sad\u0131k olmamalar\u0131ndan korkarlar.   Erkekler kad\u0131nlardan korkarlar, \u00e7\u00fcnk\u00fc babal\u0131klar\u0131ndan hi\u00e7bir zaman tam olarak emin de\u011fildirler.   Erkekler kad\u0131nlardan korkarlar, \u00e7\u00fcnk\u00fc kad\u0131nlar\u0131n s\u0131rlar\u0131 ve t\u0131ls\u0131mlar\u0131 vard\u0131r.   Frans\u0131z psikiyatr Jean Cournut, Freudcu d\u00fc\u015f\u00fcnceden yola \u00e7\u0131karak ve literat\u00fcrden epey beslenerek tamamlad\u0131\u011f\u0131 bu analizinde, kad\u0131nl\u0131\u011f\u0131n \u201c\u00f6tekili\u011fini\u201d, i\u011fdi\u015f edilme kompleksini, tahakk\u00fcm\u00fc, di\u015fil olan\u0131n reddini inceliyor ve o azametli soruda \u0131srar ediyor: Erkekler kad\u0131nlardan neden korkar? <\/p>\n","protected":false},"excerpt":{"rendered":"<p>Erkekler kad\u0131nlardan korkarlar, \u00e7\u00fcnk\u00fc onlar\u0131 tatmin edememekten (ve kad\u0131nlar\u0131n kendilerinden intikam almalar\u0131ndan) \u00e7ekinirler. Erkekler kad\u0131nlardan korkarlar, \u00e7\u00fcnk\u00fc onlar\u0131n sad\u0131k olmamalar\u0131ndan korkarlar. Erkekler kad\u0131nlardan korkarlar, \u00e7\u00fcnk\u00fc babal\u0131klar\u0131ndan<span class=\"excerpt-hellip\"> [\u2026]<\/span><\/p>\n","protected":false},"featured_media":0,"template":"","meta":{"_monsterinsights_skip_tracking":false,"_monsterinsights_sitenote_active":false,"_monsterinsights_sitenote_note":"","_monsterinsights_sitenote_category":0},"product_brand":[],"product_cat":[12357],"product_tag":[],"class_list":{"0":"post-750023","1":"product","2":"type-product","3":"status-publish","5":"product_cat-psikoloji","6":"pa_cilt-ciltsiz","7":"pa_tur-kitap","8":"pa_yayinevi-okuyan-us-yayin","9":"pa_yazar-jean-cournut","11":"first","12":"instock","13":"sale","14":"shipping-taxable","15":"purchasable","16":"product-type-simple"},"_links":{"self":[{"href":"https:\/\/roveyayinevi.com.tr\/index.php\/wp-json\/wp\/v2\/product\/750023","targetHints":{"allow":["GET"]}}],"collection":[{"href":"https:\/\/roveyayinevi.com.tr\/index.php\/wp-json\/wp\/v2\/product"}],"about":[{"href":"https:\/\/roveyayinevi.com.tr\/index.php\/wp-json\/wp\/v2\/types\/product"}],"wp:attachment":[{"href":"https:\/\/roveyayinevi.com.tr\/index.php\/wp-json\/wp\/v2\/media?parent=750023"}],"wp:term":[{"taxonomy":"product_brand","embeddable":true,"href":"https:\/\/roveyayinevi.com.tr\/index.php\/wp-json\/wp\/v2\/product_brand?post=750023"},{"taxonomy":"product_cat","embeddable":true,"href":"https:\/\/roveyayinevi.com.tr\/index.php\/wp-json\/wp\/v2\/product_cat?post=750023"},{"taxonomy":"product_tag","embeddable":true,"href":"https:\/\/roveyayinevi.com.tr\/index.php\/wp-json\/wp\/v2\/product_tag?post=750023"}],"curies":[{"name":"wp","href":"https:\/\/api.w.org\/{rel}","templated":true}]}}