{"id":750018,"date":"2025-08-28T04:10:04","date_gmt":"2025-08-28T01:10:04","guid":{"rendered":"https:\/\/roveyayinevi.com.tr\/index.php\/urun\/karanligin-cigligi-ciltli\/"},"modified":"2026-04-16T03:03:31","modified_gmt":"2026-04-16T00:03:31","slug":"karanligin-cigligi-ciltli","status":"publish","type":"product","link":"https:\/\/roveyayinevi.com.tr\/index.php\/urun\/karanligin-cigligi-ciltli\/","title":{"rendered":"Karanl\u0131\u011f\u0131n \u00c7\u0131\u011fl\u0131\u011f\u0131 (Ciltli)"},"content":{"rendered":"<p>\u201cKAR\u015eISINDAK\u0130 K\u0130\u015e\u0130N\u0130N G\u00dc\u00c7LER\u0130N\u0130 HASAT ETMES\u0130N\u0130N EN KOLAY YOLU DUYGULARINA BA\u011eLANMAKTI. \u015e\u0130MD\u0130YE KADAR BUNU HEP B\u00d6YLE \u00c7\u00d6ZM\u00dc\u015eT\u00dc. \u015e\u0130MD\u0130 \u0130SE YAPAMIYORDU.\u201d   Eski bir gelenek olan K\u0131\u015f D\u00f6n\u00fcm\u00fc kutlamalar\u0131 Aleut\u2019ta yap\u0131lmaya karar verildi\u011finde herkes bunun sadece bir parti olarak kalmayaca\u011f\u0131n\u0131 bilmektedir. Ge\u00e7mi\u015fin g\u00fcnahlar\u0131 bu kez Dawson\u2019\u0131n pe\u015fine d\u00fc\u015fm\u00fc\u015ft\u00fcr.   Y\u0131llar \u00f6nce Dawson, Rayleen ile birlikte bir Tarafs\u0131z\u2019\u0131 \u00f6ld\u00fcrm\u00fc\u015f ve bunu o zamandan beri saklamay\u0131 ba\u015farm\u0131\u015ft\u0131r. Dawson ve arkada\u015flar\u0131 hem kendilerini kovalayan bu \u00f6l\u00fcm habercisini atlatmak hem de onun kim oldu\u011funu bir an \u00f6nce \u00f6\u011frenmek zorundad\u0131r. Ada ise ayn\u0131 zamanda Lanston&#8217;\u0131n ona vermi\u015f oldu\u011fu g\u00f6rev y\u00fcz\u00fcnden Meriel&#8217;in \u00f6l\u00fcm\u00fcn\u00fc ara\u015ft\u0131rmaktad\u0131r.   Ada en son g\u00f6r\u00fc\u015ft\u00fc\u011f\u00fc ki\u015fiyle konu\u015ftu\u011funda yaln\u0131zca Meriel\u2019le ilgili de\u011fil, kendisiyle ilgili de \u00f6\u011frenebilecekleri oldu\u011fundan habersizdir.   Arkada\u015flar\u0131ndan birinin a\u011f\u0131r yaralanmas\u0131 sonucu Ada\u2019n\u0131n ald\u0131\u011f\u0131 karar hi\u00e7 d\u00fc\u015f\u00fcnmedi\u011fi bir \u015fekilde kendisinin ve ailesinin hayat\u0131n\u0131 de\u011fi\u015ftirecektir. Kaybetmemek i\u00e7in neleri g\u00f6ze alabilece\u011fini g\u00f6rd\u00fc\u011f\u00fcnde daha fazla y\u0131k\u0131m\u0131n i\u00e7ine s\u00fcr\u00fcklenmesi hi\u00e7 de uzun s\u00fcrmeyecektir. <\/p>\n","protected":false},"excerpt":{"rendered":"<p>\u201cKAR\u015eISINDAK\u0130 K\u0130\u015e\u0130N\u0130N G\u00dc\u00c7LER\u0130N\u0130 HASAT ETMES\u0130N\u0130N EN KOLAY YOLU DUYGULARINA BA\u011eLANMAKTI. \u015e\u0130MD\u0130YE KADAR BUNU HEP B\u00d6YLE \u00c7\u00d6ZM\u00dc\u015eT\u00dc. \u015e\u0130MD\u0130 \u0130SE YAPAMIYORDU.\u201d Eski bir gelenek olan K\u0131\u015f D\u00f6n\u00fcm\u00fc kutlamalar\u0131<span class=\"excerpt-hellip\"> [\u2026]<\/span><\/p>\n","protected":false},"featured_media":0,"template":"","meta":{"_monsterinsights_skip_tracking":false,"_monsterinsights_sitenote_active":false,"_monsterinsights_sitenote_note":"","_monsterinsights_sitenote_category":0},"product_brand":[],"product_cat":[12291,12711],"product_tag":[],"class_list":{"0":"post-750018","1":"product","2":"type-product","3":"status-publish","5":"product_cat-edebiyat","6":"product_cat-roman-oyku","7":"pa_cilt-ciltli","8":"pa_tur-kitap","9":"pa_yayinevi-ephesus-yayinlari","10":"pa_yazar-busra-toraman","12":"first","13":"instock","14":"sale","15":"shipping-taxable","16":"purchasable","17":"product-type-simple"},"_links":{"self":[{"href":"https:\/\/roveyayinevi.com.tr\/index.php\/wp-json\/wp\/v2\/product\/750018","targetHints":{"allow":["GET"]}}],"collection":[{"href":"https:\/\/roveyayinevi.com.tr\/index.php\/wp-json\/wp\/v2\/product"}],"about":[{"href":"https:\/\/roveyayinevi.com.tr\/index.php\/wp-json\/wp\/v2\/types\/product"}],"wp:attachment":[{"href":"https:\/\/roveyayinevi.com.tr\/index.php\/wp-json\/wp\/v2\/media?parent=750018"}],"wp:term":[{"taxonomy":"product_brand","embeddable":true,"href":"https:\/\/roveyayinevi.com.tr\/index.php\/wp-json\/wp\/v2\/product_brand?post=750018"},{"taxonomy":"product_cat","embeddable":true,"href":"https:\/\/roveyayinevi.com.tr\/index.php\/wp-json\/wp\/v2\/product_cat?post=750018"},{"taxonomy":"product_tag","embeddable":true,"href":"https:\/\/roveyayinevi.com.tr\/index.php\/wp-json\/wp\/v2\/product_tag?post=750018"}],"curies":[{"name":"wp","href":"https:\/\/api.w.org\/{rel}","templated":true}]}}