{"id":750011,"date":"2025-08-28T04:09:56","date_gmt":"2025-08-28T01:09:56","guid":{"rendered":"https:\/\/roveyayinevi.com.tr\/index.php\/urun\/vazgecme-sanati\/"},"modified":"2026-04-16T03:03:31","modified_gmt":"2026-04-16T00:03:31","slug":"vazgecme-sanati","status":"publish","type":"product","link":"https:\/\/roveyayinevi.com.tr\/index.php\/urun\/vazgecme-sanati\/","title":{"rendered":"Vazge\u00e7me Sanat\u0131"},"content":{"rendered":"<p>Negat\u0130f D\u00fc\u015f\u00fcnce ve eylemleR\u0130N\u0130ZDEN VAZGE\u00c7EREK  Hak Ett\u0130\u011f\u0130n\u0130z g\u00fczel duygular\u0131n KEYF\u0130N\u0130 S\u00dcRMEYE HEMEN \u015e\u0130MD\u0130 BA\u015eLAYIN!   \u00d6fke, pi\u015fmanl\u0131k ve k\u0131rg\u0131nl\u0131kla m\u0131 m\u00fccadele ediyorsunuz? Ac\u0131 verici an\u0131lar\u0131n\u0131z y\u00fcz\u00fcnden duygusal olarak bitkin, stresli ve cesaretiniz k\u0131r\u0131lm\u0131\u015f m\u0131 hissediyorsunuz? Mutsuz hissetmenize neden olan \u015feylere mi tak\u0131l\u0131p kal\u0131yorsunuz?   \u0130\u015fte, VAZGE\u00c7ME SANATI\u2019nda ke\u015ffedecekleriniz:      \u0130nsanlar\u0131n tak\u0131l\u0131p kald\u0131\u011f\u0131 ve bu y\u00fczden s\u0131k\u0131nt\u0131 ya\u015fad\u0131\u011f\u0131 en yayg\u0131n yirmi durum.    Ac\u0131 verici hat\u0131ralar ve negatif d\u00fc\u015f\u00fcncelerden kurtulman\u0131n bu kadar zor olmas\u0131n\u0131n nedenleri.    \u0130\u00e7inizdeki ele\u015ftirmenin incitici sesini susturabilmenin y\u00f6ntemleri.    Ge\u00e7mi\u015fe \u00f6zlem duyman\u0131z\u0131n nedenleri.    Ge\u00e7mi\u015fi idealize etmenizin ve bunu yaparken duygusal ac\u0131ya  s\u00fcr\u00fcklenmenizin nedenleri.    Kendinizi mutlu etmeye \u00e7al\u0131\u015fman\u0131n, mutsuz hissetmenize yol a\u00e7mas\u0131n\u0131n nedenleri.    Her \u015feyi ak\u0131\u015f\u0131na b\u0131rakman\u0131n en etkin ve en basit y\u00f6ntemlerinden biri. (Hem de hemen kullanabilirsiniz!)   Ac\u0131 verici an\u0131lar, pi\u015fmanl\u0131k, utan\u00e7 ve di\u011fer olumsuz duygular\u0131 omuzlar\u0131n\u0131za y\u00fck etmekten b\u0131kt\u0131ysan\u0131z, pozitif bir de\u011fi\u015fiklik yapman\u0131z\u0131n zaman\u0131 geldi demektir. VAZGE\u00c7ME SANATI\u2019n\u0131 bug\u00fcn okumaya ba\u015flay\u0131n ve ihtiyac\u0131n\u0131z olan duygusal \u00f6zg\u00fcrl\u00fc\u011f\u00fc deneyimleyin.<\/p>\n","protected":false},"excerpt":{"rendered":"<p>Negat\u0130f D\u00fc\u015f\u00fcnce ve eylemleR\u0130N\u0130ZDEN VAZGE\u00c7EREK Hak Ett\u0130\u011f\u0130n\u0130z g\u00fczel duygular\u0131n KEYF\u0130N\u0130 S\u00dcRMEYE HEMEN \u015e\u0130MD\u0130 BA\u015eLAYIN! \u00d6fke, pi\u015fmanl\u0131k ve k\u0131rg\u0131nl\u0131kla m\u0131 m\u00fccadele ediyorsunuz? Ac\u0131 verici an\u0131lar\u0131n\u0131z y\u00fcz\u00fcnden duygusal<span class=\"excerpt-hellip\"> [\u2026]<\/span><\/p>\n","protected":false},"featured_media":0,"template":"","meta":{"_monsterinsights_skip_tracking":false,"_monsterinsights_sitenote_active":false,"_monsterinsights_sitenote_note":"","_monsterinsights_sitenote_category":0},"product_brand":[],"product_cat":[12364,12376],"product_tag":[],"class_list":{"0":"post-750011","1":"product","2":"type-product","3":"status-publish","5":"product_cat-genel-konular","6":"product_cat-kisisel-gelisim","7":"pa_cilt-ciltsiz","8":"pa_tur-kitap","9":"pa_yayinevi-mona-kitap","10":"pa_yazar-damon-zahariades","12":"first","13":"instock","14":"sale","15":"shipping-taxable","16":"purchasable","17":"product-type-simple"},"_links":{"self":[{"href":"https:\/\/roveyayinevi.com.tr\/index.php\/wp-json\/wp\/v2\/product\/750011","targetHints":{"allow":["GET"]}}],"collection":[{"href":"https:\/\/roveyayinevi.com.tr\/index.php\/wp-json\/wp\/v2\/product"}],"about":[{"href":"https:\/\/roveyayinevi.com.tr\/index.php\/wp-json\/wp\/v2\/types\/product"}],"wp:attachment":[{"href":"https:\/\/roveyayinevi.com.tr\/index.php\/wp-json\/wp\/v2\/media?parent=750011"}],"wp:term":[{"taxonomy":"product_brand","embeddable":true,"href":"https:\/\/roveyayinevi.com.tr\/index.php\/wp-json\/wp\/v2\/product_brand?post=750011"},{"taxonomy":"product_cat","embeddable":true,"href":"https:\/\/roveyayinevi.com.tr\/index.php\/wp-json\/wp\/v2\/product_cat?post=750011"},{"taxonomy":"product_tag","embeddable":true,"href":"https:\/\/roveyayinevi.com.tr\/index.php\/wp-json\/wp\/v2\/product_tag?post=750011"}],"curies":[{"name":"wp","href":"https:\/\/api.w.org\/{rel}","templated":true}]}}