{"id":750002,"date":"2025-08-28T04:09:44","date_gmt":"2025-08-28T01:09:44","guid":{"rendered":"https:\/\/roveyayinevi.com.tr\/index.php\/urun\/okul-ve-toplum\/"},"modified":"2026-04-16T03:03:31","modified_gmt":"2026-04-16T00:03:31","slug":"okul-ve-toplum","status":"publish","type":"product","link":"https:\/\/roveyayinevi.com.tr\/index.php\/urun\/okul-ve-toplum\/","title":{"rendered":"Okul ve Toplum"},"content":{"rendered":"<p>Okula; bireysel bir bak\u0131\u015f a\u00e7\u0131s\u0131yla \u00f6\u011fretmen ile \u00f6\u011frenci veya \u00f6\u011fretmen ile veli aras\u0131nda bir \u015fey olarak bakma e\u011filimindeyiz. Bizi en \u00e7ok ilgilendiren do\u011fal olarak tan\u0131d\u0131\u011f\u0131m\u0131z \u00e7ocu\u011fun bireysel geli\u015fimi, normal fiziksel geli\u015fimi, okuma, yazma ve \u015fekil yetene\u011findeki ilerlemesi, co\u011frafya ve tarih bilgisindeki geli\u015fimi, tav\u0131rlar\u0131ndaki, al\u0131\u015fkanl\u0131klar\u0131ndaki geli\u015fimdir. H\u0131z, d\u00fczen ve \u00e7al\u0131\u015fkanl\u0131k, okulun \u00e7al\u0131\u015fmalar\u0131n\u0131 (hakl\u0131 olarak) bu t\u00fcr standartlarla yarg\u0131l\u0131yoruz. Yine de bak\u0131\u015f a\u00e7\u0131s\u0131n\u0131n yelpazesinin geni\u015fletilmesi gerekiyor. En iyi ve en bilge ebeveynin kendi \u00e7ocu\u011fu i\u00e7in istedi\u011fini, toplum da t\u00fcm \u00e7ocuklar\u0131 i\u00e7in istemelidir. Okullar\u0131m\u0131z i\u00e7in ba\u015fka herhangi bir ideal dar ve sevimsizdir; e\u011fer \u00f6yle bir ideal ba\u015fta olursa demokrasimizi yok eder. Toplumun kendisi i\u00e7in ba\u015fard\u0131\u011f\u0131 her \u015fey, okul arac\u0131l\u0131\u011f\u0131yla gelecekteki \u00fcyelerinin emrindedir. Kendisiyle ilgili t\u00fcm daha iyi d\u00fc\u015f\u00fcncelerini, b\u00f6ylece gelecekteki benli\u011fine a\u00e7\u0131lan yeni olas\u0131l\u0131klar arac\u0131l\u0131\u011f\u0131yla ger\u00e7ekle\u015ftirmeyi umar. Burada bireycilik ve sosyalizm bir aradad\u0131r. Sadece onu olu\u015fturan t\u00fcm bireylerin tam geli\u015fimine sad\u0131k kalarak toplum her hal\u00fck\u00e2rda kendine sad\u0131k olabilir. Bu \u015fekilde verilen \u00f6z-y\u00f6nelimde, hi\u00e7bir \u015fey okul kadar \u00f6nemli de\u011fildir, \u00e7\u00fcnk\u00fc Horace Mann&#8217;\u0131n dedi\u011fi gibi, &#8220;Bir \u015feyin b\u00fcy\u00fcmesi, bin kez yenilenmesine bedeldir.&#8221;       <\/p>\n","protected":false},"excerpt":{"rendered":"<p>Okula; bireysel bir bak\u0131\u015f a\u00e7\u0131s\u0131yla \u00f6\u011fretmen ile \u00f6\u011frenci veya \u00f6\u011fretmen ile veli aras\u0131nda bir \u015fey olarak bakma e\u011filimindeyiz. Bizi en \u00e7ok ilgilendiren do\u011fal olarak tan\u0131d\u0131\u011f\u0131m\u0131z \u00e7ocu\u011fun<span class=\"excerpt-hellip\"> [\u2026]<\/span><\/p>\n","protected":false},"featured_media":0,"template":"","meta":{"_monsterinsights_skip_tracking":false,"_monsterinsights_sitenote_active":false,"_monsterinsights_sitenote_note":"","_monsterinsights_sitenote_category":0},"product_brand":[],"product_cat":[12357],"product_tag":[],"class_list":{"0":"post-750002","1":"product","2":"type-product","3":"status-publish","5":"product_cat-psikoloji","6":"pa_cilt-ciltsiz","7":"pa_tur-kitap","8":"pa_yayinevi-kirmizi-ada-yayinlari","9":"pa_yazar-john-dewey","11":"first","12":"instock","13":"sale","14":"shipping-taxable","15":"purchasable","16":"product-type-simple"},"_links":{"self":[{"href":"https:\/\/roveyayinevi.com.tr\/index.php\/wp-json\/wp\/v2\/product\/750002","targetHints":{"allow":["GET"]}}],"collection":[{"href":"https:\/\/roveyayinevi.com.tr\/index.php\/wp-json\/wp\/v2\/product"}],"about":[{"href":"https:\/\/roveyayinevi.com.tr\/index.php\/wp-json\/wp\/v2\/types\/product"}],"wp:attachment":[{"href":"https:\/\/roveyayinevi.com.tr\/index.php\/wp-json\/wp\/v2\/media?parent=750002"}],"wp:term":[{"taxonomy":"product_brand","embeddable":true,"href":"https:\/\/roveyayinevi.com.tr\/index.php\/wp-json\/wp\/v2\/product_brand?post=750002"},{"taxonomy":"product_cat","embeddable":true,"href":"https:\/\/roveyayinevi.com.tr\/index.php\/wp-json\/wp\/v2\/product_cat?post=750002"},{"taxonomy":"product_tag","embeddable":true,"href":"https:\/\/roveyayinevi.com.tr\/index.php\/wp-json\/wp\/v2\/product_tag?post=750002"}],"curies":[{"name":"wp","href":"https:\/\/api.w.org\/{rel}","templated":true}]}}