{"id":749980,"date":"2025-08-28T04:09:11","date_gmt":"2025-08-28T01:09:11","guid":{"rendered":"https:\/\/roveyayinevi.com.tr\/index.php\/urun\/duduklu-tencere\/"},"modified":"2026-04-16T03:03:30","modified_gmt":"2026-04-16T00:03:30","slug":"duduklu-tencere","status":"publish","type":"product","link":"https:\/\/roveyayinevi.com.tr\/index.php\/urun\/duduklu-tencere\/","title":{"rendered":"D\u00fcd\u00fckl\u00fc Tencere"},"content":{"rendered":"<p>Ya\u015famak istiyorum Ya\u015famak istiyorsun Ya\u015famak istiyor   B\u00f6yle \u015fiir olmaz, diyeceksin; biliyorum. Ama b\u00f6yle d\u00fcnya olur mu? B\u00f6yle bar\u0131\u015f olur mu? B\u00f6yle h\u00fcrriyet olur mu? B\u00f6yle karde\u015flik olur mu? Biliyorum ki, katlan\u0131ver, diyeceksin; Ama b\u00f6yle de ya\u015famak olur mu! <\/p>\n","protected":false},"excerpt":{"rendered":"<p>Ya\u015famak istiyorum Ya\u015famak istiyorsun Ya\u015famak istiyor B\u00f6yle \u015fiir olmaz, diyeceksin; biliyorum. Ama b\u00f6yle d\u00fcnya olur mu? B\u00f6yle bar\u0131\u015f olur mu? B\u00f6yle h\u00fcrriyet olur mu? B\u00f6yle karde\u015flik<span class=\"excerpt-hellip\"> [\u2026]<\/span><\/p>\n","protected":false},"featured_media":0,"template":"","meta":{"_monsterinsights_skip_tracking":false,"_monsterinsights_sitenote_active":false,"_monsterinsights_sitenote_note":"","_monsterinsights_sitenote_category":0},"product_brand":[],"product_cat":[12291,12509],"product_tag":[],"class_list":{"0":"post-749980","1":"product","2":"type-product","3":"status-publish","5":"product_cat-edebiyat","6":"product_cat-siir","7":"pa_cilt-ciltsiz","8":"pa_tur-kitap","9":"pa_yayinevi-yapi-kredi-yayinlari","10":"pa_yazar-metin-eloglu","12":"first","13":"instock","14":"sale","15":"shipping-taxable","16":"purchasable","17":"product-type-simple"},"_links":{"self":[{"href":"https:\/\/roveyayinevi.com.tr\/index.php\/wp-json\/wp\/v2\/product\/749980","targetHints":{"allow":["GET"]}}],"collection":[{"href":"https:\/\/roveyayinevi.com.tr\/index.php\/wp-json\/wp\/v2\/product"}],"about":[{"href":"https:\/\/roveyayinevi.com.tr\/index.php\/wp-json\/wp\/v2\/types\/product"}],"wp:attachment":[{"href":"https:\/\/roveyayinevi.com.tr\/index.php\/wp-json\/wp\/v2\/media?parent=749980"}],"wp:term":[{"taxonomy":"product_brand","embeddable":true,"href":"https:\/\/roveyayinevi.com.tr\/index.php\/wp-json\/wp\/v2\/product_brand?post=749980"},{"taxonomy":"product_cat","embeddable":true,"href":"https:\/\/roveyayinevi.com.tr\/index.php\/wp-json\/wp\/v2\/product_cat?post=749980"},{"taxonomy":"product_tag","embeddable":true,"href":"https:\/\/roveyayinevi.com.tr\/index.php\/wp-json\/wp\/v2\/product_tag?post=749980"}],"curies":[{"name":"wp","href":"https:\/\/api.w.org\/{rel}","templated":true}]}}