{"id":749973,"date":"2025-08-28T04:09:00","date_gmt":"2025-08-28T01:09:00","guid":{"rendered":"https:\/\/roveyayinevi.com.tr\/index.php\/urun\/uc-kardesin-kitabi\/"},"modified":"2026-04-16T03:03:30","modified_gmt":"2026-04-16T00:03:30","slug":"uc-kardesin-kitabi","status":"publish","type":"product","link":"https:\/\/roveyayinevi.com.tr\/index.php\/urun\/uc-kardesin-kitabi\/","title":{"rendered":"\u00dc\u00e7 Karde\u015fin Kitab\u0131"},"content":{"rendered":"<p>&#8221;Sevgili g\u00fcnl\u00fck, bug\u00fcn hi\u00e7 \u00f6nemli bir \u015fey olmad\u0131. Ama \u00f6nemsiz \u015feyler g\u00fcnl\u00fc\u011fe yaz\u0131lmaz diye bir kural yok. Ya\u015fas\u0131n \u00f6nemsiz \u015feyler!&#8221; Cansu, Caner ve Utku&#8230; \u00dc\u00e7 afacan karde\u015f i\u00e7in her g\u00fcn yeni bir macera! \u00d6nemli ya da \u00f6nemsiz ya\u015fanan her \u015fey, g\u00fcnl\u00fc\u011fe yaz\u0131lmas\u0131 gereken ho\u015f bir hat\u0131ra. G\u00fcn\u00fcn s\u00fcrprizi ister oltan\u0131n ucunda bir kedi, ister plajda par\u0131l par\u0131l parlayan alt\u0131n bir y\u00fcz\u00fck olsun; karde\u015ften de\u011ferlisi yok \u015fu d\u00fcnyada. Ah, hele ailelerine yeni kat\u0131lan patili karde\u015fleri Mi\u015fa yok mu, onun sevgisiyle bundan b\u00f6yle evlerinde ne dert kalacak ne de tasa!   \u00dc\u00e7 karde\u015fin, g\u00fcnl\u00fcklerinde en be\u011fendikleri b\u00f6l\u00fcmleri \u00f6yk\u00fc tad\u0131nda yeniden yazma fikrinden do\u011fan bu curcunas\u0131 bol kitap, \u00e7ocuklu\u011fun g\u00fclen y\u00fcz\u00fcyle ne\u015fe sa\u00e7an, k\u0131p\u0131r k\u0131p\u0131r bir anlat\u0131 sunuyor. \u0130ddia ediyoruz; \u00dc\u00e7 Karde\u015fin Kitab\u0131&#8217;n\u0131 okuduktan sonra i\u00e7inizde tarifsiz bir d\u00f6rd\u00fcnc\u00fc karde\u015f olma iste\u011fi do\u011facak! Bizden s\u00f6ylemesi&#8230;<\/p>\n","protected":false},"excerpt":{"rendered":"<p>&#8221;Sevgili g\u00fcnl\u00fck, bug\u00fcn hi\u00e7 \u00f6nemli bir \u015fey olmad\u0131. Ama \u00f6nemsiz \u015feyler g\u00fcnl\u00fc\u011fe yaz\u0131lmaz diye bir kural yok. Ya\u015fas\u0131n \u00f6nemsiz \u015feyler!&#8221; Cansu, Caner ve Utku&#8230; \u00dc\u00e7 afacan<span class=\"excerpt-hellip\"> [\u2026]<\/span><\/p>\n","protected":false},"featured_media":0,"template":"","meta":{"_monsterinsights_skip_tracking":false,"_monsterinsights_sitenote_active":false,"_monsterinsights_sitenote_note":"","_monsterinsights_sitenote_category":0},"product_brand":[],"product_cat":[12275,12274],"product_tag":[],"class_list":{"0":"post-749973","1":"product","2":"type-product","3":"status-publish","5":"product_cat-6-12-yas-kitaplari","6":"product_cat-cocuk-ve-genclik-kitaplari","7":"pa_cilt-ciltsiz","8":"pa_tur-kitap","9":"pa_yayinevi-tudem-yayinlari","10":"pa_yazar-miyase-sertbarut","12":"first","13":"instock","14":"sale","15":"shipping-taxable","16":"purchasable","17":"product-type-simple"},"_links":{"self":[{"href":"https:\/\/roveyayinevi.com.tr\/index.php\/wp-json\/wp\/v2\/product\/749973","targetHints":{"allow":["GET"]}}],"collection":[{"href":"https:\/\/roveyayinevi.com.tr\/index.php\/wp-json\/wp\/v2\/product"}],"about":[{"href":"https:\/\/roveyayinevi.com.tr\/index.php\/wp-json\/wp\/v2\/types\/product"}],"wp:attachment":[{"href":"https:\/\/roveyayinevi.com.tr\/index.php\/wp-json\/wp\/v2\/media?parent=749973"}],"wp:term":[{"taxonomy":"product_brand","embeddable":true,"href":"https:\/\/roveyayinevi.com.tr\/index.php\/wp-json\/wp\/v2\/product_brand?post=749973"},{"taxonomy":"product_cat","embeddable":true,"href":"https:\/\/roveyayinevi.com.tr\/index.php\/wp-json\/wp\/v2\/product_cat?post=749973"},{"taxonomy":"product_tag","embeddable":true,"href":"https:\/\/roveyayinevi.com.tr\/index.php\/wp-json\/wp\/v2\/product_tag?post=749973"}],"curies":[{"name":"wp","href":"https:\/\/api.w.org\/{rel}","templated":true}]}}