{"id":749962,"date":"2025-08-28T04:08:46","date_gmt":"2025-08-28T01:08:46","guid":{"rendered":"https:\/\/roveyayinevi.com.tr\/index.php\/urun\/etkin-devlet-ve-ekonomik-gelisme\/"},"modified":"2026-04-16T03:03:30","modified_gmt":"2026-04-16T00:03:30","slug":"etkin-devlet-ve-ekonomik-gelisme","status":"publish","type":"product","link":"https:\/\/roveyayinevi.com.tr\/index.php\/urun\/etkin-devlet-ve-ekonomik-gelisme\/","title":{"rendered":"Etkin Devlet ve Ekonomik Geli\u015fme"},"content":{"rendered":"<p>K\u00fcresel geli\u015fmeler sonucunda devletin ekonomideki i\u015flevinin azalaca\u011f\u0131 hatta ulusal \u00f6l\u00e7ekteki devletin yerel ve k\u00fcresel sorunlar\u0131n \u00e7\u00f6z\u00fcm\u00fcnde etkisiz kald\u0131\u011f\u0131\/kalaca\u011f\u0131 d\u00fc\u015f\u00fcncesinden hareketle, uluslararas\u0131 kurulu\u015flar\u0131n ekomide devlet m\u00fcdahalesinin azalt\u0131lmas\u0131, ticaretin ve sermayenin serbestle\u015ftirilmesini \u00f6nermelerine kar\u015f\u0131l\u0131k \u00f6zellikle geli\u015fmi\u015f \u00fclkeler \u00f6zel sekt\u00f6rlerini kamu politikalar\u0131yle desteklemekte, korumac\u0131l\u0131ktan vazge\u00e7memektedirler.G\u00fcn\u00fcm\u00fczde devletin rol\u00fc ge\u00e7mi\u015f y\u00fczy\u0131llara g\u00f6re \u00e7ok daha \u00f6nemli bir hal alm\u0131\u015ft\u0131r. Devletin, ulusal savunma\/altyap\u0131 yat\u0131r\u0131mlar\u0131n\u0131n yap\u0131lmas\u0131, ihracat\u0131n\/Kobi&#8217;lerin Arge faaliyetlerinin desteklenmesi, piyasalar\u0131n d\u00fczenlenmesi\/denetlenmesi, d\u00fcnya ekonomisinin i\u00e7ine girdi\u011fi amans\u0131z rekabette ulusal ekonomiyi ve vatanda\u015flar\u0131n\u0131 korumas\u0131 \u00e7a\u011f\u0131m\u0131z\u0131n yeni bir olgusudur. <\/p>\n","protected":false},"excerpt":{"rendered":"<p>K\u00fcresel geli\u015fmeler sonucunda devletin ekonomideki i\u015flevinin azalaca\u011f\u0131 hatta ulusal \u00f6l\u00e7ekteki devletin yerel ve k\u00fcresel sorunlar\u0131n \u00e7\u00f6z\u00fcm\u00fcnde etkisiz kald\u0131\u011f\u0131\/kalaca\u011f\u0131 d\u00fc\u015f\u00fcncesinden hareketle, uluslararas\u0131 kurulu\u015flar\u0131n ekomide devlet m\u00fcdahalesinin azalt\u0131lmas\u0131,<span class=\"excerpt-hellip\"> [\u2026]<\/span><\/p>\n","protected":false},"featured_media":0,"template":"","meta":{"_monsterinsights_skip_tracking":false,"_monsterinsights_sitenote_active":false,"_monsterinsights_sitenote_note":"","_monsterinsights_sitenote_category":0},"product_brand":[],"product_cat":[12337],"product_tag":[],"class_list":{"0":"post-749962","1":"product","2":"type-product","3":"status-publish","5":"product_cat-politika-siyaset","6":"pa_cilt-ciltsiz","7":"pa_tur-kitap","8":"pa_yayinevi-odak-yayinevi","9":"pa_yazar-halit-yanikkaya-ramazan-gokbunar","11":"first","12":"instock","13":"sale","14":"shipping-taxable","15":"purchasable","16":"product-type-simple"},"_links":{"self":[{"href":"https:\/\/roveyayinevi.com.tr\/index.php\/wp-json\/wp\/v2\/product\/749962","targetHints":{"allow":["GET"]}}],"collection":[{"href":"https:\/\/roveyayinevi.com.tr\/index.php\/wp-json\/wp\/v2\/product"}],"about":[{"href":"https:\/\/roveyayinevi.com.tr\/index.php\/wp-json\/wp\/v2\/types\/product"}],"wp:attachment":[{"href":"https:\/\/roveyayinevi.com.tr\/index.php\/wp-json\/wp\/v2\/media?parent=749962"}],"wp:term":[{"taxonomy":"product_brand","embeddable":true,"href":"https:\/\/roveyayinevi.com.tr\/index.php\/wp-json\/wp\/v2\/product_brand?post=749962"},{"taxonomy":"product_cat","embeddable":true,"href":"https:\/\/roveyayinevi.com.tr\/index.php\/wp-json\/wp\/v2\/product_cat?post=749962"},{"taxonomy":"product_tag","embeddable":true,"href":"https:\/\/roveyayinevi.com.tr\/index.php\/wp-json\/wp\/v2\/product_tag?post=749962"}],"curies":[{"name":"wp","href":"https:\/\/api.w.org\/{rel}","templated":true}]}}