{"id":749956,"date":"2025-08-28T04:08:39","date_gmt":"2025-08-28T01:08:39","guid":{"rendered":"https:\/\/roveyayinevi.com.tr\/index.php\/urun\/kamu-yonetimi-3\/"},"modified":"2026-04-16T03:03:29","modified_gmt":"2026-04-16T00:03:29","slug":"kamu-yonetimi-3","status":"publish","type":"product","link":"https:\/\/roveyayinevi.com.tr\/index.php\/urun\/kamu-yonetimi-3\/","title":{"rendered":"Kamu Y\u00f6netimi"},"content":{"rendered":"<p>\u0130\u00e7indekiler :     B\u0130R\u0130NC\u0130 B\u00d6L\u00dcM MODERN Y\u00d6NET\u0130M TEOR\u0130S\u0130   \u0130K\u0130NC\u0130 B\u00d6L\u00dcM YEN\u0130 \u00d6RG\u00dcT KURAMLARI   \u00dc\u00c7\u00dcNC\u00dc B\u00d6L\u00dcM YEN\u0130 KAMU Y\u00d6NET\u0130M\u0130   D\u00d6RD\u00dcNC\u00dc B\u00d6L\u00dcM Y\u00d6NET\u0130\u015e\u0130M   BE\u015e\u0130NC\u0130 B\u00d6L\u00dcM STRATEJ\u0130K Y\u00d6NET\u0130M VE PLANLAMA   ALTINCI B\u00d6L\u00dcM TEKNOLOJ\u0130K KAMU Y\u00d6NET\u0130M\u0130   YED\u0130NC\u0130 B\u00d6L\u00dcM PERFORMANS VE S\u00dcRE\u00c7 Y\u00d6NET\u0130M\u0130   SEK\u0130Z\u0130NC\u0130 B\u00d6L\u00dcM KR\u0130Z VE AFET Y\u00d6NET\u0130M\u0130   DOKUZUNCU B\u00d6L\u00dcM K\u00dcRESEL KAMU Y\u00d6NET\u0130M\u0130     ONUNCU B\u00d6L\u00dcM AVRUPA B\u0130RL\u0130\u011e\u0130 VE KAMU Y\u00d6NET\u0130M\u0130   ONB\u0130R\u0130NC\u0130 B\u00d6L\u00dcM YEN\u0130 KAMU H\u0130ZMET\u0130 ANLAYI\u015eI VE KAMU \u00d6ZEL ORTAKLIKLARI   ON\u0130K\u0130NC\u0130 B\u00d6L\u00dcM POSTMODERN KAMU Y\u00d6NET\u0130M\u0130 <\/p>\n","protected":false},"excerpt":{"rendered":"<p>\u0130\u00e7indekiler : B\u0130R\u0130NC\u0130 B\u00d6L\u00dcM MODERN Y\u00d6NET\u0130M TEOR\u0130S\u0130 \u0130K\u0130NC\u0130 B\u00d6L\u00dcM YEN\u0130 \u00d6RG\u00dcT KURAMLARI \u00dc\u00c7\u00dcNC\u00dc B\u00d6L\u00dcM YEN\u0130 KAMU Y\u00d6NET\u0130M\u0130 D\u00d6RD\u00dcNC\u00dc B\u00d6L\u00dcM Y\u00d6NET\u0130\u015e\u0130M BE\u015e\u0130NC\u0130 B\u00d6L\u00dcM STRATEJ\u0130K Y\u00d6NET\u0130M VE PLANLAMA<span class=\"excerpt-hellip\"> [\u2026]<\/span><\/p>\n","protected":false},"featured_media":0,"template":"","meta":{"_monsterinsights_skip_tracking":false,"_monsterinsights_sitenote_active":false,"_monsterinsights_sitenote_note":"","_monsterinsights_sitenote_category":0},"product_brand":[],"product_cat":[12573,12566],"product_tag":[],"class_list":{"0":"post-749956","1":"product","2":"type-product","3":"status-publish","5":"product_cat-akademik-kitaplar","6":"product_cat-egitim","7":"pa_cilt-ciltsiz","8":"pa_tur-kitap","9":"pa_yayinevi-gazi-kitabevi","10":"pa_yazar-hasan-yayli-mehmet-akif-ozer-murat-akcakaya","12":"first","13":"instock","14":"sale","15":"shipping-taxable","16":"purchasable","17":"product-type-simple"},"_links":{"self":[{"href":"https:\/\/roveyayinevi.com.tr\/index.php\/wp-json\/wp\/v2\/product\/749956","targetHints":{"allow":["GET"]}}],"collection":[{"href":"https:\/\/roveyayinevi.com.tr\/index.php\/wp-json\/wp\/v2\/product"}],"about":[{"href":"https:\/\/roveyayinevi.com.tr\/index.php\/wp-json\/wp\/v2\/types\/product"}],"wp:attachment":[{"href":"https:\/\/roveyayinevi.com.tr\/index.php\/wp-json\/wp\/v2\/media?parent=749956"}],"wp:term":[{"taxonomy":"product_brand","embeddable":true,"href":"https:\/\/roveyayinevi.com.tr\/index.php\/wp-json\/wp\/v2\/product_brand?post=749956"},{"taxonomy":"product_cat","embeddable":true,"href":"https:\/\/roveyayinevi.com.tr\/index.php\/wp-json\/wp\/v2\/product_cat?post=749956"},{"taxonomy":"product_tag","embeddable":true,"href":"https:\/\/roveyayinevi.com.tr\/index.php\/wp-json\/wp\/v2\/product_tag?post=749956"}],"curies":[{"name":"wp","href":"https:\/\/api.w.org\/{rel}","templated":true}]}}