{"id":749946,"date":"2025-08-28T04:08:24","date_gmt":"2025-08-28T01:08:24","guid":{"rendered":"https:\/\/roveyayinevi.com.tr\/index.php\/urun\/cocuklar-icin-sudoku-3-seviye-2\/"},"modified":"2026-04-16T03:03:29","modified_gmt":"2026-04-16T00:03:29","slug":"cocuklar-icin-sudoku-3-seviye-2","status":"publish","type":"product","link":"https:\/\/roveyayinevi.com.tr\/index.php\/urun\/cocuklar-icin-sudoku-3-seviye-2\/","title":{"rendered":"\u00c7ocuklar \u0130\u00e7in Sudoku 3.Seviye"},"content":{"rendered":"<p>Sudoku kitaplar\u0131nda her bir g\u00f6rsel,tek bir sat\u0131r ve tek bir s\u00fctun sadece bir defa kullan\u0131labilmektedir. Sudoku \u00e7ocuklarda hem odaklanmay\u0131 hem de stratejik d\u00fc\u015f\u00fcnebilme yetisini a\u015f\u0131lamaktad\u0131r. K\u00fc\u00e7\u00fck ya\u015flardaki \u00e7ocuklar\u0131n beyinsel geli\u015fimi i\u00e7in sudoku \u00e7\u00f6zmeleri \u00f6nerilmektedir.   <\/p>\n","protected":false},"excerpt":{"rendered":"<p>Sudoku kitaplar\u0131nda her bir g\u00f6rsel,tek bir sat\u0131r ve tek bir s\u00fctun sadece bir defa kullan\u0131labilmektedir. Sudoku \u00e7ocuklarda hem odaklanmay\u0131 hem de stratejik d\u00fc\u015f\u00fcnebilme yetisini a\u015f\u0131lamaktad\u0131r. K\u00fc\u00e7\u00fck<span class=\"excerpt-hellip\"> [\u2026]<\/span><\/p>\n","protected":false},"featured_media":0,"template":"","meta":{"_monsterinsights_skip_tracking":false,"_monsterinsights_sitenote_active":false,"_monsterinsights_sitenote_note":"","_monsterinsights_sitenote_category":0},"product_brand":[],"product_cat":[12274,15842],"product_tag":[],"class_list":{"0":"post-749946","1":"product","2":"type-product","3":"status-publish","5":"product_cat-cocuk-ve-genclik-kitaplari","6":"product_cat-egitici-kitaplar","7":"pa_cilt-ciltsiz","8":"pa_tur-kitap10","9":"pa_yayinevi-bookalemun-yayinevi","10":"pa_yazar-kolektif","12":"first","13":"instock","14":"sale","15":"shipping-taxable","16":"purchasable","17":"product-type-simple"},"_links":{"self":[{"href":"https:\/\/roveyayinevi.com.tr\/index.php\/wp-json\/wp\/v2\/product\/749946","targetHints":{"allow":["GET"]}}],"collection":[{"href":"https:\/\/roveyayinevi.com.tr\/index.php\/wp-json\/wp\/v2\/product"}],"about":[{"href":"https:\/\/roveyayinevi.com.tr\/index.php\/wp-json\/wp\/v2\/types\/product"}],"wp:attachment":[{"href":"https:\/\/roveyayinevi.com.tr\/index.php\/wp-json\/wp\/v2\/media?parent=749946"}],"wp:term":[{"taxonomy":"product_brand","embeddable":true,"href":"https:\/\/roveyayinevi.com.tr\/index.php\/wp-json\/wp\/v2\/product_brand?post=749946"},{"taxonomy":"product_cat","embeddable":true,"href":"https:\/\/roveyayinevi.com.tr\/index.php\/wp-json\/wp\/v2\/product_cat?post=749946"},{"taxonomy":"product_tag","embeddable":true,"href":"https:\/\/roveyayinevi.com.tr\/index.php\/wp-json\/wp\/v2\/product_tag?post=749946"}],"curies":[{"name":"wp","href":"https:\/\/api.w.org\/{rel}","templated":true}]}}