{"id":749935,"date":"2025-08-28T04:08:08","date_gmt":"2025-08-28T01:08:08","guid":{"rendered":"https:\/\/roveyayinevi.com.tr\/index.php\/urun\/yeme-bozukluklari-icin-sema-terapi\/"},"modified":"2026-04-16T03:03:29","modified_gmt":"2026-04-16T00:03:29","slug":"yeme-bozukluklari-icin-sema-terapi","status":"publish","type":"product","link":"https:\/\/roveyayinevi.com.tr\/index.php\/urun\/yeme-bozukluklari-icin-sema-terapi\/","title":{"rendered":"Yeme Bozukluklar\u0131 i\u00e7in \u015eema Terapi"},"content":{"rendered":"<p>\u2018Yeme Bozukluklar\u0131 i\u00e7in \u015eema Terapi\u2019 klinisyenlere \u015fema modelini yeme patolojisi olanlara sunma konusunda rehberlik eden ve devam\u0131nda da bu yakla\u015f\u0131mla tedaviye ili\u015fkin daha fazla klinik ara\u015ft\u0131rma yapmay\u0131 te\u015fvik eden, t\u00fcr\u00fcn\u00fcn ilk kitab\u0131d\u0131r. \u00d6nde gelen \u015fema terapi uzmanlar\u0131ndan olu\u015fan uluslararas\u0131 bir ekip taraf\u0131ndan yaz\u0131lan ve Wendy Behary ile \u015eema Terapi\u2019nin kurucusu Jeffrey Young\u2019\u0131n \u00f6ns\u00f6z\u00fcn\u00fc i\u00e7eren bu kitap, onlar\u0131n klinik bilgi ve ara\u015ft\u0131rma deneyimlerinden yararlanmaktad\u0131r. Kapsaml\u0131 ve pratik olan bu kitap, \u015eema Terapi i\u00e7in h\u0131zla b\u00fcy\u00fcyen kan\u0131ta dayal\u0131 temeli tan\u0131t\u0131yor, bu modelin yeme bozuklu\u011fu tan\u0131 gruplar\u0131nda uygulan\u0131\u015f\u0131n\u0131 \u00f6zetleyip pratik noktalar\u0131, ortak zorluklar\u0131 ve terap\u00f6tik s\u00fcreci ara\u015ft\u0131r\u0131yor. Kitap, terapist- dan\u0131\u015fan \u015fema kimyas\u0131 ve aktar\u0131mla \u00e7al\u0131\u015fmak i\u00e7in ayr\u0131nt\u0131l\u0131 vaka \u00f6rnekleri i\u00e7eriyor. Ayr\u0131ca zorlu ve genellikle uzun vadeli \u00e7al\u0131\u015fma kar\u015f\u0131s\u0131nda terapistin \u00f6zbak\u0131m\u0131n\u0131 sa\u011flama y\u00f6ntemlerini anahatlar\u0131yla belirtiyor. Yeme bozukluklar\u0131n\u0131n tedavisine y\u00f6nelik yenilik\u00e7i ve eri\u015filebilir bu yeni bak\u0131\u015f, bu alandaki klinisyenler i\u00e7in paha bi\u00e7ilmez bir kaynak olacakt\u0131r. <\/p>\n","protected":false},"excerpt":{"rendered":"<p>\u2018Yeme Bozukluklar\u0131 i\u00e7in \u015eema Terapi\u2019 klinisyenlere \u015fema modelini yeme patolojisi olanlara sunma konusunda rehberlik eden ve devam\u0131nda da bu yakla\u015f\u0131mla tedaviye ili\u015fkin daha fazla klinik ara\u015ft\u0131rma<span class=\"excerpt-hellip\"> [\u2026]<\/span><\/p>\n","protected":false},"featured_media":0,"template":"","meta":{"_monsterinsights_skip_tracking":false,"_monsterinsights_sitenote_active":false,"_monsterinsights_sitenote_note":"","_monsterinsights_sitenote_category":0},"product_brand":[],"product_cat":[20502,12357],"product_tag":[],"class_list":{"0":"post-749935","1":"product","2":"type-product","3":"status-publish","5":"product_cat-basvuru-kitaplari-psikoloji","6":"product_cat-psikoloji","7":"pa_cilt-ciltsiz","8":"pa_tur-kitap","9":"pa_yayinevi-psikonet-yayinlari","10":"pa_yazar-susan-simpson-evelyn-smith","12":"first","13":"instock","14":"sale","15":"shipping-taxable","16":"purchasable","17":"product-type-simple"},"_links":{"self":[{"href":"https:\/\/roveyayinevi.com.tr\/index.php\/wp-json\/wp\/v2\/product\/749935","targetHints":{"allow":["GET"]}}],"collection":[{"href":"https:\/\/roveyayinevi.com.tr\/index.php\/wp-json\/wp\/v2\/product"}],"about":[{"href":"https:\/\/roveyayinevi.com.tr\/index.php\/wp-json\/wp\/v2\/types\/product"}],"wp:attachment":[{"href":"https:\/\/roveyayinevi.com.tr\/index.php\/wp-json\/wp\/v2\/media?parent=749935"}],"wp:term":[{"taxonomy":"product_brand","embeddable":true,"href":"https:\/\/roveyayinevi.com.tr\/index.php\/wp-json\/wp\/v2\/product_brand?post=749935"},{"taxonomy":"product_cat","embeddable":true,"href":"https:\/\/roveyayinevi.com.tr\/index.php\/wp-json\/wp\/v2\/product_cat?post=749935"},{"taxonomy":"product_tag","embeddable":true,"href":"https:\/\/roveyayinevi.com.tr\/index.php\/wp-json\/wp\/v2\/product_tag?post=749935"}],"curies":[{"name":"wp","href":"https:\/\/api.w.org\/{rel}","templated":true}]}}