{"id":749913,"date":"2025-08-28T04:07:39","date_gmt":"2025-08-28T01:07:39","guid":{"rendered":"https:\/\/roveyayinevi.com.tr\/index.php\/urun\/ciftlik-boyama\/"},"modified":"2026-04-16T03:03:29","modified_gmt":"2026-04-16T00:03:29","slug":"ciftlik-boyama","status":"publish","type":"product","link":"https:\/\/roveyayinevi.com.tr\/index.php\/urun\/ciftlik-boyama\/","title":{"rendered":"\u00c7iftlik Boyama"},"content":{"rendered":"<p>Her bir boyama sayfas\u0131nda ilgili resmin \u0130ngilizce ve T\u00fcrk\u00e7e isimleri bulunuyor. Bu kelimeleri ister tek ba\u015f\u0131na ister annen veya babanla tekrar edebilirsin. Dilersen boyad\u0131ktan sonra ailenin yard\u0131m\u0131yla resimleri g\u00f6rebilece\u011fin bir yere asabilirsin, b\u00f6ylece isimleri peki\u015ftirmen daha kolay olacakt\u0131r!<\/p>\n","protected":false},"excerpt":{"rendered":"<p>Her bir boyama sayfas\u0131nda ilgili resmin \u0130ngilizce ve T\u00fcrk\u00e7e isimleri bulunuyor. Bu kelimeleri ister tek ba\u015f\u0131na ister annen veya babanla tekrar edebilirsin. Dilersen boyad\u0131ktan sonra ailenin<span class=\"excerpt-hellip\"> [\u2026]<\/span><\/p>\n","protected":false},"featured_media":0,"template":"","meta":{"_monsterinsights_skip_tracking":false,"_monsterinsights_sitenote_active":false,"_monsterinsights_sitenote_note":"","_monsterinsights_sitenote_category":0},"product_brand":[],"product_cat":[12644,12274],"product_tag":[],"class_list":{"0":"post-749913","1":"product","2":"type-product","3":"status-publish","5":"product_cat-boyama-kitaplari","6":"product_cat-cocuk-ve-genclik-kitaplari","7":"pa_cilt-ciltsiz","8":"pa_tur-kitap","9":"pa_yayinevi-cocuk-gelisimi-yayinlari","10":"pa_yazar-kolektif","12":"first","13":"instock","14":"sale","15":"shipping-taxable","16":"purchasable","17":"product-type-simple"},"_links":{"self":[{"href":"https:\/\/roveyayinevi.com.tr\/index.php\/wp-json\/wp\/v2\/product\/749913","targetHints":{"allow":["GET"]}}],"collection":[{"href":"https:\/\/roveyayinevi.com.tr\/index.php\/wp-json\/wp\/v2\/product"}],"about":[{"href":"https:\/\/roveyayinevi.com.tr\/index.php\/wp-json\/wp\/v2\/types\/product"}],"wp:attachment":[{"href":"https:\/\/roveyayinevi.com.tr\/index.php\/wp-json\/wp\/v2\/media?parent=749913"}],"wp:term":[{"taxonomy":"product_brand","embeddable":true,"href":"https:\/\/roveyayinevi.com.tr\/index.php\/wp-json\/wp\/v2\/product_brand?post=749913"},{"taxonomy":"product_cat","embeddable":true,"href":"https:\/\/roveyayinevi.com.tr\/index.php\/wp-json\/wp\/v2\/product_cat?post=749913"},{"taxonomy":"product_tag","embeddable":true,"href":"https:\/\/roveyayinevi.com.tr\/index.php\/wp-json\/wp\/v2\/product_tag?post=749913"}],"curies":[{"name":"wp","href":"https:\/\/api.w.org\/{rel}","templated":true}]}}