{"id":749910,"date":"2025-08-28T04:07:36","date_gmt":"2025-08-28T01:07:36","guid":{"rendered":"https:\/\/roveyayinevi.com.tr\/index.php\/urun\/yalin-girisim-fikrinizi-basariya-donusturun\/"},"modified":"2026-04-16T03:03:28","modified_gmt":"2026-04-16T00:03:28","slug":"yalin-girisim-fikrinizi-basariya-donusturun","status":"publish","type":"product","link":"https:\/\/roveyayinevi.com.tr\/index.php\/urun\/yalin-girisim-fikrinizi-basariya-donusturun\/","title":{"rendered":"Yal\u0131n Giri\u015fim: Fikrinizi Ba\u015far\u0131ya D\u00f6n\u00fc\u015ft\u00fcr\u00fcn"},"content":{"rendered":"<p>\u201cHayat, kimsenin istemedi\u011fi bir \u015fey \u00fcretmek i\u00e7in \u00e7ok k\u0131sa.\u201d   \u0130novasyon i\u00e7in benzersiz f\u0131rsatlar\u0131n oldu\u011fu bir \u00e7a\u011fda ya\u015f\u0131yoruz. Her zamankinden daha fazla \u00fcr\u00fcn \u00fcretiyoruz, ancak pek \u00e7o\u011fu ba\u015far\u0131s\u0131z oluyor. Bunun nedeni \u00fcretmek istedi\u011fimiz \u015feylerin sonunu getiremememiz de\u011fil, zaman\u0131m\u0131z\u0131, param\u0131z\u0131 ve \u00e7abam\u0131z\u0131 asl\u0131nda yanl\u0131\u015f \u00fcr\u00fcnlerin \u00fcretimine harcamam\u0131z. Bu durumda bize gerekense, \u00fcr\u00fcn fikirlerini h\u0131zl\u0131ca g\u00f6zden ge\u00e7irip elememizi sa\u011flayacak ve bu sayede ba\u015far\u0131 \u015fans\u0131m\u0131z\u0131 art\u0131racak sistematik bir s\u00fcre\u00e7. \u0130\u015fte Yal\u0131n Giri\u015fim\u2019in vaadi de tam olarak bu!    Ash Maurya, acemi giri\u015fiminiz i\u00e7in i\u015f modeli tasar\u0131m\u0131 ve tasar\u0131m odakl\u0131 d\u00fc\u015f\u00fcnme gibi yenilik\u00e7i y\u00f6ntemleri anla\u015f\u0131l\u0131r bir dille sunarak yeni bir giri\u015fim fikri bulma a\u015famas\u0131ndan devam\u0131nda i\u015fleyen bir model kurmaya kadar t\u00fcm s\u00fcre\u00e7leri ad\u0131m ad\u0131m ortaya koyuyor.    Yal\u0131n Giri\u015fim, giri\u015fimcili\u011fe dair yerle\u015fik fikirlerinizden kurtulman\u0131z\u0131 sa\u011flayacak ve fikrinizi denemek, s\u00fcre\u00e7teki \u00f6nemli kilometre ta\u015flar\u0131n\u0131 belirlemek, ekibinizin \u00e7al\u0131\u015fma kapasitesini en \u00fcst d\u00fczeye \u00e7\u0131karmak, do\u011fru zamanda do\u011fru aksiyonu almak gibi pek \u00e7ok i\u015fi daha kolay hale getirecek.    \u201cSeri giri\u015fimciler ve ilk kez bir i\u015f kuranlar i\u00e7in ispatlanm\u0131\u015f teknikler i\u00e7eren, \u00e7ok de\u011ferli bir kaynak.\u201d \u2014Sean Ellis, B\u00fcy\u00fcmenin \u015eifresini \u00c7\u00f6zmek kitab\u0131n\u0131n yazar\u0131 <\/p>\n","protected":false},"excerpt":{"rendered":"<p>\u201cHayat, kimsenin istemedi\u011fi bir \u015fey \u00fcretmek i\u00e7in \u00e7ok k\u0131sa.\u201d \u0130novasyon i\u00e7in benzersiz f\u0131rsatlar\u0131n oldu\u011fu bir \u00e7a\u011fda ya\u015f\u0131yoruz. Her zamankinden daha fazla \u00fcr\u00fcn \u00fcretiyoruz, ancak pek \u00e7o\u011fu<span class=\"excerpt-hellip\"> [\u2026]<\/span><\/p>\n","protected":false},"featured_media":0,"template":"","meta":{"_monsterinsights_skip_tracking":false,"_monsterinsights_sitenote_active":false,"_monsterinsights_sitenote_note":"","_monsterinsights_sitenote_category":0},"product_brand":[],"product_cat":[13043,17647],"product_tag":[],"class_list":{"0":"post-749910","1":"product","2":"type-product","3":"status-publish","5":"product_cat-ekonomi","6":"product_cat-is-dunyasi","7":"pa_cilt-ciltsiz","8":"pa_tur-kitap","9":"pa_yayinevi-nova-kitap","10":"pa_yazar-ash-maurya","12":"first","13":"instock","14":"sale","15":"shipping-taxable","16":"purchasable","17":"product-type-simple"},"_links":{"self":[{"href":"https:\/\/roveyayinevi.com.tr\/index.php\/wp-json\/wp\/v2\/product\/749910","targetHints":{"allow":["GET"]}}],"collection":[{"href":"https:\/\/roveyayinevi.com.tr\/index.php\/wp-json\/wp\/v2\/product"}],"about":[{"href":"https:\/\/roveyayinevi.com.tr\/index.php\/wp-json\/wp\/v2\/types\/product"}],"wp:attachment":[{"href":"https:\/\/roveyayinevi.com.tr\/index.php\/wp-json\/wp\/v2\/media?parent=749910"}],"wp:term":[{"taxonomy":"product_brand","embeddable":true,"href":"https:\/\/roveyayinevi.com.tr\/index.php\/wp-json\/wp\/v2\/product_brand?post=749910"},{"taxonomy":"product_cat","embeddable":true,"href":"https:\/\/roveyayinevi.com.tr\/index.php\/wp-json\/wp\/v2\/product_cat?post=749910"},{"taxonomy":"product_tag","embeddable":true,"href":"https:\/\/roveyayinevi.com.tr\/index.php\/wp-json\/wp\/v2\/product_tag?post=749910"}],"curies":[{"name":"wp","href":"https:\/\/api.w.org\/{rel}","templated":true}]}}