{"id":749904,"date":"2025-08-28T04:07:26","date_gmt":"2025-08-28T01:07:26","guid":{"rendered":"https:\/\/roveyayinevi.com.tr\/index.php\/urun\/memnun-kalirsin\/"},"modified":"2026-04-16T03:03:28","modified_gmt":"2026-04-16T00:03:28","slug":"memnun-kalirsin","status":"publish","type":"product","link":"https:\/\/roveyayinevi.com.tr\/index.php\/urun\/memnun-kalirsin\/","title":{"rendered":"Memnun Kal\u0131rs\u0131n"},"content":{"rendered":"<p>\u201cBir gu\u0308n do\u0308nu\u0308p yazd\u0131klar\u0131m\u0131 okudum. Du\u0308s\u0327u\u0308nce derinlig\u0306i s\u0327ekline bu\u0308ru\u0308nen bir su\u0308ru\u0308 \u0131v\u0131r z\u0131v\u0131r sac\u0327mal\u0131k. \u2018En az\u0131ndan bunun fark\u0131ndas\u0131n,\u2019 dedim kendime. Bir su\u0308re ara verdim yazmaya. Saks\u0131ya meneks\u0327e ektim, her gu\u0308n sulad\u0131m, bir aks\u0327am geldim sog\u0306uktan donmus\u0327. Olabilir. Her s\u0327ey olabilir.\u201d Mutlulug\u0306un tek numaras\u0131n\u0131n insana ko\u0308tu\u0308 bir gec\u0327mis\u0327i unutma gu\u0308cu\u0308 vermek oldug\u0306unu bilen insanlar&#8230; Utanc\u0327 ve korku denen kayalar aras\u0131nda ezilen insanlar&#8230; Sevmeyecekse bu\u0308tu\u0308n gu\u0308cu\u0308yle nefret eden insanlar&#8230; Ezilmis\u0327 onurlar\u0131yla sag\u0306a sola sald\u0131rmaya haz\u0131r insanlar&#8230; Ancak benzer nedenlerle kafay\u0131 yemis\u0327 insanlar\u0131n sac\u0327malamas\u0131yla inilebilecek derinliklere inen insanlar&#8230; Hic\u0327 kimsenin u\u0308s\u0327u\u0308medig\u0306i u\u0308lkeyi arayan insanlar&#8230; Emrah Serbes, Memnun Kal\u0131rs\u0131n\u2019da c\u0327u\u0308ru\u0308me hika\u0302yeleri ve c\u0327u\u0308ru\u0308menin ic\u0327inden insan hika\u0302yeleri anlat\u0131yor. Gadrin ve hu\u0308znu\u0308n ic\u0327ine sar\u0131l\u0131 bir s\u0327efkatle&#8230; Olag\u0306and\u0131s\u0327\u0131na ad\u0131m atan kitab\u0131n \u201cOlag\u0306an hika\u0302yeler\u201d bo\u0308lu\u0308mu\u0308 ise, Serbes\u2019in yaz\u0131 seru\u0308veninde deg\u0306is\u0327ik bir fas\u0131l ac\u0327\u0131yor. Bir adam\u0131n yavas\u0327 yavas\u0327 mavi oluverdig\u0306i, son istasyonda veya olmayan bir peronda gerc\u0327eklig\u0306in deg\u0306is\u0327tig\u0306i, fantastig\u0306in, bilimkurgunun es\u0327ig\u0306inden atlayan hika\u0302yeler var bu bo\u0308lu\u0308mde.<\/p>\n","protected":false},"excerpt":{"rendered":"<p>\u201cBir gu\u0308n do\u0308nu\u0308p yazd\u0131klar\u0131m\u0131 okudum. Du\u0308s\u0327u\u0308nce derinlig\u0306i s\u0327ekline bu\u0308ru\u0308nen bir su\u0308ru\u0308 \u0131v\u0131r z\u0131v\u0131r sac\u0327mal\u0131k. \u2018En az\u0131ndan bunun fark\u0131ndas\u0131n,\u2019 dedim kendime. Bir su\u0308re ara verdim yazmaya. Saks\u0131ya<span class=\"excerpt-hellip\"> [\u2026]<\/span><\/p>\n","protected":false},"featured_media":0,"template":"","meta":{"_monsterinsights_skip_tracking":false,"_monsterinsights_sitenote_active":false,"_monsterinsights_sitenote_note":"","_monsterinsights_sitenote_category":0},"product_brand":[],"product_cat":[12291,12711],"product_tag":[],"class_list":{"0":"post-749904","1":"product","2":"type-product","3":"status-publish","5":"product_cat-edebiyat","6":"product_cat-roman-oyku","7":"pa_cilt-ciltsiz","8":"pa_tur-kitap","9":"pa_yayinevi-iletisim-yayinlari","10":"pa_yazar-emrah-serbes","12":"first","13":"instock","14":"sale","15":"shipping-taxable","16":"purchasable","17":"product-type-simple"},"_links":{"self":[{"href":"https:\/\/roveyayinevi.com.tr\/index.php\/wp-json\/wp\/v2\/product\/749904","targetHints":{"allow":["GET"]}}],"collection":[{"href":"https:\/\/roveyayinevi.com.tr\/index.php\/wp-json\/wp\/v2\/product"}],"about":[{"href":"https:\/\/roveyayinevi.com.tr\/index.php\/wp-json\/wp\/v2\/types\/product"}],"wp:attachment":[{"href":"https:\/\/roveyayinevi.com.tr\/index.php\/wp-json\/wp\/v2\/media?parent=749904"}],"wp:term":[{"taxonomy":"product_brand","embeddable":true,"href":"https:\/\/roveyayinevi.com.tr\/index.php\/wp-json\/wp\/v2\/product_brand?post=749904"},{"taxonomy":"product_cat","embeddable":true,"href":"https:\/\/roveyayinevi.com.tr\/index.php\/wp-json\/wp\/v2\/product_cat?post=749904"},{"taxonomy":"product_tag","embeddable":true,"href":"https:\/\/roveyayinevi.com.tr\/index.php\/wp-json\/wp\/v2\/product_tag?post=749904"}],"curies":[{"name":"wp","href":"https:\/\/api.w.org\/{rel}","templated":true}]}}