{"id":749901,"date":"2025-08-28T04:07:20","date_gmt":"2025-08-28T01:07:20","guid":{"rendered":"https:\/\/roveyayinevi.com.tr\/index.php\/urun\/firtinalarin-ve-sessizligin-ilahisi\/"},"modified":"2026-04-16T03:03:28","modified_gmt":"2026-04-16T00:03:28","slug":"firtinalarin-ve-sessizligin-ilahisi","status":"publish","type":"product","link":"https:\/\/roveyayinevi.com.tr\/index.php\/urun\/firtinalarin-ve-sessizligin-ilahisi\/","title":{"rendered":"F\u0131rt\u0131nalar\u0131n ve Sessizli\u011fin \u0130lahisi"},"content":{"rendered":"<p>Karina, taht\u0131na ve krall\u0131\u011f\u0131na mal olan darbenin ard\u0131ndan her \u015feyini kaybetmi\u015fti. Art\u0131k hi\u00e7bir yerde g\u00fcvende de\u011fildi ve do\u011fu\u015ftan hakk\u0131 olan\u0131 almas\u0131 i\u00e7in tek umudu, atalar\u0131n\u0131n y\u00fczy\u0131llard\u0131r kay\u0131p \u015fehrinde yatan ilahi g\u00fcc\u00fc ele ge\u00e7irmekti.Bu esnada krall\u0131k Dirili\u015f Ayini\u2019yle kaosa s\u00fcr\u00fcklenmi\u015fti ve tanr\u0131lar taraf\u0131ndan g\u00f6nderilen felaketlerin ard\u0131 arkas\u0131 kesilmiyordu. Dengenin tekrar sa\u011flanmas\u0131n\u0131n tek yolunun Karina oldu\u011fu ortaya \u00e7\u0131kt\u0131\u011f\u0131nda, Farid\u2019in emriyle Malik sihrini onu ele ge\u00e7irmek i\u00e7in kullanacakt\u0131.Sonande\u2019yi bir arada tutan ba\u011flar teker teker koparken Malik ile Karina bir kez daha arzular\u0131 ve g\u00f6revleri aras\u0131nda b\u00f6l\u00fcnm\u00fc\u015ft\u00fc. Korkun\u00e7 bir yol ayr\u0131m\u0131na geldiklerinde, ikisi de en \u00e7ok neyin \u00f6nemli oldu\u011funa karar vermek zorunda kalacaklard\u0131 \u2013 d\u00fcnyay\u0131 de\u011fi\u015ftirebilecek g\u00fc\u00e7 m\u00fc yoksa hayatlar\u0131n\u0131 de\u011fi\u015ftirebilecek a\u015fk m\u0131?\u201cAdaletsizlik, sihir, a\u015fk ve aksiyonla dolu bir hik\u00e2ye.\u201d \u2014Publishers Weekly (starred review)<\/p>\n","protected":false},"excerpt":{"rendered":"<p>Karina, taht\u0131na ve krall\u0131\u011f\u0131na mal olan darbenin ard\u0131ndan her \u015feyini kaybetmi\u015fti. Art\u0131k hi\u00e7bir yerde g\u00fcvende de\u011fildi ve do\u011fu\u015ftan hakk\u0131 olan\u0131 almas\u0131 i\u00e7in tek umudu, atalar\u0131n\u0131n y\u00fczy\u0131llard\u0131r<span class=\"excerpt-hellip\"> [\u2026]<\/span><\/p>\n","protected":false},"featured_media":0,"template":"","meta":{"_monsterinsights_skip_tracking":false,"_monsterinsights_sitenote_active":false,"_monsterinsights_sitenote_note":"","_monsterinsights_sitenote_category":0},"product_brand":[],"product_cat":[12291,14777],"product_tag":[],"class_list":{"0":"post-749901","1":"product","2":"type-product","3":"status-publish","5":"product_cat-edebiyat","6":"product_cat-fantastik","7":"pa_cilt-ciltsiz","8":"pa_tur-kitap","9":"pa_yayinevi-yabanci-yayinevi","10":"pa_yazar-roseanne-a-brown","12":"first","13":"instock","14":"sale","15":"shipping-taxable","16":"purchasable","17":"product-type-simple"},"_links":{"self":[{"href":"https:\/\/roveyayinevi.com.tr\/index.php\/wp-json\/wp\/v2\/product\/749901","targetHints":{"allow":["GET"]}}],"collection":[{"href":"https:\/\/roveyayinevi.com.tr\/index.php\/wp-json\/wp\/v2\/product"}],"about":[{"href":"https:\/\/roveyayinevi.com.tr\/index.php\/wp-json\/wp\/v2\/types\/product"}],"wp:attachment":[{"href":"https:\/\/roveyayinevi.com.tr\/index.php\/wp-json\/wp\/v2\/media?parent=749901"}],"wp:term":[{"taxonomy":"product_brand","embeddable":true,"href":"https:\/\/roveyayinevi.com.tr\/index.php\/wp-json\/wp\/v2\/product_brand?post=749901"},{"taxonomy":"product_cat","embeddable":true,"href":"https:\/\/roveyayinevi.com.tr\/index.php\/wp-json\/wp\/v2\/product_cat?post=749901"},{"taxonomy":"product_tag","embeddable":true,"href":"https:\/\/roveyayinevi.com.tr\/index.php\/wp-json\/wp\/v2\/product_tag?post=749901"}],"curies":[{"name":"wp","href":"https:\/\/api.w.org\/{rel}","templated":true}]}}