{"id":749892,"date":"2025-08-28T04:07:07","date_gmt":"2025-08-28T01:07:07","guid":{"rendered":"https:\/\/roveyayinevi.com.tr\/index.php\/urun\/peppa-pig-ilk-boyama-kitabim\/"},"modified":"2026-03-24T03:02:16","modified_gmt":"2026-03-24T00:02:16","slug":"peppa-pig-ilk-boyama-kitabim","status":"publish","type":"product","link":"https:\/\/roveyayinevi.com.tr\/index.php\/urun\/peppa-pig-ilk-boyama-kitabim\/","title":{"rendered":"Peppa Pig \u0130lk Boyama Kitab\u0131m"},"content":{"rendered":"<p>En sevdi\u011fin kahramanlar, reng\u00e2renk bir yolculu\u011fa \u00e7\u0131kt\u0131lar. Resim yapmay\u0131 ve \u00e7\u0131kartmalar\u0131 seviyorsan sen de e\u011flenceye kat\u0131l! Boya kalemlerini kap, sayfalar\u0131 renklendir, kitab\u0131ndaki s\u00fcper \u00e7\u0131kartmalar\u0131 diledi\u011fin gibi yap\u0131\u015ft\u0131r ve harika sahneler yarat!   <\/p>\n","protected":false},"excerpt":{"rendered":"<p>En sevdi\u011fin kahramanlar, reng\u00e2renk bir yolculu\u011fa \u00e7\u0131kt\u0131lar. Resim yapmay\u0131 ve \u00e7\u0131kartmalar\u0131 seviyorsan sen de e\u011flenceye kat\u0131l! Boya kalemlerini kap, sayfalar\u0131 renklendir, kitab\u0131ndaki s\u00fcper \u00e7\u0131kartmalar\u0131 diledi\u011fin gibi<span class=\"excerpt-hellip\"> [\u2026]<\/span><\/p>\n","protected":false},"featured_media":0,"template":"","meta":{"_monsterinsights_skip_tracking":false,"_monsterinsights_sitenote_active":false,"_monsterinsights_sitenote_note":"","_monsterinsights_sitenote_category":0},"product_brand":[],"product_cat":[12644,12274],"product_tag":[],"class_list":{"0":"post-749892","1":"product","2":"type-product","3":"status-publish","5":"product_cat-boyama-kitaplari","6":"product_cat-cocuk-ve-genclik-kitaplari","7":"pa_cilt-ciltsiz","8":"pa_tur-kitap","9":"pa_yayinevi-dogan-cocuk","10":"pa_yazar-kolektif","12":"first","13":"instock","14":"sale","15":"shipping-taxable","16":"purchasable","17":"product-type-simple"},"_links":{"self":[{"href":"https:\/\/roveyayinevi.com.tr\/index.php\/wp-json\/wp\/v2\/product\/749892","targetHints":{"allow":["GET"]}}],"collection":[{"href":"https:\/\/roveyayinevi.com.tr\/index.php\/wp-json\/wp\/v2\/product"}],"about":[{"href":"https:\/\/roveyayinevi.com.tr\/index.php\/wp-json\/wp\/v2\/types\/product"}],"wp:attachment":[{"href":"https:\/\/roveyayinevi.com.tr\/index.php\/wp-json\/wp\/v2\/media?parent=749892"}],"wp:term":[{"taxonomy":"product_brand","embeddable":true,"href":"https:\/\/roveyayinevi.com.tr\/index.php\/wp-json\/wp\/v2\/product_brand?post=749892"},{"taxonomy":"product_cat","embeddable":true,"href":"https:\/\/roveyayinevi.com.tr\/index.php\/wp-json\/wp\/v2\/product_cat?post=749892"},{"taxonomy":"product_tag","embeddable":true,"href":"https:\/\/roveyayinevi.com.tr\/index.php\/wp-json\/wp\/v2\/product_tag?post=749892"}],"curies":[{"name":"wp","href":"https:\/\/api.w.org\/{rel}","templated":true}]}}