{"id":749881,"date":"2025-08-28T04:06:49","date_gmt":"2025-08-28T01:06:49","guid":{"rendered":"https:\/\/roveyayinevi.com.tr\/index.php\/urun\/pankreas-kanserlerine-histopatolojik-yaklasim\/"},"modified":"2026-04-16T03:03:13","modified_gmt":"2026-04-16T00:03:13","slug":"pankreas-kanserlerine-histopatolojik-yaklasim","status":"publish","type":"product","link":"https:\/\/roveyayinevi.com.tr\/index.php\/urun\/pankreas-kanserlerine-histopatolojik-yaklasim\/","title":{"rendered":"Pankreas Kanserlerine Histopatolojik Yakla\u015f\u0131m"},"content":{"rendered":"<p>-Pankreas kanseri: tan\u0131m ve etyoloji -Makroskopik \u00f6zellikler -I\u015f\u0131k mikroskopik de\u011ferlendirme -\u0130mm\u00fcnhistokimyasal de\u011ferlendirme -Molek\u00fcler ve genetik profil -Yenilikler<\/p>\n","protected":false},"excerpt":{"rendered":"<p>-Pankreas kanseri: tan\u0131m ve etyoloji -Makroskopik \u00f6zellikler -I\u015f\u0131k mikroskopik de\u011ferlendirme -\u0130mm\u00fcnhistokimyasal de\u011ferlendirme -Molek\u00fcler ve genetik profil -Yenilikler<\/p>\n","protected":false},"featured_media":0,"template":"","meta":{"_monsterinsights_skip_tracking":false,"_monsterinsights_sitenote_active":false,"_monsterinsights_sitenote_note":"","_monsterinsights_sitenote_category":0},"product_brand":[],"product_cat":[13366,13365],"product_tag":[],"class_list":{"0":"post-749881","1":"product","2":"type-product","3":"status-publish","5":"product_cat-diger-saglik","6":"product_cat-saglik","7":"pa_cilt-ciltsiz","8":"pa_tur-kitap","9":"pa_yayinevi-platanus-publishing","10":"pa_yazar-alptekin-sen","12":"first","13":"instock","14":"sale","15":"shipping-taxable","16":"purchasable","17":"product-type-simple"},"_links":{"self":[{"href":"https:\/\/roveyayinevi.com.tr\/index.php\/wp-json\/wp\/v2\/product\/749881","targetHints":{"allow":["GET"]}}],"collection":[{"href":"https:\/\/roveyayinevi.com.tr\/index.php\/wp-json\/wp\/v2\/product"}],"about":[{"href":"https:\/\/roveyayinevi.com.tr\/index.php\/wp-json\/wp\/v2\/types\/product"}],"wp:attachment":[{"href":"https:\/\/roveyayinevi.com.tr\/index.php\/wp-json\/wp\/v2\/media?parent=749881"}],"wp:term":[{"taxonomy":"product_brand","embeddable":true,"href":"https:\/\/roveyayinevi.com.tr\/index.php\/wp-json\/wp\/v2\/product_brand?post=749881"},{"taxonomy":"product_cat","embeddable":true,"href":"https:\/\/roveyayinevi.com.tr\/index.php\/wp-json\/wp\/v2\/product_cat?post=749881"},{"taxonomy":"product_tag","embeddable":true,"href":"https:\/\/roveyayinevi.com.tr\/index.php\/wp-json\/wp\/v2\/product_tag?post=749881"}],"curies":[{"name":"wp","href":"https:\/\/api.w.org\/{rel}","templated":true}]}}