{"id":749840,"date":"2025-08-28T04:05:45","date_gmt":"2025-08-28T01:05:45","guid":{"rendered":"https:\/\/roveyayinevi.com.tr\/index.php\/urun\/anki-sudan-korkuyor-dinozor-okulu\/"},"modified":"2026-04-16T03:03:12","modified_gmt":"2026-04-16T00:03:12","slug":"anki-sudan-korkuyor-dinozor-okulu","status":"publish","type":"product","link":"https:\/\/roveyayinevi.com.tr\/index.php\/urun\/anki-sudan-korkuyor-dinozor-okulu\/","title":{"rendered":"Anki Sudan Korkuyor &#8211; Dinozor Okulu"},"content":{"rendered":"<p>Dinozorlar dalgalar aras\u0131nda e\u011fleniyor. Anki, hari\u00e7. O plajda, s\u0131rt\u0131denize d\u00f6n\u00fck oturuyor.Acaba k\u00fc\u00e7\u00fck Anki deniz korkusunu yenebilecek mi?Pierre Gemme&#8217;in yazd\u0131\u011f\u0131 Jess Pauwels&#8217;in resimledi\u011fi dizi,dinozorlar d\u00f6neminde ge\u00e7iyor.\u00c7ocuklar\u0131n okuma becerisini geli\u015ftirmek ve ba\u011f\u0131ms\u0131z birer okurolmalar\u0131 yolunda onlara kolayl\u0131k sa\u011flamak amac\u0131yla kalemeal\u0131nan dizide \u00e7ocuklar\u0131n okul hayat\u0131nda kar\u015f\u0131la\u015ft\u0131klar\u0131 s\u0131k\u0131nt\u0131veren konular da ele al\u0131n\u0131yor. Dizi, tasar\u0131m\u0131, metin yo\u011funlu\u011fu vekullan\u0131lan fontuyla, okuma yazmay\u0131 \u00f6\u011frenen \u00e7ocuklara destekoluyor.<\/p>\n","protected":false},"excerpt":{"rendered":"<p>Dinozorlar dalgalar aras\u0131nda e\u011fleniyor. Anki, hari\u00e7. O plajda, s\u0131rt\u0131denize d\u00f6n\u00fck oturuyor.Acaba k\u00fc\u00e7\u00fck Anki deniz korkusunu yenebilecek mi?Pierre Gemme&#8217;in yazd\u0131\u011f\u0131 Jess Pauwels&#8217;in resimledi\u011fi dizi,dinozorlar d\u00f6neminde ge\u00e7iyor.\u00c7ocuklar\u0131n okuma<span class=\"excerpt-hellip\"> [\u2026]<\/span><\/p>\n","protected":false},"featured_media":0,"template":"","meta":{"_monsterinsights_skip_tracking":false,"_monsterinsights_sitenote_active":false,"_monsterinsights_sitenote_note":"","_monsterinsights_sitenote_category":0},"product_brand":[],"product_cat":[12274,15842],"product_tag":[],"class_list":{"0":"post-749840","1":"product","2":"type-product","3":"status-publish","5":"product_cat-cocuk-ve-genclik-kitaplari","6":"product_cat-egitici-kitaplar","7":"pa_cilt-ciltsiz","8":"pa_tur-kitap","9":"pa_yayinevi-hep-kitap","10":"pa_yazar-pierre-gemme","12":"first","13":"instock","14":"sale","15":"shipping-taxable","16":"purchasable","17":"product-type-simple"},"_links":{"self":[{"href":"https:\/\/roveyayinevi.com.tr\/index.php\/wp-json\/wp\/v2\/product\/749840","targetHints":{"allow":["GET"]}}],"collection":[{"href":"https:\/\/roveyayinevi.com.tr\/index.php\/wp-json\/wp\/v2\/product"}],"about":[{"href":"https:\/\/roveyayinevi.com.tr\/index.php\/wp-json\/wp\/v2\/types\/product"}],"wp:attachment":[{"href":"https:\/\/roveyayinevi.com.tr\/index.php\/wp-json\/wp\/v2\/media?parent=749840"}],"wp:term":[{"taxonomy":"product_brand","embeddable":true,"href":"https:\/\/roveyayinevi.com.tr\/index.php\/wp-json\/wp\/v2\/product_brand?post=749840"},{"taxonomy":"product_cat","embeddable":true,"href":"https:\/\/roveyayinevi.com.tr\/index.php\/wp-json\/wp\/v2\/product_cat?post=749840"},{"taxonomy":"product_tag","embeddable":true,"href":"https:\/\/roveyayinevi.com.tr\/index.php\/wp-json\/wp\/v2\/product_tag?post=749840"}],"curies":[{"name":"wp","href":"https:\/\/api.w.org\/{rel}","templated":true}]}}