{"id":749838,"date":"2025-08-28T04:05:41","date_gmt":"2025-08-28T01:05:41","guid":{"rendered":"https:\/\/roveyayinevi.com.tr\/index.php\/urun\/ruh-esim\/"},"modified":"2026-04-16T03:03:12","modified_gmt":"2026-04-16T00:03:12","slug":"ruh-esim","status":"publish","type":"product","link":"https:\/\/roveyayinevi.com.tr\/index.php\/urun\/ruh-esim\/","title":{"rendered":"Ruh E\u015fim"},"content":{"rendered":"<p>\u201cRuh E\u015fim\u201d, \u00fclkemizin tan\u0131nm\u0131\u015f ressamlar\u0131ndan Cam Emre Da\u011f\u2019\u0131n \u00e7izdi\u011fi resimler ve bu resimlerle ayn\u0131 duygular\u0131 ta\u015f\u0131yan \u015fiirlerinden olu\u015fmaktad\u0131r. Kitapta tamam\u0131 renkli, y\u00fcksek \u00e7\u00f6z\u00fcn\u00fcrl\u00fckte bask\u0131s\u0131 yap\u0131lm\u0131\u015f 36 resim bulunmaktad\u0131r.  <\/p>\n","protected":false},"excerpt":{"rendered":"<p>\u201cRuh E\u015fim\u201d, \u00fclkemizin tan\u0131nm\u0131\u015f ressamlar\u0131ndan Cam Emre Da\u011f\u2019\u0131n \u00e7izdi\u011fi resimler ve bu resimlerle ayn\u0131 duygular\u0131 ta\u015f\u0131yan \u015fiirlerinden olu\u015fmaktad\u0131r. Kitapta tamam\u0131 renkli, y\u00fcksek \u00e7\u00f6z\u00fcn\u00fcrl\u00fckte bask\u0131s\u0131 yap\u0131lm\u0131\u015f 36<span class=\"excerpt-hellip\"> [\u2026]<\/span><\/p>\n","protected":false},"featured_media":0,"template":"","meta":{"_monsterinsights_skip_tracking":false,"_monsterinsights_sitenote_active":false,"_monsterinsights_sitenote_note":"","_monsterinsights_sitenote_category":0},"product_brand":[],"product_cat":[12291,12509],"product_tag":[],"class_list":{"0":"post-749838","1":"product","2":"type-product","3":"status-publish","5":"product_cat-edebiyat","6":"product_cat-siir","7":"pa_cilt-ciltsiz","8":"pa_tur-kitap","9":"pa_yayinevi-myrina-yayinlari","10":"pa_yazar-can-emre-dag","12":"first","13":"instock","14":"sale","15":"shipping-taxable","16":"purchasable","17":"product-type-simple"},"_links":{"self":[{"href":"https:\/\/roveyayinevi.com.tr\/index.php\/wp-json\/wp\/v2\/product\/749838","targetHints":{"allow":["GET"]}}],"collection":[{"href":"https:\/\/roveyayinevi.com.tr\/index.php\/wp-json\/wp\/v2\/product"}],"about":[{"href":"https:\/\/roveyayinevi.com.tr\/index.php\/wp-json\/wp\/v2\/types\/product"}],"wp:attachment":[{"href":"https:\/\/roveyayinevi.com.tr\/index.php\/wp-json\/wp\/v2\/media?parent=749838"}],"wp:term":[{"taxonomy":"product_brand","embeddable":true,"href":"https:\/\/roveyayinevi.com.tr\/index.php\/wp-json\/wp\/v2\/product_brand?post=749838"},{"taxonomy":"product_cat","embeddable":true,"href":"https:\/\/roveyayinevi.com.tr\/index.php\/wp-json\/wp\/v2\/product_cat?post=749838"},{"taxonomy":"product_tag","embeddable":true,"href":"https:\/\/roveyayinevi.com.tr\/index.php\/wp-json\/wp\/v2\/product_tag?post=749838"}],"curies":[{"name":"wp","href":"https:\/\/api.w.org\/{rel}","templated":true}]}}