{"id":749821,"date":"2025-08-28T04:04:39","date_gmt":"2025-08-28T01:04:39","guid":{"rendered":"https:\/\/roveyayinevi.com.tr\/index.php\/urun\/bulurum-seni-sehirde\/"},"modified":"2026-04-08T03:09:20","modified_gmt":"2026-04-08T00:09:20","slug":"bulurum-seni-sehirde","status":"publish","type":"product","link":"https:\/\/roveyayinevi.com.tr\/index.php\/urun\/bulurum-seni-sehirde\/","title":{"rendered":"Bulurum Seni \u015eehirde"},"content":{"rendered":"<p>\u015eehirde bulurum seni! Bu hi\u00e7 kolay de\u011fil ki! Karanl\u0131kta gizlenen birileri var! Sincap Simsim&#8217;i takip et, \u015fehri ke\u015ffet! Feneri hi\u00e7 b\u0131rakma, ipu\u00e7lar\u0131 yard\u0131m edecek sana.<\/p>\n","protected":false},"excerpt":{"rendered":"<p>\u015eehirde bulurum seni! Bu hi\u00e7 kolay de\u011fil ki! Karanl\u0131kta gizlenen birileri var! Sincap Simsim&#8217;i takip et, \u015fehri ke\u015ffet! Feneri hi\u00e7 b\u0131rakma, ipu\u00e7lar\u0131 yard\u0131m edecek sana.<\/p>\n","protected":false},"featured_media":0,"template":"","meta":{"_monsterinsights_skip_tracking":false,"_monsterinsights_sitenote_active":false,"_monsterinsights_sitenote_note":"","_monsterinsights_sitenote_category":0},"product_brand":[],"product_cat":[12274,12284],"product_tag":[],"class_list":{"0":"post-749821","1":"product","2":"type-product","3":"status-publish","5":"product_cat-cocuk-ve-genclik-kitaplari","6":"product_cat-hikayeler","7":"pa_cilt-ciltsiz","8":"pa_tur-kitap","9":"pa_yayinevi-sincap-kitap","10":"pa_yazar-m-sacide-kafali","12":"first","13":"instock","14":"sale","15":"shipping-taxable","16":"purchasable","17":"product-type-simple"},"_links":{"self":[{"href":"https:\/\/roveyayinevi.com.tr\/index.php\/wp-json\/wp\/v2\/product\/749821","targetHints":{"allow":["GET"]}}],"collection":[{"href":"https:\/\/roveyayinevi.com.tr\/index.php\/wp-json\/wp\/v2\/product"}],"about":[{"href":"https:\/\/roveyayinevi.com.tr\/index.php\/wp-json\/wp\/v2\/types\/product"}],"wp:attachment":[{"href":"https:\/\/roveyayinevi.com.tr\/index.php\/wp-json\/wp\/v2\/media?parent=749821"}],"wp:term":[{"taxonomy":"product_brand","embeddable":true,"href":"https:\/\/roveyayinevi.com.tr\/index.php\/wp-json\/wp\/v2\/product_brand?post=749821"},{"taxonomy":"product_cat","embeddable":true,"href":"https:\/\/roveyayinevi.com.tr\/index.php\/wp-json\/wp\/v2\/product_cat?post=749821"},{"taxonomy":"product_tag","embeddable":true,"href":"https:\/\/roveyayinevi.com.tr\/index.php\/wp-json\/wp\/v2\/product_tag?post=749821"}],"curies":[{"name":"wp","href":"https:\/\/api.w.org\/{rel}","templated":true}]}}