{"id":749806,"date":"2025-08-28T04:04:19","date_gmt":"2025-08-28T01:04:19","guid":{"rendered":"https:\/\/roveyayinevi.com.tr\/index.php\/urun\/allah-beni-de-affeder-mi\/"},"modified":"2026-04-16T03:03:11","modified_gmt":"2026-04-16T00:03:11","slug":"allah-beni-de-affeder-mi","status":"publish","type":"product","link":"https:\/\/roveyayinevi.com.tr\/index.php\/urun\/allah-beni-de-affeder-mi\/","title":{"rendered":"Allah Beni de Affeder mi?"},"content":{"rendered":"<p>Hepimiz g\u00fcnah i\u015fleriz. Hi\u00e7 kimse g\u00fcnahs\u0131z de\u011fildir. Az \u00e7ok g\u00fcnahlarla i\u00e7 i\u00e7e ya\u015f\u0131yoruz. \u00c7\u00fcnk\u00fc insan olma \u00f6zelli\u011fimiz bu. Ama her g\u00fcnaha bula\u015ft\u0131\u011f\u0131m\u0131zda, i\u00e7imizden \u201cke\u015fke yapmasayd\u0131m\u201d t\u00fcr\u00fcnden pi\u015fmanl\u0131klar ge\u00e7iriyoruz. Ge\u00e7iyor ge\u00e7mesine de fark\u0131nda olarak veya olmayarak yine g\u00fcnahlara giriyoruz, bula\u015f\u0131yoruz. \u00d6yle anlar oluyor ki, kendimizden utan\u0131yoruz, Allah\u2019a y\u00f6nelmeye, i\u015fledi\u011fimiz g\u00fcnahlar\u0131 ba\u011f\u0131\u015flamas\u0131n\u0131 istemeye y\u00fcz\u00fcm\u00fcz kalm\u0131yor. Hatta bir \u00fcmitsizli\u011fe, bir bo\u015f vermi\u015fli\u011fe kap\u0131ld\u0131\u011f\u0131m\u0131z oluyor. Hakikaten Allah, bu kadar g\u00fcnahta ileri gidenleri ba\u011f\u0131\u015flar m\u0131, tevbesini kabul eder mi, affeder mi? \u0130\u015fte as\u0131l sorun burada. Bu sorunu mutlaka \u00e7\u00f6zmemiz laz\u0131m, bu a\u00e7mazdan, bu \u00e7\u0131kmazdan kurtulmam\u0131z, rahat bir nefes almam\u0131z laz\u0131m. Bu kitap b\u00f6yle anlarda \u00e7\u0131k\u0131\u015f yollar\u0131n\u0131 aramak, kurtulu\u015f \u00e7arelerini ara\u015ft\u0131rmak, bu onulmaz dertten yakam\u0131z\u0131 kurtarmaya \u00e7al\u0131\u015fmak i\u00e7in neler gerekti\u011fini anlatmak i\u00e7in yaz\u0131ld\u0131. Y\u00fcce Rabbimden niyaz\u0131m, duam ve dile\u011fim; g\u00fcnah sarmal\u0131 i\u00e7inde k\u0131vranan karde\u015flerime el uzatmak, yard\u0131mc\u0131 olmak, kurtulu\u015flar\u0131 i\u00e7in yararl\u0131 olmakt\u0131r.<\/p>\n","protected":false},"excerpt":{"rendered":"<p>Hepimiz g\u00fcnah i\u015fleriz. Hi\u00e7 kimse g\u00fcnahs\u0131z de\u011fildir. Az \u00e7ok g\u00fcnahlarla i\u00e7 i\u00e7e ya\u015f\u0131yoruz. \u00c7\u00fcnk\u00fc insan olma \u00f6zelli\u011fimiz bu. Ama her g\u00fcnaha bula\u015ft\u0131\u011f\u0131m\u0131zda, i\u00e7imizden \u201cke\u015fke yapmasayd\u0131m\u201d t\u00fcr\u00fcnden<span class=\"excerpt-hellip\"> [\u2026]<\/span><\/p>\n","protected":false},"featured_media":0,"template":"","meta":{"_monsterinsights_skip_tracking":false,"_monsterinsights_sitenote_active":false,"_monsterinsights_sitenote_note":"","_monsterinsights_sitenote_category":0},"product_brand":[],"product_cat":[12718,12719],"product_tag":[],"class_list":{"0":"post-749806","1":"product","2":"type-product","3":"status-publish","5":"product_cat-din","6":"product_cat-islam","7":"pa_cilt-ciltsiz","8":"pa_tur-kitap","9":"pa_yayinevi-nesil-yayinlari","10":"pa_yazar-mehmed-paksu","12":"first","13":"instock","14":"sale","15":"shipping-taxable","16":"purchasable","17":"product-type-simple"},"_links":{"self":[{"href":"https:\/\/roveyayinevi.com.tr\/index.php\/wp-json\/wp\/v2\/product\/749806","targetHints":{"allow":["GET"]}}],"collection":[{"href":"https:\/\/roveyayinevi.com.tr\/index.php\/wp-json\/wp\/v2\/product"}],"about":[{"href":"https:\/\/roveyayinevi.com.tr\/index.php\/wp-json\/wp\/v2\/types\/product"}],"wp:attachment":[{"href":"https:\/\/roveyayinevi.com.tr\/index.php\/wp-json\/wp\/v2\/media?parent=749806"}],"wp:term":[{"taxonomy":"product_brand","embeddable":true,"href":"https:\/\/roveyayinevi.com.tr\/index.php\/wp-json\/wp\/v2\/product_brand?post=749806"},{"taxonomy":"product_cat","embeddable":true,"href":"https:\/\/roveyayinevi.com.tr\/index.php\/wp-json\/wp\/v2\/product_cat?post=749806"},{"taxonomy":"product_tag","embeddable":true,"href":"https:\/\/roveyayinevi.com.tr\/index.php\/wp-json\/wp\/v2\/product_tag?post=749806"}],"curies":[{"name":"wp","href":"https:\/\/api.w.org\/{rel}","templated":true}]}}