{"id":749803,"date":"2025-08-28T04:04:14","date_gmt":"2025-08-28T01:04:14","guid":{"rendered":"https:\/\/roveyayinevi.com.tr\/index.php\/urun\/rengarenk\/"},"modified":"2026-04-16T03:03:11","modified_gmt":"2026-04-16T00:03:11","slug":"rengarenk","status":"publish","type":"product","link":"https:\/\/roveyayinevi.com.tr\/index.php\/urun\/rengarenk\/","title":{"rendered":"Rengarenk"},"content":{"rendered":"<p>Rengarenk, \u015fairin y\u0131llar s\u00fcren deneyimlerinden ortaya \u00e7\u0131kan y\u00fczlerce \u015fiirden bir se\u00e7kidir. Buradaki \u015fiirler be\u015f farkl\u0131 duygu ve temadan olu\u015fmaktad\u0131r; \u201cRengarenk\u201d, \u201cUmutlar&amp;Umutsuzluklar\u201d, \u201cH\u00fcz\u00fcn, G\u00f6zya\u015flar\u0131&amp;\u0130syan\u201d, \u201cAn\u0131lar&amp;\u00d6zlem\u201d ve \u201cSevgi&amp;Huzur\u201d. Her bir \u015fiirde, h\u00fcmanist duygular, do\u011fa ve insan sevgisi bulacaks\u0131n\u0131z. Kaybetti\u011fimiz baz\u0131 de\u011ferleri yeniden hissedecektiniz. Zevkle okuman\u0131z dile\u011fimizle. <\/p>\n","protected":false},"excerpt":{"rendered":"<p>Rengarenk, \u015fairin y\u0131llar s\u00fcren deneyimlerinden ortaya \u00e7\u0131kan y\u00fczlerce \u015fiirden bir se\u00e7kidir. Buradaki \u015fiirler be\u015f farkl\u0131 duygu ve temadan olu\u015fmaktad\u0131r; \u201cRengarenk\u201d, \u201cUmutlar&amp;Umutsuzluklar\u201d, \u201cH\u00fcz\u00fcn, G\u00f6zya\u015flar\u0131&amp;\u0130syan\u201d, \u201cAn\u0131lar&amp;\u00d6zlem\u201d ve \u201cSevgi&amp;Huzur\u201d.<span class=\"excerpt-hellip\"> [\u2026]<\/span><\/p>\n","protected":false},"featured_media":0,"template":"","meta":{"_monsterinsights_skip_tracking":false,"_monsterinsights_sitenote_active":false,"_monsterinsights_sitenote_note":"","_monsterinsights_sitenote_category":0},"product_brand":[],"product_cat":[12291,12509],"product_tag":[],"class_list":{"0":"post-749803","1":"product","2":"type-product","3":"status-publish","5":"product_cat-edebiyat","6":"product_cat-siir","7":"pa_cilt-ciltsiz","8":"pa_tur-kitap","9":"pa_yayinevi-myrina-yayinlari","10":"pa_yazar-burcu-canci-gunal","12":"first","13":"instock","14":"sale","15":"shipping-taxable","16":"purchasable","17":"product-type-simple"},"_links":{"self":[{"href":"https:\/\/roveyayinevi.com.tr\/index.php\/wp-json\/wp\/v2\/product\/749803","targetHints":{"allow":["GET"]}}],"collection":[{"href":"https:\/\/roveyayinevi.com.tr\/index.php\/wp-json\/wp\/v2\/product"}],"about":[{"href":"https:\/\/roveyayinevi.com.tr\/index.php\/wp-json\/wp\/v2\/types\/product"}],"wp:attachment":[{"href":"https:\/\/roveyayinevi.com.tr\/index.php\/wp-json\/wp\/v2\/media?parent=749803"}],"wp:term":[{"taxonomy":"product_brand","embeddable":true,"href":"https:\/\/roveyayinevi.com.tr\/index.php\/wp-json\/wp\/v2\/product_brand?post=749803"},{"taxonomy":"product_cat","embeddable":true,"href":"https:\/\/roveyayinevi.com.tr\/index.php\/wp-json\/wp\/v2\/product_cat?post=749803"},{"taxonomy":"product_tag","embeddable":true,"href":"https:\/\/roveyayinevi.com.tr\/index.php\/wp-json\/wp\/v2\/product_tag?post=749803"}],"curies":[{"name":"wp","href":"https:\/\/api.w.org\/{rel}","templated":true}]}}