{"id":749801,"date":"2025-08-28T04:04:12","date_gmt":"2025-08-28T01:04:12","guid":{"rendered":"https:\/\/roveyayinevi.com.tr\/index.php\/urun\/kehanetteki-cocuk\/"},"modified":"2026-04-16T03:03:11","modified_gmt":"2026-04-16T00:03:11","slug":"kehanetteki-cocuk","status":"publish","type":"product","link":"https:\/\/roveyayinevi.com.tr\/index.php\/urun\/kehanetteki-cocuk\/","title":{"rendered":"Kehanetteki \u00c7ocuk"},"content":{"rendered":"<p>Ya\u015fl\u0131 kay\u0131n a\u011fac\u0131n\u0131n k\u00f6klerinden baloncuklar y\u00fckselmeye ba\u015flad\u0131\u011f\u0131nda hepsinin hik\u00e2yesi de\u011fi\u015fti. Suzan, do\u011fmadan \u00f6nce Cehennem\u2019de buldu kendini. Annesinin masallar\u0131yla b\u00fcy\u00fcd\u00fc ama hi\u00e7 ummad\u0131\u011f\u0131 bir anda masal zannetti\u011fi her \u015fey, ger\u00e7e\u011fe d\u00f6n\u00fc\u015fmeye ba\u015flad\u0131. Bilinmez bir hastal\u0131k iki d\u00fcnyaya da bula\u015ft\u0131\u011f\u0131nda Suzan ait oldu\u011fu yere, Ortok\u00f6y\u2019e d\u00f6nd\u00fc. Burada onu bekleyen tehlikelerle ve bulmay\u0131 umdu\u011fu kay\u0131plar\u0131yla y\u00fczle\u015fmeye ne kadar haz\u0131r oldu\u011fundan emin de\u011fildi. Y\u0131llard\u0131r beklenen On Bir Kehaneti sonunda ger\u00e7ekle\u015fecek miydi? Suzan\u2019\u0131n heyecan verici, b\u00fcy\u00fcl\u00fc maceras\u0131 ba\u015fl\u0131yor! <\/p>\n","protected":false},"excerpt":{"rendered":"<p>Ya\u015fl\u0131 kay\u0131n a\u011fac\u0131n\u0131n k\u00f6klerinden baloncuklar y\u00fckselmeye ba\u015flad\u0131\u011f\u0131nda hepsinin hik\u00e2yesi de\u011fi\u015fti. Suzan, do\u011fmadan \u00f6nce Cehennem\u2019de buldu kendini. Annesinin masallar\u0131yla b\u00fcy\u00fcd\u00fc ama hi\u00e7 ummad\u0131\u011f\u0131 bir anda masal zannetti\u011fi<span class=\"excerpt-hellip\"> [\u2026]<\/span><\/p>\n","protected":false},"featured_media":0,"template":"","meta":{"_monsterinsights_skip_tracking":false,"_monsterinsights_sitenote_active":false,"_monsterinsights_sitenote_note":"","_monsterinsights_sitenote_category":0},"product_brand":[],"product_cat":[12291,12711],"product_tag":[],"class_list":{"0":"post-749801","1":"product","2":"type-product","3":"status-publish","5":"product_cat-edebiyat","6":"product_cat-roman-oyku","7":"pa_cilt-ciltsiz","8":"pa_tur-kitap","9":"pa_yayinevi-destek-yayinlari","10":"pa_yazar-sibel-kircadere-uslu","12":"first","13":"instock","14":"sale","15":"shipping-taxable","16":"purchasable","17":"product-type-simple"},"_links":{"self":[{"href":"https:\/\/roveyayinevi.com.tr\/index.php\/wp-json\/wp\/v2\/product\/749801","targetHints":{"allow":["GET"]}}],"collection":[{"href":"https:\/\/roveyayinevi.com.tr\/index.php\/wp-json\/wp\/v2\/product"}],"about":[{"href":"https:\/\/roveyayinevi.com.tr\/index.php\/wp-json\/wp\/v2\/types\/product"}],"wp:attachment":[{"href":"https:\/\/roveyayinevi.com.tr\/index.php\/wp-json\/wp\/v2\/media?parent=749801"}],"wp:term":[{"taxonomy":"product_brand","embeddable":true,"href":"https:\/\/roveyayinevi.com.tr\/index.php\/wp-json\/wp\/v2\/product_brand?post=749801"},{"taxonomy":"product_cat","embeddable":true,"href":"https:\/\/roveyayinevi.com.tr\/index.php\/wp-json\/wp\/v2\/product_cat?post=749801"},{"taxonomy":"product_tag","embeddable":true,"href":"https:\/\/roveyayinevi.com.tr\/index.php\/wp-json\/wp\/v2\/product_tag?post=749801"}],"curies":[{"name":"wp","href":"https:\/\/api.w.org\/{rel}","templated":true}]}}