{"id":749796,"date":"2025-08-28T04:04:05","date_gmt":"2025-08-28T01:04:05","guid":{"rendered":"https:\/\/roveyayinevi.com.tr\/index.php\/urun\/muhendislikte-meslek-ahlaki\/"},"modified":"2026-02-03T03:15:44","modified_gmt":"2026-02-03T00:15:44","slug":"muhendislikte-meslek-ahlaki","status":"publish","type":"product","link":"https:\/\/roveyayinevi.com.tr\/index.php\/urun\/muhendislikte-meslek-ahlaki\/","title":{"rendered":"M\u00fchendislikte Meslek Ahlak\u0131"},"content":{"rendered":"<p>M\u00fchendislik Ahl\u00e2k\u0131&#8217;n\u0131n derinlemesine ele al\u0131nmas\u0131 hen\u00fcz \u00e7ok yenidir; hele t\u0131p, ya da hukuktaki uygulamalar\u0131n ge\u00e7mi\u015fine bak\u0131nca emekleme \u00e7a\u011f\u0131nda say\u0131l\u0131r. M\u00fchendislerin ahl\u00e2k konusuna sistemli bir dikkatle e\u011filmesi, 1970&#8217;lerin sonuna do\u011fru ABD&#8217;de olmu\u015ftur.   Yak\u0131n zamana gelinceye dek ahl\u00e2k bilgisi, m\u00fchendislik \u00f6\u011frenimi programlar\u0131nda ayr\u0131 bir ders olarak a\u011f\u0131rl\u0131k kazanmam\u0131\u015ft\u0131. Amerika Birle\u015fik Devletleri&#8217;nin bir kurumu olan M\u00fchendislik ve Teknoloji D\u00fczey-Denklik Belirleme Kurulu (Accreditation Board for Engineering and Technology, ABET), denkli\u011fini de\u011ferlendirdi\u011fi m\u00fchendislik \u00f6\u011frenimi programlar\u0131nda, &#8220;m\u00fchendislik mesle\u011finin ahl\u00e2ksal niteliklerine de\u011fgin bir anlay\u0131\u015f&#8221;\u0131n \u00f6\u011frencilere kazand\u0131r\u0131lmas\u0131 y\u00f6n\u00fcnde \u00e7aba harcanmas\u0131n\u0131 zorunlu tuttu. T\u00fcrkiye&#8217;de ahl\u00e2k\u0131n m\u00fchendislik \u00f6\u011frenimi programlar\u0131nda yer almas\u0131 bu sayede ger\u00e7ekle\u015fti.   \u00dclk\u00fcn Tansel, bu kitapta, insanla birlikte geli\u015fen ahlak d\u00fc\u015f\u00fcncesini, insanl\u0131\u011f\u0131n ahl\u00e2k alan\u0131nda binlerce y\u0131ld\u0131r biriktirdi\u011fi b\u00fcy\u00fck bilgi hazinesini sergilemeyi ve i\u00e7inde ya\u015fad\u0131\u011f\u0131m\u0131z \u00e7alkant\u0131l\u0131 d\u00fcnyada, ba\u015f\u0131 dik aln\u0131 ak bir ya\u015fam y\u00f6n\u00fcnde bu bilgi hazinesinden yararlan\u0131lmas\u0131n\u0131 ama\u00e7lamaktad\u0131r. <\/p>\n","protected":false},"excerpt":{"rendered":"<p>M\u00fchendislik Ahl\u00e2k\u0131&#8217;n\u0131n derinlemesine ele al\u0131nmas\u0131 hen\u00fcz \u00e7ok yenidir; hele t\u0131p, ya da hukuktaki uygulamalar\u0131n ge\u00e7mi\u015fine bak\u0131nca emekleme \u00e7a\u011f\u0131nda say\u0131l\u0131r. M\u00fchendislerin ahl\u00e2k konusuna sistemli bir dikkatle e\u011filmesi,<span class=\"excerpt-hellip\"> [\u2026]<\/span><\/p>\n","protected":false},"featured_media":0,"template":"","meta":{"_monsterinsights_skip_tracking":false,"_monsterinsights_sitenote_active":false,"_monsterinsights_sitenote_note":"","_monsterinsights_sitenote_category":0},"product_brand":[],"product_cat":[12573,12566],"product_tag":[],"class_list":{"0":"post-749796","1":"product","2":"type-product","3":"status-publish","5":"product_cat-akademik-kitaplar","6":"product_cat-egitim","7":"pa_cilt-ciltsiz","8":"pa_tur-kitap","9":"pa_yayinevi-odtu-gelistirme-vakfi-yayincilik","10":"pa_yazar-ulkun-tansel","12":"first","13":"instock","14":"sale","15":"shipping-taxable","16":"purchasable","17":"product-type-simple"},"_links":{"self":[{"href":"https:\/\/roveyayinevi.com.tr\/index.php\/wp-json\/wp\/v2\/product\/749796","targetHints":{"allow":["GET"]}}],"collection":[{"href":"https:\/\/roveyayinevi.com.tr\/index.php\/wp-json\/wp\/v2\/product"}],"about":[{"href":"https:\/\/roveyayinevi.com.tr\/index.php\/wp-json\/wp\/v2\/types\/product"}],"wp:attachment":[{"href":"https:\/\/roveyayinevi.com.tr\/index.php\/wp-json\/wp\/v2\/media?parent=749796"}],"wp:term":[{"taxonomy":"product_brand","embeddable":true,"href":"https:\/\/roveyayinevi.com.tr\/index.php\/wp-json\/wp\/v2\/product_brand?post=749796"},{"taxonomy":"product_cat","embeddable":true,"href":"https:\/\/roveyayinevi.com.tr\/index.php\/wp-json\/wp\/v2\/product_cat?post=749796"},{"taxonomy":"product_tag","embeddable":true,"href":"https:\/\/roveyayinevi.com.tr\/index.php\/wp-json\/wp\/v2\/product_tag?post=749796"}],"curies":[{"name":"wp","href":"https:\/\/api.w.org\/{rel}","templated":true}]}}