{"id":749769,"date":"2025-08-28T04:03:30","date_gmt":"2025-08-28T01:03:30","guid":{"rendered":"https:\/\/roveyayinevi.com.tr\/index.php\/urun\/secme-hikayeler-fleksi\/"},"modified":"2026-04-16T03:03:10","modified_gmt":"2026-04-16T00:03:10","slug":"secme-hikayeler-fleksi","status":"publish","type":"product","link":"https:\/\/roveyayinevi.com.tr\/index.php\/urun\/secme-hikayeler-fleksi\/","title":{"rendered":"Se\u00e7me Hikayeler (Fleksi)"},"content":{"rendered":"<p>\u00d6mer Seyfettin T\u00fcrk edebiyat\u0131n\u0131n \u00f6nde gelen hik\u00e2ye yazarlar\u0131ndand\u0131r. K\u0131sa hik\u00e2yeleriyle be\u011feni kazanm\u0131\u015f ve \u00fcnlenmi\u015ftir. Dil a\u00e7\u0131s\u0131ndan da sadele\u015fmenin savunucular\u0131 aras\u0131ndad\u0131r. Konular\u0131n\u0131 genellikle kahramanl\u0131k s\u00f6ylencelerinden alan \u00d6mer Seyfettin, T\u00fcrk insan\u0131n\u0131n \u00f6zg\u00fcven ve karakterini, \u00fclkesine ba\u011fl\u0131l\u0131\u011f\u0131n\u0131 vurgulayan \u00f6yk\u00fcler kaleme alm\u0131\u015ft\u0131r. Okul \u00e7a\u011f\u0131 \u00e7ocuklar\u0131 i\u00e7in se\u00e7ilen bu \u00f6yk\u00fcler ayr\u0131ca onur, gurur, \u00e7al\u0131\u015fkanl\u0131k, d\u00fcr\u00fcstl\u00fck ve yurda ba\u011fl\u0131l\u0131k ilkeleriyle \u00f6r\u00fclmektedir. <\/p>\n","protected":false},"excerpt":{"rendered":"<p>\u00d6mer Seyfettin T\u00fcrk edebiyat\u0131n\u0131n \u00f6nde gelen hik\u00e2ye yazarlar\u0131ndand\u0131r. K\u0131sa hik\u00e2yeleriyle be\u011feni kazanm\u0131\u015f ve \u00fcnlenmi\u015ftir. Dil a\u00e7\u0131s\u0131ndan da sadele\u015fmenin savunucular\u0131 aras\u0131ndad\u0131r. Konular\u0131n\u0131 genellikle kahramanl\u0131k s\u00f6ylencelerinden alan \u00d6mer<span class=\"excerpt-hellip\"> [\u2026]<\/span><\/p>\n","protected":false},"featured_media":0,"template":"","meta":{"_monsterinsights_skip_tracking":false,"_monsterinsights_sitenote_active":false,"_monsterinsights_sitenote_note":"","_monsterinsights_sitenote_category":0},"product_brand":[],"product_cat":[12274,20117],"product_tag":[],"class_list":{"0":"post-749769","1":"product","2":"type-product","3":"status-publish","5":"product_cat-cocuk-ve-genclik-kitaplari","6":"product_cat-turk-klasikleri","7":"pa_cilt-ciltsiz","8":"pa_tur-kitap","9":"pa_yayinevi-remzi-kitabevi","10":"pa_yazar-omer-seyfettin","12":"first","13":"instock","14":"sale","15":"shipping-taxable","16":"purchasable","17":"product-type-simple"},"_links":{"self":[{"href":"https:\/\/roveyayinevi.com.tr\/index.php\/wp-json\/wp\/v2\/product\/749769","targetHints":{"allow":["GET"]}}],"collection":[{"href":"https:\/\/roveyayinevi.com.tr\/index.php\/wp-json\/wp\/v2\/product"}],"about":[{"href":"https:\/\/roveyayinevi.com.tr\/index.php\/wp-json\/wp\/v2\/types\/product"}],"wp:attachment":[{"href":"https:\/\/roveyayinevi.com.tr\/index.php\/wp-json\/wp\/v2\/media?parent=749769"}],"wp:term":[{"taxonomy":"product_brand","embeddable":true,"href":"https:\/\/roveyayinevi.com.tr\/index.php\/wp-json\/wp\/v2\/product_brand?post=749769"},{"taxonomy":"product_cat","embeddable":true,"href":"https:\/\/roveyayinevi.com.tr\/index.php\/wp-json\/wp\/v2\/product_cat?post=749769"},{"taxonomy":"product_tag","embeddable":true,"href":"https:\/\/roveyayinevi.com.tr\/index.php\/wp-json\/wp\/v2\/product_tag?post=749769"}],"curies":[{"name":"wp","href":"https:\/\/api.w.org\/{rel}","templated":true}]}}