{"id":749759,"date":"2025-08-28T04:03:16","date_gmt":"2025-08-28T01:03:16","guid":{"rendered":"https:\/\/roveyayinevi.com.tr\/index.php\/urun\/fakirdag\/"},"modified":"2026-04-16T03:03:10","modified_gmt":"2026-04-16T00:03:10","slug":"fakirdag","status":"publish","type":"product","link":"https:\/\/roveyayinevi.com.tr\/index.php\/urun\/fakirdag\/","title":{"rendered":"Fakirda\u011f"},"content":{"rendered":"<p>Ke\u015fifler, efsaneler ve oyunlarlakurulan yeni bir hayat! Gu\u0308mu\u0308s\u0327su Zaman\u0131 roman\u0131yla sevilen yazar ve c\u0327evirmen Saliha Nilu\u0308fer, bu kez soru is\u0327aretleri ve endis\u0327elerle bas\u0327layan yeni hayat\u0131na al\u0131s\u0327maya c\u0327al\u0131s\u0327an bir c\u0327ocug\u0306un hika\u0302yesine odaklan\u0131yor. Arkadas\u0327l\u0131g\u0306\u0131n, oyunlar\u0131n, dayan\u0131s\u0327man\u0131n farkl\u0131 bir s\u0327ehre al\u0131s\u0327madaki rolu\u0308nu\u0308 anlat\u0131yor. G\u00f6zlem ustal\u0131\u011f\u0131yla birle\u015fen yal\u0131n anlat\u0131m\u0131yla, \u00e7ocuklar\u0131n ve yeti\u015fkinlerin d\u00fcnyalar\u0131 aras\u0131nda sevgiyle, iyilikle in\u015fa edilen k\u00f6pr\u00fcler kuruyor. \u00c7ocuklu\u011fun hayalperest do\u011fas\u0131na g\u00f6z k\u0131rp\u0131yor. Merak duygusunun kes\u0327iflere go\u0308tu\u0308ren ve o\u0308nyarg\u0131lar\u0131 y\u0131kan gu\u0308cu\u0308nu\u0308 duyumsatan, gizem ve macerayla dolu s\u0131cac\u0131k bir roman. Derin ve ailesi, deprem sonras\u0131 yeni bir s\u0327ehre tas\u0327\u0131nmak zorunda kal\u0131r. Oturacaklar\u0131 &#8220;ocman&#8221;\u0131 yad\u0131rgayan Derin, eski evini ve al\u0131s\u0327kanl\u0131klar\u0131n\u0131 o\u0308zler. Ama deg\u0306is\u0327ik oyunlar icat etme ustas\u0131, yas\u0327\u0131t\u0131 koms\u0327ularla tan\u0131s\u0327\u0131nca is\u0327ler deg\u0306is\u0327ir. Yeni arkadas\u0327lar\u0131yla birlikte ag\u0306ac\u0327lara t\u0131rmanmaya, kay\u0131p kedinin izini su\u0308rmeye, &#8220;bahc\u0327e gatas\u0131&#8221; oynamaya, deg\u0306is\u0327ik bitkileri o\u0308g\u0306renmeye bas\u0327lar. Eskici bir dev, esrarengiz iki bu\u0308klu\u0308m ihtiyar, \u0131ss\u0131z bir bahc\u0327edeki tas\u0327 kapak&#8230; Derin&#8217;in yeni yas\u0327am\u0131nda c\u0327o\u0308zu\u0308lecek c\u0327ok gizem, ortaya c\u0327\u0131kar\u0131lacak c\u0327ok s\u0131r vard\u0131r art\u0131k&#8230;<\/p>\n","protected":false},"excerpt":{"rendered":"<p>Ke\u015fifler, efsaneler ve oyunlarlakurulan yeni bir hayat! Gu\u0308mu\u0308s\u0327su Zaman\u0131 roman\u0131yla sevilen yazar ve c\u0327evirmen Saliha Nilu\u0308fer, bu kez soru is\u0327aretleri ve endis\u0327elerle bas\u0327layan yeni hayat\u0131na al\u0131s\u0327maya<span class=\"excerpt-hellip\"> [\u2026]<\/span><\/p>\n","protected":false},"featured_media":0,"template":"","meta":{"_monsterinsights_skip_tracking":false,"_monsterinsights_sitenote_active":false,"_monsterinsights_sitenote_note":"","_monsterinsights_sitenote_category":0},"product_brand":[],"product_cat":[12274,12284],"product_tag":[],"class_list":{"0":"post-749759","1":"product","2":"type-product","3":"status-publish","5":"product_cat-cocuk-ve-genclik-kitaplari","6":"product_cat-hikayeler","7":"pa_cilt-ciltsiz","8":"pa_tur-kitap","9":"pa_yayinevi-gunisigi-kitapligi","10":"pa_yazar-saliha-nilufer","12":"first","13":"instock","14":"sale","15":"shipping-taxable","16":"purchasable","17":"product-type-simple"},"_links":{"self":[{"href":"https:\/\/roveyayinevi.com.tr\/index.php\/wp-json\/wp\/v2\/product\/749759","targetHints":{"allow":["GET"]}}],"collection":[{"href":"https:\/\/roveyayinevi.com.tr\/index.php\/wp-json\/wp\/v2\/product"}],"about":[{"href":"https:\/\/roveyayinevi.com.tr\/index.php\/wp-json\/wp\/v2\/types\/product"}],"wp:attachment":[{"href":"https:\/\/roveyayinevi.com.tr\/index.php\/wp-json\/wp\/v2\/media?parent=749759"}],"wp:term":[{"taxonomy":"product_brand","embeddable":true,"href":"https:\/\/roveyayinevi.com.tr\/index.php\/wp-json\/wp\/v2\/product_brand?post=749759"},{"taxonomy":"product_cat","embeddable":true,"href":"https:\/\/roveyayinevi.com.tr\/index.php\/wp-json\/wp\/v2\/product_cat?post=749759"},{"taxonomy":"product_tag","embeddable":true,"href":"https:\/\/roveyayinevi.com.tr\/index.php\/wp-json\/wp\/v2\/product_tag?post=749759"}],"curies":[{"name":"wp","href":"https:\/\/api.w.org\/{rel}","templated":true}]}}