{"id":749739,"date":"2025-08-28T04:02:51","date_gmt":"2025-08-28T01:02:51","guid":{"rendered":"https:\/\/roveyayinevi.com.tr\/index.php\/urun\/katma-deger-vergisi-genel-uygulama-tebligi\/"},"modified":"2026-04-16T03:03:10","modified_gmt":"2026-04-16T00:03:10","slug":"katma-deger-vergisi-genel-uygulama-tebligi","status":"publish","type":"product","link":"https:\/\/roveyayinevi.com.tr\/index.php\/urun\/katma-deger-vergisi-genel-uygulama-tebligi\/","title":{"rendered":"Katma De\u011fer Vergisi Genel Uygulama Tebli\u011fi"},"content":{"rendered":"<p>\u0130\u00e7indekiler     I. M\u00dcKELLEF\u0130YET A. VERG\u0130N\u0130N KONUSU B. VERG\u0130N\u0130N KONUSU \u0130LE \u0130LG\u0130L\u0130 \u00c7E\u015e\u0130TL\u0130 HUSUSLAR C. M\u00dcKELLEF VE VERG\u0130 SORUMLUSU \u00c7. VERG\u0130Y\u0130 DO\u011eURAN OLAY   II. \u0130ST\u0130SNALAR A. \u0130HRACAT \u0130ST\u0130SNASI B. ARA\u00c7LAR, KIYMETL\u0130 MADEN VE PETROL ARAMALARI \u0130LE ULUSAL G\u00dcVENL\u0130K HARCAMALARI VE YATIRIMLARDA \u0130ST\u0130SNA C. TA\u015eIMACILIK \u0130ST\u0130SNASI \u00c7. D\u0130PLOMAT\u0130K \u0130ST\u0130SNALAR D. \u0130THALAT \u0130ST\u0130SNASI E. \u0130ND\u0130R\u0130M VE \u0130ADE HAKKI TANINAN D\u0130\u011eER \u0130ST\u0130SNALAR F. SOSYAL VE ASKER\u0130 AMA\u00c7LI \u0130ST\u0130SNALARLA D\u0130\u011eER \u0130ST\u0130SNALAR G. GE\u00c7\u0130C\u0130 MADDELERDE YER ALAN \u0130ST\u0130SNALAR \u011e. \u0130ST\u0130SNADAN VAZGE\u00c7ME VE \u0130ST\u0130SNALARIN SINIRI   III. MATRAH, N\u0130SPET VE \u0130ND\u0130R\u0130M A. MATRAH B. ORAN C. \u0130ND\u0130R\u0130M   IV. KDV \u0130ADES\u0130NDE ORTAK HUSUSLAR A. \u0130ADE TUTARININ HESABI VE \u0130ADEYE DAYANAK \u0130\u015eLEM VE BELGELER B. \u0130ND\u0130R\u0130ML\u0130 TEM\u0130NAT UYGULAMASI S\u0130STEM\u0130 (\u0130TUS) C. HIZLANDIRILMI\u015e \u0130ADE S\u0130STEM\u0130 (H\u0130S) D. D\u0130\u011eER HUSUSLAR E. \u00d6ZEL ESASLAR   V. VERG\u0130N\u0130N TARHI VE \u00d6DENMES\u0130 A. VERG\u0130LEND\u0130RME USULLER\u0130 B. VERG\u0130LEND\u0130RME D\u00d6NEM\u0130 VE BEYAN ESASI C. TARH \u0130\u015eLEMLER\u0130 D. VERG\u0130N\u0130N \u00d6DENMES\u0130   VI. USUL H\u00dcK\u00dcMLER\u0130 VE \u00c7E\u015e\u0130TL\u0130 HUSUSLAR A.USUL H\u00dcK\u00dcMLER\u0130 B. \u00c7E\u015e\u0130TL\u0130 HUSUSLAR C. Y\u00dcR\u00dcRL\u00dcKTEN KALDIRILAN TEBL\u0130\u011eLER \u00c7. GE\u00c7\u0130C\u0130 H\u00dcK\u00dcMLER D. Y\u00dcR\u00dcRL\u00dcK <\/p>\n","protected":false},"excerpt":{"rendered":"<p>\u0130\u00e7indekiler I. M\u00dcKELLEF\u0130YET A. VERG\u0130N\u0130N KONUSU B. VERG\u0130N\u0130N KONUSU \u0130LE \u0130LG\u0130L\u0130 \u00c7E\u015e\u0130TL\u0130 HUSUSLAR C. M\u00dcKELLEF VE VERG\u0130 SORUMLUSU \u00c7. VERG\u0130Y\u0130 DO\u011eURAN OLAY II. \u0130ST\u0130SNALAR A. \u0130HRACAT<span class=\"excerpt-hellip\"> [\u2026]<\/span><\/p>\n","protected":false},"featured_media":0,"template":"","meta":{"_monsterinsights_skip_tracking":false,"_monsterinsights_sitenote_active":false,"_monsterinsights_sitenote_note":"","_monsterinsights_sitenote_category":0},"product_brand":[],"product_cat":[13043,14381],"product_tag":[],"class_list":{"0":"post-749739","1":"product","2":"type-product","3":"status-publish","5":"product_cat-ekonomi","6":"product_cat-isletme-muhasebe-maliye","7":"pa_cilt-ciltsiz","8":"pa_tur-kitap","9":"pa_yayinevi-gazi-kitabevi","10":"pa_yazar-kaan-demiroglu","12":"first","13":"instock","14":"sale","15":"shipping-taxable","16":"purchasable","17":"product-type-simple"},"_links":{"self":[{"href":"https:\/\/roveyayinevi.com.tr\/index.php\/wp-json\/wp\/v2\/product\/749739","targetHints":{"allow":["GET"]}}],"collection":[{"href":"https:\/\/roveyayinevi.com.tr\/index.php\/wp-json\/wp\/v2\/product"}],"about":[{"href":"https:\/\/roveyayinevi.com.tr\/index.php\/wp-json\/wp\/v2\/types\/product"}],"wp:attachment":[{"href":"https:\/\/roveyayinevi.com.tr\/index.php\/wp-json\/wp\/v2\/media?parent=749739"}],"wp:term":[{"taxonomy":"product_brand","embeddable":true,"href":"https:\/\/roveyayinevi.com.tr\/index.php\/wp-json\/wp\/v2\/product_brand?post=749739"},{"taxonomy":"product_cat","embeddable":true,"href":"https:\/\/roveyayinevi.com.tr\/index.php\/wp-json\/wp\/v2\/product_cat?post=749739"},{"taxonomy":"product_tag","embeddable":true,"href":"https:\/\/roveyayinevi.com.tr\/index.php\/wp-json\/wp\/v2\/product_tag?post=749739"}],"curies":[{"name":"wp","href":"https:\/\/api.w.org\/{rel}","templated":true}]}}