{"id":749730,"date":"2025-08-28T04:02:42","date_gmt":"2025-08-28T01:02:42","guid":{"rendered":"https:\/\/roveyayinevi.com.tr\/index.php\/urun\/ekonomik-guc-bilim-ve-teknoloji\/"},"modified":"2026-04-16T03:03:10","modified_gmt":"2026-04-16T00:03:10","slug":"ekonomik-guc-bilim-ve-teknoloji","status":"publish","type":"product","link":"https:\/\/roveyayinevi.com.tr\/index.php\/urun\/ekonomik-guc-bilim-ve-teknoloji\/","title":{"rendered":"Ekonomik G\u00fc\u00e7: Bilim ve Teknoloji"},"content":{"rendered":"<p>\u0130nsano\u011flunun geli\u015fim tarihine perspektif bir yakla\u015f\u0131mla bak\u0131ld\u0131\u011f\u0131nda ya\u015fanan her d\u00f6n\u00fcm noktas\u0131nda teknoloji fakt\u00f6r\u00fcn belirleyici bir rol oynad\u0131\u011f\u0131 g\u00f6r\u00fclecektir. \u0130lgili literat\u00fcrde devirlere, \u00e7a\u011flara veya devrimlere ayr\u0131lan tarihi kader noktalan \u00fczerinde adland\u0131rma ve s\u0131n\u0131fland\u0131rma farkl\u0131l\u0131\u011f\u0131 d\u0131\u015f\u0131nda olaylar \u00fczerinde lam bir ittifak s\u00f6z konusudur, tnsanlar\u0131n ilk geli\u015ftirdikleri teknoloji ta\u015f ara\u00e7-gere\u00e7lerdir. Ta\u015f\u0131n g\u00fcnl\u00fck hayatta ve avc\u0131l\u0131kta kullan\u0131lmas\u0131 ile birlikte insan i\u00e7in yeni bir ekonomik ve sosyal d\u00f6nem ba\u015flam\u0131\u015ft\u0131r. \u0130lkel toplumdan tar\u0131m toplumuna ge\u00e7erek topra\u011f\u0131n kullan\u0131lmas\u0131 ve i\u015flenmesiyle de i\u00e7inde bulunulan d\u00f6nem \u015fartlar\u0131 itibariyle yeni bir \u00fcretim tarz\u0131 ile yeni bir teknolojik devrim ya\u015fanm\u0131\u015f olup bu de\u011fi\u015fim, ekonomik ve toplumsal hayat \u00fczerinde k\u00f6kl\u00fc ve radikal etkilere neden olmu\u015ftur.Tar\u0131m toplumundan sanayi toplumuna ge\u00e7i\u015fi sa\u011flayan Birinci Sanayi Devrimi ile birlikle eskiye g\u00f6re daha h\u0131zl\u0131 de\u011fi\u015fim d\u00f6nemleri ba\u015flam\u0131\u015f oldu. \u00d6nemli teknolojik bulu\u015flar\u0131n s\u0131kl\u0131\u011f\u0131na paralel olarak toplumsal ve ekonomik de\u011fi\u015fim aral\u0131klar\u0131 da k\u0131salm\u0131\u015ft\u0131r. Sanayi Devrimine kadar binlerce y\u0131l s\u00fcren her bir d\u00f6nem 18. yy`\u0131n ortalar\u0131nda ba\u015flayan Birinci Sanayi Devrimi ile 20, yy`\u0131n ba\u015f\u0131nda ortaya \u00e7\u0131kan \u0130kinci Sanayi Devrimi aras\u0131nda yakla\u015f\u0131k 150 y\u0131ll\u0131k bir zaman aral\u0131\u011f\u0131 vard\u0131r, ikinci Sanayi Devriminden sonra ise, 1950`lcrdc ABD`n\u0131n \u00f6nderli\u011finde ortaya \u00e7\u0131kan baz\u0131lar\u0131n\u0131n otomasyon \u00e7a\u011f\u0131, baz\u0131lar\u0131n\u0131n ise, \u00dc\u00e7\u00fcnc\u00fc Sanayi Devrimi dedikleri bir d\u00f6neme giriliyor. 1960`l\u0131 ve 1970`li y\u0131llar ise elektronik \u00e7a\u011f\u0131 ve uzay \u00e7a\u011f\u0131 diye adland\u0131r\u0131lmak suretiyle s\u0131kla\u015fan zaman aral\u0131klar\u0131n\u0131 sembolize eden ifadeler alm\u0131\u015flard\u0131r.1980`lere gelindi\u011finde ise teknoloji endeksli de\u011fi\u015fime ili\u015fkin d\u00f6nemler titre\u015fimlere d\u00f6n\u00fc\u015ferek t\u00fcm de\u011fi\u015fimlerin temel nedeni olan bilgi son olarak i\u00e7inde bulundu\u011fumuz d\u00f6neme damgas\u0131n\u0131 vurmu\u015ftur.De\u011fi\u015fimin t\u00fcr\u00fc ne olursa olsun, nas\u0131l adland\u0131r\u0131l\u0131rca adland\u0131r\u0131ls\u0131n her t\u00fcrl\u00fc de\u011fi\u015fim ve ger\u00e7ekle\u015fti\u011fi d\u00f6nem bilgi merkezli ve bilgiye endeksli olmu\u015ftur. De\u011fi\u015fimin bilgi temelli oldu\u011funu ifade etmek asl\u0131nda, i\u00e7inde bulundu\u011fumuz d\u00f6nemi tam olarak a\u00e7\u0131klamamak\u00eead\u0131r. T\u00fcm tarihi d\u00f6n\u00fcm noktalar\u0131nda bilgi belirleyici olmu\u015ftur. Ancak i\u00e7inde bulundu\u011fumuz d\u00f6nem ile di\u011ferlerini birbirinden ayr\u0131n unsur bilginin kullan\u0131m ve belirleyicilik yo\u011funlu\u011funun yan\u0131 s\u0131ra bilginin g\u00fcn\u00fcm\u00fczde hem girdi hem de \u00e7\u0131kt\u0131 fonksiyonunu kazanmas\u0131d\u0131r. Hi\u00e7 bir d\u00f6nemde bilgi bu kadar hayata hakim olmam\u0131\u015f ve bu kadar belirleyicilik ve etkinlik kazanmam\u0131\u015ft\u0131r. Dolay\u0131s\u0131yla hakl\u0131 olarak \u00e7a\u011fa ad\u0131n\u0131 vurmaktad\u0131r.<\/p>\n","protected":false},"excerpt":{"rendered":"<p>\u0130nsano\u011flunun geli\u015fim tarihine perspektif bir yakla\u015f\u0131mla bak\u0131ld\u0131\u011f\u0131nda ya\u015fanan her d\u00f6n\u00fcm noktas\u0131nda teknoloji fakt\u00f6r\u00fcn belirleyici bir rol oynad\u0131\u011f\u0131 g\u00f6r\u00fclecektir. \u0130lgili literat\u00fcrde devirlere, \u00e7a\u011flara veya devrimlere ayr\u0131lan tarihi<span class=\"excerpt-hellip\"> [\u2026]<\/span><\/p>\n","protected":false},"featured_media":0,"template":"","meta":{"_monsterinsights_skip_tracking":false,"_monsterinsights_sitenote_active":false,"_monsterinsights_sitenote_note":"","_monsterinsights_sitenote_category":0},"product_brand":[],"product_cat":[20333,13043],"product_tag":[],"class_list":{"0":"post-749730","1":"product","2":"type-product","3":"status-publish","5":"product_cat-diger-ekonomi","6":"product_cat-ekonomi","7":"pa_cilt-ciltsiz","8":"pa_tur-kitap","9":"pa_yayinevi-odak-yayinevi","10":"pa_yazar-a-kadir-kokocak","12":"first","13":"instock","14":"sale","15":"shipping-taxable","16":"purchasable","17":"product-type-simple"},"_links":{"self":[{"href":"https:\/\/roveyayinevi.com.tr\/index.php\/wp-json\/wp\/v2\/product\/749730","targetHints":{"allow":["GET"]}}],"collection":[{"href":"https:\/\/roveyayinevi.com.tr\/index.php\/wp-json\/wp\/v2\/product"}],"about":[{"href":"https:\/\/roveyayinevi.com.tr\/index.php\/wp-json\/wp\/v2\/types\/product"}],"wp:attachment":[{"href":"https:\/\/roveyayinevi.com.tr\/index.php\/wp-json\/wp\/v2\/media?parent=749730"}],"wp:term":[{"taxonomy":"product_brand","embeddable":true,"href":"https:\/\/roveyayinevi.com.tr\/index.php\/wp-json\/wp\/v2\/product_brand?post=749730"},{"taxonomy":"product_cat","embeddable":true,"href":"https:\/\/roveyayinevi.com.tr\/index.php\/wp-json\/wp\/v2\/product_cat?post=749730"},{"taxonomy":"product_tag","embeddable":true,"href":"https:\/\/roveyayinevi.com.tr\/index.php\/wp-json\/wp\/v2\/product_tag?post=749730"}],"curies":[{"name":"wp","href":"https:\/\/api.w.org\/{rel}","templated":true}]}}