{"id":749728,"date":"2025-08-28T04:02:41","date_gmt":"2025-08-28T01:02:41","guid":{"rendered":"https:\/\/roveyayinevi.com.tr\/index.php\/urun\/ozgurlesemeyen-kadin-odak-yayinevi\/"},"modified":"2026-04-16T03:03:09","modified_gmt":"2026-04-16T00:03:09","slug":"ozgurlesemeyen-kadin-odak-yayinevi","status":"publish","type":"product","link":"https:\/\/roveyayinevi.com.tr\/index.php\/urun\/ozgurlesemeyen-kadin-odak-yayinevi\/","title":{"rendered":"\u00d6zg\u00fcrle\u015femeyen Kad\u0131n Odak Yay\u0131nevi"},"content":{"rendered":"<p>Kadin erkek iliskileri ve kadinligin g\u00f6r\u00fcnen\/g\u00f6r\u00fcnmeyen b\u00fct\u00fcn durumlari&#8221; iktidar egemenlik iliskileri ile mutlaka baglantilidir. Kadini&#8221; bedeninden baslayarak&#8221; erkegin karsisinda d\u00fcs\u00fck&#8221; asagi ve bagimli konuma yerlestiren her iktidar iliskisi ise egemenden yana isleyen bir g\u00fc\u00e7 iliskisidir. Bu t\u00fcr bir iliski kadinin kendisiyle ilgili hi\u00e7bir karari kendisinin almamasi gibi bir sonucu dogurur.Tek parti d\u00f6nemi&#8221; toplumsal cinsiyet anlayisi ve kurgulamasi a\u00e7isindan&#8221; T\u00fcrkiye&#8217;de kadinin \u00f6n\u00fcnde bulunan imkansizliklarin olusturdugu ve t\u00fcm zamanlar i\u00e7in ge\u00e7erli kilinmasinin saglandigi ve kadinlarin erkek oligarsisini hi\u00e7bir kurum ve kurulusta yikamamalarinin temellerinin atildigi bir d\u00f6nemdir diyebiliriz.<\/p>\n","protected":false},"excerpt":{"rendered":"<p>Kadin erkek iliskileri ve kadinligin g\u00f6r\u00fcnen\/g\u00f6r\u00fcnmeyen b\u00fct\u00fcn durumlari&#8221; iktidar egemenlik iliskileri ile mutlaka baglantilidir. Kadini&#8221; bedeninden baslayarak&#8221; erkegin karsisinda d\u00fcs\u00fck&#8221; asagi ve bagimli konuma yerlestiren her<span class=\"excerpt-hellip\"> [\u2026]<\/span><\/p>\n","protected":false},"featured_media":0,"template":"","meta":{"_monsterinsights_skip_tracking":false,"_monsterinsights_sitenote_active":false,"_monsterinsights_sitenote_note":"","_monsterinsights_sitenote_category":0},"product_brand":[],"product_cat":[13252,12324],"product_tag":[],"class_list":{"0":"post-749728","1":"product","2":"type-product","3":"status-publish","5":"product_cat-kadin-calismalari","6":"product_cat-sosyoloji","7":"pa_cilt-ciltsiz","8":"pa_tur-kitap","9":"pa_yayinevi-odak-yayinevi","10":"pa_yazar-belma-tokuroglu","12":"first","13":"instock","14":"sale","15":"shipping-taxable","16":"purchasable","17":"product-type-simple"},"_links":{"self":[{"href":"https:\/\/roveyayinevi.com.tr\/index.php\/wp-json\/wp\/v2\/product\/749728","targetHints":{"allow":["GET"]}}],"collection":[{"href":"https:\/\/roveyayinevi.com.tr\/index.php\/wp-json\/wp\/v2\/product"}],"about":[{"href":"https:\/\/roveyayinevi.com.tr\/index.php\/wp-json\/wp\/v2\/types\/product"}],"wp:attachment":[{"href":"https:\/\/roveyayinevi.com.tr\/index.php\/wp-json\/wp\/v2\/media?parent=749728"}],"wp:term":[{"taxonomy":"product_brand","embeddable":true,"href":"https:\/\/roveyayinevi.com.tr\/index.php\/wp-json\/wp\/v2\/product_brand?post=749728"},{"taxonomy":"product_cat","embeddable":true,"href":"https:\/\/roveyayinevi.com.tr\/index.php\/wp-json\/wp\/v2\/product_cat?post=749728"},{"taxonomy":"product_tag","embeddable":true,"href":"https:\/\/roveyayinevi.com.tr\/index.php\/wp-json\/wp\/v2\/product_tag?post=749728"}],"curies":[{"name":"wp","href":"https:\/\/api.w.org\/{rel}","templated":true}]}}