{"id":749725,"date":"2025-08-28T04:02:38","date_gmt":"2025-08-28T01:02:38","guid":{"rendered":"https:\/\/roveyayinevi.com.tr\/index.php\/urun\/psikiyatriden-psikiyatriye-bakislar\/"},"modified":"2026-04-16T03:03:09","modified_gmt":"2026-04-16T00:03:09","slug":"psikiyatriden-psikiyatriye-bakislar","status":"publish","type":"product","link":"https:\/\/roveyayinevi.com.tr\/index.php\/urun\/psikiyatriden-psikiyatriye-bakislar\/","title":{"rendered":"Psikiyatriden Psikiyatriye Bak\u0131\u015flar"},"content":{"rendered":"<p>Psikiyatrinin gerek teorik yap\u0131s\u0131 gerek uygulamalar\u0131yla t\u0131p i\u00e7indeki \u00f6zg\u00fcn yerini genel entelekt\u00fcel okuyucuya iletmeye ve tart\u0131\u015fmaya \u00e7al\u0131\u015fan \u00f6nceki \u00e7al\u0131\u015fmalar\u0131ndan sonra G\u00f6ka, bu kitab\u0131nda da &#8220;k\u00fcreselle\u015fme&#8221;den &#8220;erkek arzusu&#8221;na, &#8220;zihin denetimi&#8221;nden &#8220;\u00f6l\u00fcm psikoloji&#8221;ne hepimizi ilgilendiren alanlara Psikiyatriden bakmaya \u00e7al\u0131\u015fmas\u0131n\u0131n yan\u0131 s\u0131ra bak\u0131\u015flar\u0131n\u0131 &#8220;biyolojik psikiyatri&#8221;den &#8220;bedenin dilsel yap\u0131s\u0131&#8221;na, &#8220;plasebo&#8221;dan &#8220;psikoterapide teori ve teknik&#8221;e Psikiyatrinin i\u00e7inden Psikiyatriye do\u011fru kayd\u0131rm\u0131\u015ft\u0131r. &#8220;Bir edebiyat olarak hasta&#8221;, &#8220;Psikiyatrinin duyguya bak\u0131\u015f\u0131&#8221; gibi yaz\u0131lar da psikiyatrinin mevcut haline bak\u0131\u015flar, olduk\u00e7a ele\u015ftirel bir hal alm\u0131\u015ft\u0131r.<\/p>\n","protected":false},"excerpt":{"rendered":"<p>Psikiyatrinin gerek teorik yap\u0131s\u0131 gerek uygulamalar\u0131yla t\u0131p i\u00e7indeki \u00f6zg\u00fcn yerini genel entelekt\u00fcel okuyucuya iletmeye ve tart\u0131\u015fmaya \u00e7al\u0131\u015fan \u00f6nceki \u00e7al\u0131\u015fmalar\u0131ndan sonra G\u00f6ka, bu kitab\u0131nda da &#8220;k\u00fcreselle\u015fme&#8221;den &#8220;erkek<span class=\"excerpt-hellip\"> [\u2026]<\/span><\/p>\n","protected":false},"featured_media":0,"template":"","meta":{"_monsterinsights_skip_tracking":false,"_monsterinsights_sitenote_active":false,"_monsterinsights_sitenote_note":"","_monsterinsights_sitenote_category":0},"product_brand":[],"product_cat":[12358,12357],"product_tag":[],"class_list":{"0":"post-749725","1":"product","2":"type-product","3":"status-publish","5":"product_cat-genel-psikoloji","6":"product_cat-psikoloji","7":"pa_cilt-ciltsiz","8":"pa_tur-kitap","9":"pa_yayinevi-odak-yayinevi","10":"pa_yazar-erol-goka","12":"first","13":"instock","14":"sale","15":"shipping-taxable","16":"purchasable","17":"product-type-simple"},"_links":{"self":[{"href":"https:\/\/roveyayinevi.com.tr\/index.php\/wp-json\/wp\/v2\/product\/749725","targetHints":{"allow":["GET"]}}],"collection":[{"href":"https:\/\/roveyayinevi.com.tr\/index.php\/wp-json\/wp\/v2\/product"}],"about":[{"href":"https:\/\/roveyayinevi.com.tr\/index.php\/wp-json\/wp\/v2\/types\/product"}],"wp:attachment":[{"href":"https:\/\/roveyayinevi.com.tr\/index.php\/wp-json\/wp\/v2\/media?parent=749725"}],"wp:term":[{"taxonomy":"product_brand","embeddable":true,"href":"https:\/\/roveyayinevi.com.tr\/index.php\/wp-json\/wp\/v2\/product_brand?post=749725"},{"taxonomy":"product_cat","embeddable":true,"href":"https:\/\/roveyayinevi.com.tr\/index.php\/wp-json\/wp\/v2\/product_cat?post=749725"},{"taxonomy":"product_tag","embeddable":true,"href":"https:\/\/roveyayinevi.com.tr\/index.php\/wp-json\/wp\/v2\/product_tag?post=749725"}],"curies":[{"name":"wp","href":"https:\/\/api.w.org\/{rel}","templated":true}]}}