{"id":749710,"date":"2025-08-28T04:02:23","date_gmt":"2025-08-28T01:02:23","guid":{"rendered":"https:\/\/roveyayinevi.com.tr\/index.php\/urun\/dogadan-ikonlar\/"},"modified":"2026-04-16T03:03:09","modified_gmt":"2026-04-16T00:03:09","slug":"dogadan-ikonlar","status":"publish","type":"product","link":"https:\/\/roveyayinevi.com.tr\/index.php\/urun\/dogadan-ikonlar\/","title":{"rendered":"Do\u011fadan \u0130konlar"},"content":{"rendered":"<p>Bir foto\u011fraf \u00e7ekildi\u011fi, \u00f6zellikle sergilendi\u011fi veya kitaba bas\u0131ld\u0131\u011f\u0131 anda, asl\u0131nda izleyenler i\u00e7in \u00e7ok a\u00e7\u0131k bir mesaj iletir. Foto\u011fraf\u00e7\u0131 ve foto\u011fraf\u0131 bask\u0131 i\u00e7in se\u00e7en ki\u015filerden potansiyel izleyicilere giden bu mesaj \u201cburada bir anlam var, buna bak g\u00f6r ve anla, yorumla\u201d mesaj\u0131d\u0131r\u2026 Bakmak ile g\u00f6rmek aras\u0131ndaki fark\u0131n ay\u0131rd\u0131nda olan, bilgi sahibi izleyiciler i\u00e7in Sefer \u00d6r\u00e7en\u2019in bu \u00e7al\u0131\u015fmas\u0131ndaki foto\u011fraflar, g\u00f6r\u00fcnenin \u00f6tesinde \u00e7a\u011fr\u0131\u015f\u0131mlara ve yorumlara olanak tan\u0131yan eserlerdir\u2026 Alahattin Kanl\u0131o\u011flu   Sefer \u00d6r\u00e7en, dendrofotografik eserinde; de\u011fi\u015fik a\u011fa\u00e7 kabuklar\u0131ndaki gizemli soyut ya\u015fam\u0131n fig\u00fcrlere nas\u0131l anlamlar y\u00fckledi\u011fini foto\u011fraflar e\u015fli\u011finde anlat\u0131yor. Foto\u011fraflardaki gizli bi\u00e7imler sanat\u00e7\u0131n\u0131n g\u00f6rme becerisiyle bir anlam kazan\u0131yor\u2026. Mehmet Sak\u0131n\u00e7<\/p>\n","protected":false},"excerpt":{"rendered":"<p>Bir foto\u011fraf \u00e7ekildi\u011fi, \u00f6zellikle sergilendi\u011fi veya kitaba bas\u0131ld\u0131\u011f\u0131 anda, asl\u0131nda izleyenler i\u00e7in \u00e7ok a\u00e7\u0131k bir mesaj iletir. Foto\u011fraf\u00e7\u0131 ve foto\u011fraf\u0131 bask\u0131 i\u00e7in se\u00e7en ki\u015filerden potansiyel izleyicilere<span class=\"excerpt-hellip\"> [\u2026]<\/span><\/p>\n","protected":false},"featured_media":0,"template":"","meta":{"_monsterinsights_skip_tracking":false,"_monsterinsights_sitenote_active":false,"_monsterinsights_sitenote_note":"","_monsterinsights_sitenote_category":0},"product_brand":[],"product_cat":[12777,12291],"product_tag":[],"class_list":{"0":"post-749710","1":"product","2":"type-product","3":"status-publish","5":"product_cat-deneme","6":"product_cat-edebiyat","7":"pa_cilt-ciltsiz","8":"pa_tur-kitap","9":"pa_yayinevi-platanus-publishing","10":"pa_yazar-sefer-orcen","12":"first","13":"instock","14":"sale","15":"shipping-taxable","16":"purchasable","17":"product-type-simple"},"_links":{"self":[{"href":"https:\/\/roveyayinevi.com.tr\/index.php\/wp-json\/wp\/v2\/product\/749710","targetHints":{"allow":["GET"]}}],"collection":[{"href":"https:\/\/roveyayinevi.com.tr\/index.php\/wp-json\/wp\/v2\/product"}],"about":[{"href":"https:\/\/roveyayinevi.com.tr\/index.php\/wp-json\/wp\/v2\/types\/product"}],"wp:attachment":[{"href":"https:\/\/roveyayinevi.com.tr\/index.php\/wp-json\/wp\/v2\/media?parent=749710"}],"wp:term":[{"taxonomy":"product_brand","embeddable":true,"href":"https:\/\/roveyayinevi.com.tr\/index.php\/wp-json\/wp\/v2\/product_brand?post=749710"},{"taxonomy":"product_cat","embeddable":true,"href":"https:\/\/roveyayinevi.com.tr\/index.php\/wp-json\/wp\/v2\/product_cat?post=749710"},{"taxonomy":"product_tag","embeddable":true,"href":"https:\/\/roveyayinevi.com.tr\/index.php\/wp-json\/wp\/v2\/product_tag?post=749710"}],"curies":[{"name":"wp","href":"https:\/\/api.w.org\/{rel}","templated":true}]}}