{"id":749689,"date":"2025-08-28T04:01:58","date_gmt":"2025-08-28T01:01:58","guid":{"rendered":"https:\/\/roveyayinevi.com.tr\/index.php\/urun\/hayat-sanat-sanat-tarihi\/"},"modified":"2026-04-16T03:03:09","modified_gmt":"2026-04-16T00:03:09","slug":"hayat-sanat-sanat-tarihi","status":"publish","type":"product","link":"https:\/\/roveyayinevi.com.tr\/index.php\/urun\/hayat-sanat-sanat-tarihi\/","title":{"rendered":"Hayat, Sanat, Sanat Tarihi"},"content":{"rendered":"<p>Alp Do\u011fu Eser bu kitab\u0131nda, kendi perspektifinden hayat, sanat ve sanat tarihinden \u00e7e\u015fitli kesitler sunuyor. Herkesin kamuya fikir ve d\u00fc\u015f\u00fcncelerini beyan etmekten bir an bile geri durmad\u0131\u011f\u0131 bu tarihlerde, benzer bir tavr\u0131 sergilemeyi ye\u011fleyerek, birikerek k\u00fctleler haline gelen \u201cd\u00fc\u015f\u00fcnce sellerine\u201d kendi y\u0131\u011f\u0131nlar\u0131yla katk\u0131 sunmay\u0131 arzuluyor; &#8220;\u2026hocalar\u0131m\u0131za, paralel evrende olsa da \u2018y\u00fcr\u00fc ya talebem\u2019 dedirtmeyi hayal etmi\u015f bile olabilirim. &#8230;gen\u00e7 sanat\u00e7\u0131lara, sanatlar\u0131n\u0131 icra edebilecekleri d\u00fczg\u00fcn ko\u015fullar\u0131 sa\u011flayabilir, sa\u011flanmas\u0131na katk\u0131da bulunabilirseniz, bu onlar i\u00e7in en b\u00fcy\u00fck \u00f6d\u00fcl olacakt\u0131r.&#8221; Evet, sanat tarih\u00e7ili\u011fi bir meslektir, iyi ve ho\u015ftur; \u015fayet icra edecek bir alan bulabilirseniz. O zaman denilebilir ki sanat\u00e7\u0131lar hem duyarl\u0131lar hem de \u00e7ekingenler. Sanat\u00e7\u0131lar\u0131n an\u0131lan ve an\u0131lmayan bir\u00e7ok eseri yaln\u0131zca bir kentin aynas\u0131 olamayacak kadar anlaml\u0131, ayna olduklar\u0131 da kent de\u011fil, insanl\u0131k.  <\/p>\n","protected":false},"excerpt":{"rendered":"<p>Alp Do\u011fu Eser bu kitab\u0131nda, kendi perspektifinden hayat, sanat ve sanat tarihinden \u00e7e\u015fitli kesitler sunuyor. Herkesin kamuya fikir ve d\u00fc\u015f\u00fcncelerini beyan etmekten bir an bile geri<span class=\"excerpt-hellip\"> [\u2026]<\/span><\/p>\n","protected":false},"featured_media":0,"template":"","meta":{"_monsterinsights_skip_tracking":false,"_monsterinsights_sitenote_active":false,"_monsterinsights_sitenote_note":"","_monsterinsights_sitenote_category":0},"product_brand":[],"product_cat":[12408,14197],"product_tag":[],"class_list":{"0":"post-749689","1":"product","2":"type-product","3":"status-publish","5":"product_cat-sanat","6":"product_cat-sanat-tarihi","7":"pa_cilt-ciltsiz","8":"pa_tur-kitap","9":"pa_yayinevi-myrina-yayinlari","10":"pa_yazar-alp-dogu-eser","12":"first","13":"instock","14":"sale","15":"shipping-taxable","16":"purchasable","17":"product-type-simple"},"_links":{"self":[{"href":"https:\/\/roveyayinevi.com.tr\/index.php\/wp-json\/wp\/v2\/product\/749689","targetHints":{"allow":["GET"]}}],"collection":[{"href":"https:\/\/roveyayinevi.com.tr\/index.php\/wp-json\/wp\/v2\/product"}],"about":[{"href":"https:\/\/roveyayinevi.com.tr\/index.php\/wp-json\/wp\/v2\/types\/product"}],"wp:attachment":[{"href":"https:\/\/roveyayinevi.com.tr\/index.php\/wp-json\/wp\/v2\/media?parent=749689"}],"wp:term":[{"taxonomy":"product_brand","embeddable":true,"href":"https:\/\/roveyayinevi.com.tr\/index.php\/wp-json\/wp\/v2\/product_brand?post=749689"},{"taxonomy":"product_cat","embeddable":true,"href":"https:\/\/roveyayinevi.com.tr\/index.php\/wp-json\/wp\/v2\/product_cat?post=749689"},{"taxonomy":"product_tag","embeddable":true,"href":"https:\/\/roveyayinevi.com.tr\/index.php\/wp-json\/wp\/v2\/product_tag?post=749689"}],"curies":[{"name":"wp","href":"https:\/\/api.w.org\/{rel}","templated":true}]}}