{"id":749687,"date":"2025-08-28T04:01:54","date_gmt":"2025-08-28T01:01:54","guid":{"rendered":"https:\/\/roveyayinevi.com.tr\/index.php\/urun\/kurk-mantolu-madonna-30\/"},"modified":"2026-04-16T03:03:08","modified_gmt":"2026-04-16T00:03:08","slug":"kurk-mantolu-madonna-30","status":"publish","type":"product","link":"https:\/\/roveyayinevi.com.tr\/index.php\/urun\/kurk-mantolu-madonna-30\/","title":{"rendered":"K\u00fcrk Mantolu Madonna"},"content":{"rendered":"<p>Bir k\u00fc\u00e7\u00fck burjuva ailesinin i\u00e7 y\u00fcz\u00fcn\u00fc ve k\u00fc\u00e7\u00fck burjuva a\u015fk\u0131n\u0131 t\u00fcm ger\u00e7ekli\u011fi ile anlatan roman, Berlin, Havran ve Ankara\u2019da ge\u00e7mektedir. Buralardaki mekanlar\u0131n, durumlar\u0131n anlat\u0131l\u0131\u015f\u0131 o kadar ger\u00e7ek\u00e7idir ki kitab\u0131n b\u00fct\u00fcn\u00fcne sinmi\u015f a\u015fk, \u00f6zellikle platonik a\u015fk, pi\u015fmanl\u0131k, kavu\u015famama, \u00f6zlem gibi duygular\u0131 okur hep kendi ya\u015fam\u0131nda da duyumsam\u0131\u015f ve kitap yay\u0131nland\u0131\u011f\u0131 g\u00fcnden bug\u00fcne pop\u00fclerli\u011fini korunu\u015ftur. Romanda gen\u00e7lik y\u0131lar\u0131nda babas\u0131n\u0131n iste\u011fi \u00fczerine Berlin\u2019e giden Raif efendinin bir resim galeri gezisinde rastlad\u0131\u011f\u0131 bir tablodaki kad\u0131na platonik olarak \u00e2\u015f\u0131k olmas\u0131yla ba\u015flayan olaylar\u0131n sonunda yurda d\u00f6nmesi ve istemedi\u011fi, daha do\u011frusu \u00e2\u015f\u0131k olmad\u0131\u011f\u0131 bir halde bir evlilik yapmas\u0131yla devam eder. <\/p>\n","protected":false},"excerpt":{"rendered":"<p>Bir k\u00fc\u00e7\u00fck burjuva ailesinin i\u00e7 y\u00fcz\u00fcn\u00fc ve k\u00fc\u00e7\u00fck burjuva a\u015fk\u0131n\u0131 t\u00fcm ger\u00e7ekli\u011fi ile anlatan roman, Berlin, Havran ve Ankara\u2019da ge\u00e7mektedir. Buralardaki mekanlar\u0131n, durumlar\u0131n anlat\u0131l\u0131\u015f\u0131 o kadar<span class=\"excerpt-hellip\"> [\u2026]<\/span><\/p>\n","protected":false},"featured_media":0,"template":"","meta":{"_monsterinsights_skip_tracking":false,"_monsterinsights_sitenote_active":false,"_monsterinsights_sitenote_note":"","_monsterinsights_sitenote_category":0},"product_brand":[],"product_cat":[12291,12711],"product_tag":[],"class_list":{"0":"post-749687","1":"product","2":"type-product","3":"status-publish","5":"product_cat-edebiyat","6":"product_cat-roman-oyku","7":"pa_cilt-ciltsiz","8":"pa_tur-kitap","9":"pa_yayinevi-myrina-yayinlari","10":"pa_yazar-sabahattin-ali","12":"first","13":"instock","14":"sale","15":"shipping-taxable","16":"purchasable","17":"product-type-simple"},"_links":{"self":[{"href":"https:\/\/roveyayinevi.com.tr\/index.php\/wp-json\/wp\/v2\/product\/749687","targetHints":{"allow":["GET"]}}],"collection":[{"href":"https:\/\/roveyayinevi.com.tr\/index.php\/wp-json\/wp\/v2\/product"}],"about":[{"href":"https:\/\/roveyayinevi.com.tr\/index.php\/wp-json\/wp\/v2\/types\/product"}],"wp:attachment":[{"href":"https:\/\/roveyayinevi.com.tr\/index.php\/wp-json\/wp\/v2\/media?parent=749687"}],"wp:term":[{"taxonomy":"product_brand","embeddable":true,"href":"https:\/\/roveyayinevi.com.tr\/index.php\/wp-json\/wp\/v2\/product_brand?post=749687"},{"taxonomy":"product_cat","embeddable":true,"href":"https:\/\/roveyayinevi.com.tr\/index.php\/wp-json\/wp\/v2\/product_cat?post=749687"},{"taxonomy":"product_tag","embeddable":true,"href":"https:\/\/roveyayinevi.com.tr\/index.php\/wp-json\/wp\/v2\/product_tag?post=749687"}],"curies":[{"name":"wp","href":"https:\/\/api.w.org\/{rel}","templated":true}]}}