{"id":749683,"date":"2025-08-28T04:01:50","date_gmt":"2025-08-28T01:01:50","guid":{"rendered":"https:\/\/roveyayinevi.com.tr\/index.php\/urun\/klasikleri-okuyorum-moby-dick-ciltli\/"},"modified":"2026-04-16T03:03:08","modified_gmt":"2026-04-16T00:03:08","slug":"klasikleri-okuyorum-moby-dick-ciltli","status":"publish","type":"product","link":"https:\/\/roveyayinevi.com.tr\/index.php\/urun\/klasikleri-okuyorum-moby-dick-ciltli\/","title":{"rendered":"Klasikleri Okuyorum: Moby Dick (Ciltli)"},"content":{"rendered":"<p>\u0130smail maceraperest bir denizcidir. Bir g\u00fcn Pequod adl\u0131 balina gemisine tayfa yaz\u0131l\u0131r. Pequod\u2019\u0131n kaptan\u0131 Ahab hi\u00e7 de s\u0131radan biri de\u011fildir. Tek baca\u011f\u0131n\u0131 okyanuslar\u0131n \u00fcnl\u00fc beyaz balinas\u0131 Moby Dick\u2019e kapt\u0131rm\u0131\u015ft\u0131r ve intikam duygusuyla yan\u0131p tutu\u015fmaktad\u0131r. D\u00fcnyan\u0131n d\u00f6rt bir taraf\u0131ndaki denizlerde bu efsanevi hayvan\u0131n izini s\u00fcrmeye ve ne pahas\u0131na olursa olsun onu \u00f6ld\u00fcrmeye kararl\u0131d\u0131r. Ama Moby Dick katillerine \u00f6yle uysalca teslim olacak bir hayvan de\u011fildir. <\/p>\n","protected":false},"excerpt":{"rendered":"<p>\u0130smail maceraperest bir denizcidir. Bir g\u00fcn Pequod adl\u0131 balina gemisine tayfa yaz\u0131l\u0131r. Pequod\u2019\u0131n kaptan\u0131 Ahab hi\u00e7 de s\u0131radan biri de\u011fildir. Tek baca\u011f\u0131n\u0131 okyanuslar\u0131n \u00fcnl\u00fc beyaz balinas\u0131<span class=\"excerpt-hellip\"> [\u2026]<\/span><\/p>\n","protected":false},"featured_media":0,"template":"","meta":{"_monsterinsights_skip_tracking":false,"_monsterinsights_sitenote_active":false,"_monsterinsights_sitenote_note":"","_monsterinsights_sitenote_category":0},"product_brand":[],"product_cat":[12689,12274],"product_tag":[],"class_list":{"0":"post-749683","1":"product","2":"type-product","3":"status-publish","5":"product_cat-cizgi-roman-cocuk-ve-genclik-kitaplari","6":"product_cat-cocuk-ve-genclik-kitaplari","7":"pa_cilt-ciltli","8":"pa_tur-kitap","9":"pa_yayinevi-beyaz-balina-yayinlari","10":"pa_yazar-herman-melville","12":"first","13":"instock","14":"sale","15":"shipping-taxable","16":"purchasable","17":"product-type-simple"},"_links":{"self":[{"href":"https:\/\/roveyayinevi.com.tr\/index.php\/wp-json\/wp\/v2\/product\/749683","targetHints":{"allow":["GET"]}}],"collection":[{"href":"https:\/\/roveyayinevi.com.tr\/index.php\/wp-json\/wp\/v2\/product"}],"about":[{"href":"https:\/\/roveyayinevi.com.tr\/index.php\/wp-json\/wp\/v2\/types\/product"}],"wp:attachment":[{"href":"https:\/\/roveyayinevi.com.tr\/index.php\/wp-json\/wp\/v2\/media?parent=749683"}],"wp:term":[{"taxonomy":"product_brand","embeddable":true,"href":"https:\/\/roveyayinevi.com.tr\/index.php\/wp-json\/wp\/v2\/product_brand?post=749683"},{"taxonomy":"product_cat","embeddable":true,"href":"https:\/\/roveyayinevi.com.tr\/index.php\/wp-json\/wp\/v2\/product_cat?post=749683"},{"taxonomy":"product_tag","embeddable":true,"href":"https:\/\/roveyayinevi.com.tr\/index.php\/wp-json\/wp\/v2\/product_tag?post=749683"}],"curies":[{"name":"wp","href":"https:\/\/api.w.org\/{rel}","templated":true}]}}