{"id":749677,"date":"2025-08-28T04:01:41","date_gmt":"2025-08-28T01:01:41","guid":{"rendered":"https:\/\/roveyayinevi.com.tr\/index.php\/urun\/huznun-sonsuz-karmasasi\/"},"modified":"2026-04-16T03:03:08","modified_gmt":"2026-04-16T00:03:08","slug":"huznun-sonsuz-karmasasi","status":"publish","type":"product","link":"https:\/\/roveyayinevi.com.tr\/index.php\/urun\/huznun-sonsuz-karmasasi\/","title":{"rendered":"H\u00fczn\u00fcn Sonsuz Karma\u015fas\u0131"},"content":{"rendered":"<p>Y\u0131l 2003, ABD\u2019nin Irak\u2019a sava\u015f a\u00e7mas\u0131n\u0131n \u00fczerinden birka\u00e7 ay ge\u00e7mi\u015f. Sinirler gerilmi\u015f, nefret su\u00e7lar\u0131 y\u00fckseli\u015fte, FBI ajanlar\u0131 mahalle camilerine s\u0131zmaya ba\u015flam\u0131\u015f ve M\u00fcsl\u00fcman cemaat hi\u00e7 olmad\u0131\u011f\u0131 kadar hedef h\u00e2line getirilmi\u015f. Tesett\u00fcrl\u00fc bir liseli olan Shadi, s\u00fcrekli ba\u015f\u0131 \u00f6nde geziyor.   Kendi dertlerine o kadar g\u00f6m\u00fclm\u00fc\u015f ki yobazlarla u\u011fra\u015facak vakti yok.   Ad\u0131 mutluluk anlam\u0131na geliyor Shadi\u2019nin ama o, h\u00fczn\u00fcn sonsuz karma\u015fas\u0131nda bo\u011fuluyor. Abisi \u00f6lm\u00fc\u015f, babas\u0131 hastanede, annesi darmada\u011f\u0131n ve en yak\u0131n arkada\u015f\u0131 bir anda sebepsizce hayat\u0131ndan \u00e7\u0131k\u0131p gitmi\u015f. T\u00fcm bunlar yetmezmi\u015f gibi bir de k\u00fc\u00e7\u00fck bir g\u00f6n\u00fcl meselesi var\u2026   Kalbi k\u0131r\u0131k.   Shadi da\u011f\u0131lm\u0131\u015f d\u00fcnyas\u0131nda tek kelime etmeden, her \u015feyden ka\u00e7arak yolunu bulmaya \u00e7al\u0131\u015f\u0131yor. Kendi ac\u0131s\u0131n\u0131 soluyarak g\u00fcnden g\u00fcne ruhunun en derinlerine \u00e7ekiliyor. Sonra bir g\u00fcn her \u015fey de\u011fi\u015fiyor.   Ve bardak art\u0131k ta\u015f\u0131yor.   &#8211;   \u201cBu kitab\u0131 ke\u015fke gen\u00e7ken okuyabilseydim. \u00c7ok \u00f6zel, muhte\u015fem ve \u015fairane bir hik\u00e2ye.\u201d \u2014Jasmine Warga   \u201cTahereh Mafi a\u015fk, aile ve din ve inan\u00e7 konular\u0131n\u0131n son derece karma\u015f\u0131k do\u011fas\u0131na dair g\u00fcncel, inand\u0131r\u0131c\u0131 bir roman yazm\u0131\u015f. H\u00fczn\u00fcn Sonsuz Karma\u015fas\u0131 hem g\u00fczel hem de \u00e7ok derin.\u201d \u2014Matt de la Pe\u00f1a   \u201c\u00d6zg\u00fcvenli ve empati becerisi olan \u00e7ocuklar yeti\u015ftirmek i\u00e7in onlar\u0131n t\u00fcm duygular\u0131 deneyimlemelerine izin vermemiz \u00f6nemli. 11 Eyl\u00fcl sonras\u0131nda b\u00fcy\u00fcyen gen\u00e7 bir M\u00fcsl\u00fcman k\u0131z\u0131 merkezine alan, bu gen\u00e7 k\u0131z\u0131n keder, yas ve kalp k\u0131r\u0131kl\u0131\u011f\u0131yla m\u00fccadelesini anlatan H\u00fczn\u00fcn Sonsuz Karma\u015fas\u0131 tam da bunu yap\u0131yor. Tahereh Mafi, gen\u00e7lerimiz i\u00e7in \u015fahane bir rol model yaratm\u0131\u015f.\u201d \u2014Dr. Ibram X. Kendi   \u201cUsta i\u015fi anlat\u0131m\u0131yla okuru \u015fa\u015f\u0131rtan ve k\u00f6\u015feye s\u0131k\u0131\u015ft\u0131ran roman, ka\u00e7\u0131n\u0131lmaz ama bir o kadar da ilgi \u00e7ekici doruk noktas\u0131na kadar okurun elini bir an olsun b\u0131rakm\u0131yor.\u201d \u2014Booklist (starred review)   \u201cBu roman\u0131 okumak, 11 Eyl\u00fcl sonras\u0131 Amerika\u2019s\u0131nda M\u00fcsl\u00fcman bir ailenin g\u00fcnl\u00fck ya\u015fam\u0131na dalmak gibi. Kli\u015felere d\u00fc\u015fmeyen, silinmez izler b\u0131rakacak ger\u00e7ek\u00e7i bir hik\u00e2ye.\u201d \u2014Kirkus (starred review)   \u201cIrk\u00e7\u0131l\u0131\u011fa ve ayr\u0131mc\u0131l\u0131\u011fa dair g\u00fcncel meseleleri ustaca ele al\u0131rken M\u00fcsl\u00fcmanlara atfedilen hatalar\u0131n da alt\u0131n\u0131 \u00e7iziyor. Derinlikli karakterleri, \u00f6zellikle de romantik anlarda sanki sat\u0131rlar\u0131n aras\u0131ndan f\u0131rlayacak gibi.\u201d \u2014School Library Journal  (starred review)   \u201cMafi yas\u0131n nas\u0131l da kontrols\u00fczce ruhu sarabilece\u011fini ve ya\u015fam\u0131n her alan\u0131na s\u0131zabilece\u011fini b\u00fct\u00fcn berrakl\u0131\u011f\u0131 ve etkileyicili\u011fiyle anlatm\u0131\u015f.\u201d \u2014Publishers Weekly   \u201cPasif direni\u015fin mi yoksa bir kar\u015f\u0131 \u00e7\u0131k\u0131\u015f\u0131n m\u0131 daha iyi bir strateji olaca\u011f\u0131na dair sa\u011flam bir tart\u0131\u015fma.\u201d \u2014BCCB   \u201cY\u00fcrek burkan bu duygusal hik\u00e2ye, g\u00f6\u00e7men \u00e7ocu\u011fu olman\u0131n getirdi\u011fi pek \u00e7ok i\u00e7sel \u00e7at\u0131\u015fmaya de\u011finiyor.\u201d \u2014Buzzfeed   \u201cMafi, kalp k\u0131r\u0131kl\u0131\u011f\u0131n\u0131n pek \u00e7ok bi\u00e7imini ve bunlar\u0131n iyile\u015fip iyile\u015femeyece\u011fini anlat\u0131rken sizi hi\u00e7 beklemedi\u011finiz yerlere g\u00f6t\u00fcr\u00fcyor.\u201d \u2014Forbes <\/p>\n","protected":false},"excerpt":{"rendered":"<p>Y\u0131l 2003, ABD\u2019nin Irak\u2019a sava\u015f a\u00e7mas\u0131n\u0131n \u00fczerinden birka\u00e7 ay ge\u00e7mi\u015f. Sinirler gerilmi\u015f, nefret su\u00e7lar\u0131 y\u00fckseli\u015fte, FBI ajanlar\u0131 mahalle camilerine s\u0131zmaya ba\u015flam\u0131\u015f ve M\u00fcsl\u00fcman cemaat hi\u00e7 olmad\u0131\u011f\u0131<span class=\"excerpt-hellip\"> [\u2026]<\/span><\/p>\n","protected":false},"featured_media":0,"template":"","meta":{"_monsterinsights_skip_tracking":false,"_monsterinsights_sitenote_active":false,"_monsterinsights_sitenote_note":"","_monsterinsights_sitenote_category":0},"product_brand":[],"product_cat":[12291,12711],"product_tag":[],"class_list":{"0":"post-749677","1":"product","2":"type-product","3":"status-publish","5":"product_cat-edebiyat","6":"product_cat-roman-oyku","7":"pa_cilt-ciltsiz","8":"pa_tur-kitap","9":"pa_yayinevi-yabanci-yayinevi","10":"pa_yazar-tahereh-mafi","12":"first","13":"instock","14":"sale","15":"shipping-taxable","16":"purchasable","17":"product-type-simple"},"_links":{"self":[{"href":"https:\/\/roveyayinevi.com.tr\/index.php\/wp-json\/wp\/v2\/product\/749677","targetHints":{"allow":["GET"]}}],"collection":[{"href":"https:\/\/roveyayinevi.com.tr\/index.php\/wp-json\/wp\/v2\/product"}],"about":[{"href":"https:\/\/roveyayinevi.com.tr\/index.php\/wp-json\/wp\/v2\/types\/product"}],"wp:attachment":[{"href":"https:\/\/roveyayinevi.com.tr\/index.php\/wp-json\/wp\/v2\/media?parent=749677"}],"wp:term":[{"taxonomy":"product_brand","embeddable":true,"href":"https:\/\/roveyayinevi.com.tr\/index.php\/wp-json\/wp\/v2\/product_brand?post=749677"},{"taxonomy":"product_cat","embeddable":true,"href":"https:\/\/roveyayinevi.com.tr\/index.php\/wp-json\/wp\/v2\/product_cat?post=749677"},{"taxonomy":"product_tag","embeddable":true,"href":"https:\/\/roveyayinevi.com.tr\/index.php\/wp-json\/wp\/v2\/product_tag?post=749677"}],"curies":[{"name":"wp","href":"https:\/\/api.w.org\/{rel}","templated":true}]}}