{"id":749632,"date":"2025-08-28T04:00:40","date_gmt":"2025-08-28T01:00:40","guid":{"rendered":"https:\/\/roveyayinevi.com.tr\/index.php\/urun\/tanri-insan-hayvan-makine\/"},"modified":"2026-04-16T03:03:07","modified_gmt":"2026-04-16T00:03:07","slug":"tanri-insan-hayvan-makine","status":"publish","type":"product","link":"https:\/\/roveyayinevi.com.tr\/index.php\/urun\/tanri-insan-hayvan-makine\/","title":{"rendered":"Tanr\u0131, \u0130nsan, Hayvan, Makine"},"content":{"rendered":"<p>YAPAY ZEK\u00c2 \u00c7A\u011eINDA \u0130NSAN OLMANIN ANLAMINA DA\u0130R \u00c7ARPICI VE DER\u0130N B\u0130R SORGULAMA.\u0130nsanl\u0131k tarihinin b\u00fcy\u00fck bir b\u00f6l\u00fcm\u00fcnde d\u00fcnya, bizim kavray\u0131\u015f\u0131m\u0131z\u0131n \u00e7ok \u00f6tesindeki g\u00fc\u00e7ler taraf\u0131ndan y\u00f6netilen t\u0131ls\u0131ml\u0131 bir yerdi.Ancak bilimin y\u00fckseli\u015finden ve Descartes&#8217;\u0131n zihin ve fiziksel d\u00fcnyay\u0131 birbirinden ay\u0131ran felsefesinden sonra bu gizemin yerini materyalizm ald\u0131. Bu noktada kendi bilincimizin, yani &#8220;ruhumuzun&#8221; asl\u0131nda bir yan\u0131lsama olup olmad\u0131\u011f\u0131n\u0131 sorgulayan bir s\u00fcrece girdik.\u015eimdiyse idrakimizin, kontrol\u00fcm\u00fcz\u00fcn, hayal g\u00fcc\u00fcm\u00fcz\u00fcn s\u0131n\u0131rlar\u0131n\u0131 zorlayan teknolojinin ve \u00f6zellikle yapay zek\u00e2n\u0131n hayat\u0131m\u0131za girmesiyle varolu\u015fun temel sorular\u0131n\u0131 anlamland\u0131rmak i\u00e7in yeni dijital metaforlar kullanmaya ba\u015flad\u0131k. Ama kimlik, bilgi, ya\u015fam\u0131n amac\u0131 gibi temel felsefi problemleri merkeze alan bu metaforlar yeni bir perspektif \u0131\u015f\u0131\u011f\u0131nda tekrar ele al\u0131nmaya muhta\u00e7.Meghan O&#8217;Gieblyn bu zor i\u015f i\u00e7in kollar\u0131 s\u0131vayarak felsefi bir titizlik, sa\u011flam bir entelekt\u00fcel kavray\u0131\u015f, \u00f6zg\u00fcnl\u00fck ve ironiyle hayat\u0131n anlam\u0131n\u0131 yeni ba\u015ftan sorguluyor. H\u00e2l\u00e2 inan\u00e7la ilgili sorular\u0131n pe\u015fini b\u0131rakmayan eski bir dindar olarak, kendi ki\u015fisel deneyiminin derinli\u011fini ve yer yer de mizah anlay\u0131\u015f\u0131n\u0131 e\u015fsiz \u00fcslubuna kat\u0131yor.Tanr\u0131, \u0130nsan, Hayvan, Makine modern \u00e7a\u011f\u0131n \u00e7\u0131lg\u0131nl\u0131\u011f\u0131yla koyuldu\u011fumuz bu yolda kaybolmamam\u0131z i\u00e7in kaleme al\u0131nm\u0131\u015f ufuk a\u00e7\u0131c\u0131 bir rehber.<\/p>\n","protected":false},"excerpt":{"rendered":"<p>YAPAY ZEK\u00c2 \u00c7A\u011eINDA \u0130NSAN OLMANIN ANLAMINA DA\u0130R \u00c7ARPICI VE DER\u0130N B\u0130R SORGULAMA.\u0130nsanl\u0131k tarihinin b\u00fcy\u00fck bir b\u00f6l\u00fcm\u00fcnde d\u00fcnya, bizim kavray\u0131\u015f\u0131m\u0131z\u0131n \u00e7ok \u00f6tesindeki g\u00fc\u00e7ler taraf\u0131ndan y\u00f6netilen t\u0131ls\u0131ml\u0131 bir<span class=\"excerpt-hellip\"> [\u2026]<\/span><\/p>\n","protected":false},"featured_media":0,"template":"","meta":{"_monsterinsights_skip_tracking":false,"_monsterinsights_sitenote_active":false,"_monsterinsights_sitenote_note":"","_monsterinsights_sitenote_category":0},"product_brand":[],"product_cat":[13005,13006],"product_tag":[],"class_list":{"0":"post-749632","1":"product","2":"type-product","3":"status-publish","5":"product_cat-bilim-muhendislik","6":"product_cat-populer-bilim","7":"pa_cilt-ciltsiz","8":"pa_tur-kitap","9":"pa_yayinevi-altin-kitaplar","10":"pa_yazar-meghan-o-gieblyn","12":"first","13":"instock","14":"sale","15":"shipping-taxable","16":"purchasable","17":"product-type-simple"},"_links":{"self":[{"href":"https:\/\/roveyayinevi.com.tr\/index.php\/wp-json\/wp\/v2\/product\/749632","targetHints":{"allow":["GET"]}}],"collection":[{"href":"https:\/\/roveyayinevi.com.tr\/index.php\/wp-json\/wp\/v2\/product"}],"about":[{"href":"https:\/\/roveyayinevi.com.tr\/index.php\/wp-json\/wp\/v2\/types\/product"}],"wp:attachment":[{"href":"https:\/\/roveyayinevi.com.tr\/index.php\/wp-json\/wp\/v2\/media?parent=749632"}],"wp:term":[{"taxonomy":"product_brand","embeddable":true,"href":"https:\/\/roveyayinevi.com.tr\/index.php\/wp-json\/wp\/v2\/product_brand?post=749632"},{"taxonomy":"product_cat","embeddable":true,"href":"https:\/\/roveyayinevi.com.tr\/index.php\/wp-json\/wp\/v2\/product_cat?post=749632"},{"taxonomy":"product_tag","embeddable":true,"href":"https:\/\/roveyayinevi.com.tr\/index.php\/wp-json\/wp\/v2\/product_tag?post=749632"}],"curies":[{"name":"wp","href":"https:\/\/api.w.org\/{rel}","templated":true}]}}