{"id":749628,"date":"2025-08-28T04:00:25","date_gmt":"2025-08-28T01:00:25","guid":{"rendered":"https:\/\/roveyayinevi.com.tr\/index.php\/urun\/dorduncu-kurban\/"},"modified":"2026-04-16T03:03:07","modified_gmt":"2026-04-16T00:03:07","slug":"dorduncu-kurban","status":"publish","type":"product","link":"https:\/\/roveyayinevi.com.tr\/index.php\/urun\/dorduncu-kurban\/","title":{"rendered":"D\u00f6rd\u00fcnc\u00fc Kurban"},"content":{"rendered":"<p>\u00c7in Polisiyesi serisinin ikinci kitab\u0131nda Li Yan ve Margaret Campbell, kurbanlar\u0131n\u0131 deh\u015fet verici rit\u00fcellerle \u00f6ld\u00fcren bir katili yakalamak i\u00e7in mecburen bir araya gelir.   \u0130K\u0130NC\u0130 G\u00d6R\u00dc\u015e \u00c7in polisi bir kez daha Amerikal\u0131 adli patolog Margaret Campbell\u2019\u0131n yard\u0131mlar\u0131n\u0131 kabul etmek zorunda kal\u0131r. Pekin\u2019de i\u015flenen d\u00f6rt korkun\u00e7 cinayeti ara\u015ft\u0131rmak \u00fczere i\u015fbirli\u011fi yaparlar.   \u00dc\u00c7\u00dcNC\u00dc DERECE Dedektif Li Yan \u00f6zellikle kurbanlardan birinin, Amerikal\u0131 bir diplomat\u0131n cinayetlere nas\u0131l dahil oldu\u011funu \u00f6\u011frenmeye kararl\u0131d\u0131r. Margaret\u2019tan uzak durmak i\u00e7in de elinden geleni yapar.   D\u00d6RD\u00dcNC\u00dc KURBAN Li Yan ve Margaret Campbell\u2019\u0131 bir zamanlar birbirine yakla\u015ft\u0131ran z\u0131t kutuplar sonunda onlar\u0131 tekrar ortakl\u0131\u011fa iter. Fakat ger\u00e7e\u011fe yakla\u015ft\u0131k\u00e7a, onu gizlemek i\u00e7in her \u015feye haz\u0131rl\u0131kl\u0131 olan bir katile de yakla\u015fmaktad\u0131rlar.   Karanl\u0131k, heyecan verici ve farkl\u0131. \u2013Scotland on Sunday   Peter May modern \u00c7in\u2019in politik ortam\u0131na ve k\u00fclt\u00fcr farkl\u0131l\u0131klar\u0131na bir pencere a\u00e7\u0131yor. \u2013The Herald <\/p>\n","protected":false},"excerpt":{"rendered":"<p>\u00c7in Polisiyesi serisinin ikinci kitab\u0131nda Li Yan ve Margaret Campbell, kurbanlar\u0131n\u0131 deh\u015fet verici rit\u00fcellerle \u00f6ld\u00fcren bir katili yakalamak i\u00e7in mecburen bir araya gelir. \u0130K\u0130NC\u0130 G\u00d6R\u00dc\u015e \u00c7in<span class=\"excerpt-hellip\"> [\u2026]<\/span><\/p>\n","protected":false},"featured_media":0,"template":"","meta":{"_monsterinsights_skip_tracking":false,"_monsterinsights_sitenote_active":false,"_monsterinsights_sitenote_note":"","_monsterinsights_sitenote_category":0},"product_brand":[],"product_cat":[12291,15445],"product_tag":[],"class_list":{"0":"post-749628","1":"product","2":"type-product","3":"status-publish","5":"product_cat-edebiyat","6":"product_cat-polisiye","7":"pa_cilt-ciltsiz","8":"pa_tur-kitap","9":"pa_yayinevi-alfa-yayinlari","10":"pa_yazar-peter-may","12":"first","13":"instock","14":"sale","15":"shipping-taxable","16":"purchasable","17":"product-type-simple"},"_links":{"self":[{"href":"https:\/\/roveyayinevi.com.tr\/index.php\/wp-json\/wp\/v2\/product\/749628","targetHints":{"allow":["GET"]}}],"collection":[{"href":"https:\/\/roveyayinevi.com.tr\/index.php\/wp-json\/wp\/v2\/product"}],"about":[{"href":"https:\/\/roveyayinevi.com.tr\/index.php\/wp-json\/wp\/v2\/types\/product"}],"wp:attachment":[{"href":"https:\/\/roveyayinevi.com.tr\/index.php\/wp-json\/wp\/v2\/media?parent=749628"}],"wp:term":[{"taxonomy":"product_brand","embeddable":true,"href":"https:\/\/roveyayinevi.com.tr\/index.php\/wp-json\/wp\/v2\/product_brand?post=749628"},{"taxonomy":"product_cat","embeddable":true,"href":"https:\/\/roveyayinevi.com.tr\/index.php\/wp-json\/wp\/v2\/product_cat?post=749628"},{"taxonomy":"product_tag","embeddable":true,"href":"https:\/\/roveyayinevi.com.tr\/index.php\/wp-json\/wp\/v2\/product_tag?post=749628"}],"curies":[{"name":"wp","href":"https:\/\/api.w.org\/{rel}","templated":true}]}}