{"id":749619,"date":"2025-08-28T04:00:13","date_gmt":"2025-08-28T01:00:13","guid":{"rendered":"https:\/\/roveyayinevi.com.tr\/index.php\/urun\/kizim-icin\/"},"modified":"2026-04-16T03:03:07","modified_gmt":"2026-04-16T00:03:07","slug":"kizim-icin","status":"publish","type":"product","link":"https:\/\/roveyayinevi.com.tr\/index.php\/urun\/kizim-icin\/","title":{"rendered":"K\u0131z\u0131m \u0130\u00e7in"},"content":{"rendered":"<p>Ya\u015fad\u0131klar\u0131m\u0131z bizi g\u00fc\u00e7s\u00fcz k\u0131lmaz, bilakis, \u00fcstesinden geldiklerimizle g\u00fc\u00e7leniriz.   2016 y\u0131l\u0131n\u0131n Amerika\u2019s\u0131nda e\u015fi ve k\u0131z\u0131yla huzurlu, s\u0131radan bir hayat ya\u015fayan Ritika\u2019n\u0131n dengesi, g\u00f6rd\u00fc\u011f\u00fc k\u00e2buslar\u0131n da etkisiyle yava\u015f yava\u015f bozulmaya ba\u015flar. T\u0131rnaklar\u0131yla kaz\u0131yarak in\u015fa etti\u011fi her \u015feyin, g\u00f6zlerinin \u00f6n\u00fcnde y\u0131k\u0131labilece\u011fini d\u00fc\u015f\u00fcnerek ya\u015famak, onu s\u0131k s\u0131k krizlerin e\u015fi\u011fine getirmektedir. E\u015finin ve k\u0131z\u0131n\u0131n da \u0131srarlar\u0131yla terapi g\u00f6rmeyi kabul eder fakat terapistine anlatmas\u0131 gereken ilk \u015fey, t\u00fcm hayat\u0131n\u0131 karartabilecek g\u00fc\u00e7te olan bir s\u0131r ve kendisiyle ilgili t\u00fcm d\u00fcnyaya s\u00f6yledi\u011fi en b\u00fcy\u00fck yaland\u0131r. 1990 y\u0131l\u0131n\u0131n Kuveyt\u2019inde ise kendisine her f\u0131rsatta \u015fiddet g\u00f6steren bask\u0131c\u0131 ve zorba bir adamla zorla evlendirilmi\u015f olan gencecik Mariam, mutsuz bir evlili\u011fin i\u00e7inde kapana k\u0131s\u0131lm\u0131\u015ft\u0131r. Hayat\u0131n\u0131n g\u00f6r\u00fcnmez zincirlerle kocas\u0131 Tareq\u2019e ba\u011fl\u0131 oldu\u011funu, ondan asla kurtulamayaca\u011f\u0131n\u0131, hi\u00e7bir zaman o kadar cesur olamayaca\u011f\u0131n\u0131 d\u00fc\u015f\u00fcn\u00fcr ancak bir g\u00fcn ald\u0131\u011f\u0131 bir haberle her \u015fey de\u011fi\u015fir. Mariam, anne olaca\u011f\u0131n\u0131 \u00f6\u011frenmi\u015ftir. Bundan b\u00f6yle solup gidecek olan sadece kendi hayat\u0131 de\u011fildir ve bebe\u011fi i\u00e7in her \u015feyi g\u00f6ze almaya raz\u0131d\u0131r. Verdi\u011fi bu b\u00fcy\u00fck kararla \u00f6zg\u00fcrl\u00fc\u011fe do\u011fru asla atamayaca\u011f\u0131n\u0131 sand\u0131\u011f\u0131 o ad\u0131m\u0131 atmaya yeltenir. \u00d6te yandan kaderin \u00e7ok farkl\u0131 planlar\u0131 vard\u0131r. \u00d6zg\u00fcrl\u00fc\u011fe \u00e7\u0131kaca\u011f\u0131n\u0131 umdu\u011fu yolun sonunda Mariam, kendini bamba\u015fka bir kad\u0131na d\u00f6n\u00fc\u015fm\u00fc\u015f olarak bulur. Kendini, kimli\u011fini, kalbini ve ruhunu \u00f6nce kaybedip sonra bulan, hayat\u0131n derslerini zor yoldan alan gencecik bir kad\u0131n\u0131n, evlad\u0131 i\u00e7in g\u00f6ze ald\u0131\u011f\u0131 g\u00f6rkemli ve bir o kadar da ac\u0131 verici yolculu\u011fun hik\u00e2yesi\u2026 K\u0131z\u0131m \u0130\u00e7in, elinizden d\u00fc\u015f\u00fcrmeden okuyaca\u011f\u0131n\u0131z bir ba\u015fyap\u0131t. <\/p>\n","protected":false},"excerpt":{"rendered":"<p>Ya\u015fad\u0131klar\u0131m\u0131z bizi g\u00fc\u00e7s\u00fcz k\u0131lmaz, bilakis, \u00fcstesinden geldiklerimizle g\u00fc\u00e7leniriz. 2016 y\u0131l\u0131n\u0131n Amerika\u2019s\u0131nda e\u015fi ve k\u0131z\u0131yla huzurlu, s\u0131radan bir hayat ya\u015fayan Ritika\u2019n\u0131n dengesi, g\u00f6rd\u00fc\u011f\u00fc k\u00e2buslar\u0131n da etkisiyle yava\u015f<span class=\"excerpt-hellip\"> [\u2026]<\/span><\/p>\n","protected":false},"featured_media":0,"template":"","meta":{"_monsterinsights_skip_tracking":false,"_monsterinsights_sitenote_active":false,"_monsterinsights_sitenote_note":"","_monsterinsights_sitenote_category":0},"product_brand":[],"product_cat":[12291,12711],"product_tag":[],"class_list":{"0":"post-749619","1":"product","2":"type-product","3":"status-publish","5":"product_cat-edebiyat","6":"product_cat-roman-oyku","7":"pa_cilt-ciltsiz","8":"pa_tur-kitap","9":"pa_yayinevi-arkadya-yayinlari","10":"pa_yazar-puja-guha","12":"first","13":"instock","14":"sale","15":"shipping-taxable","16":"purchasable","17":"product-type-simple"},"_links":{"self":[{"href":"https:\/\/roveyayinevi.com.tr\/index.php\/wp-json\/wp\/v2\/product\/749619","targetHints":{"allow":["GET"]}}],"collection":[{"href":"https:\/\/roveyayinevi.com.tr\/index.php\/wp-json\/wp\/v2\/product"}],"about":[{"href":"https:\/\/roveyayinevi.com.tr\/index.php\/wp-json\/wp\/v2\/types\/product"}],"wp:attachment":[{"href":"https:\/\/roveyayinevi.com.tr\/index.php\/wp-json\/wp\/v2\/media?parent=749619"}],"wp:term":[{"taxonomy":"product_brand","embeddable":true,"href":"https:\/\/roveyayinevi.com.tr\/index.php\/wp-json\/wp\/v2\/product_brand?post=749619"},{"taxonomy":"product_cat","embeddable":true,"href":"https:\/\/roveyayinevi.com.tr\/index.php\/wp-json\/wp\/v2\/product_cat?post=749619"},{"taxonomy":"product_tag","embeddable":true,"href":"https:\/\/roveyayinevi.com.tr\/index.php\/wp-json\/wp\/v2\/product_tag?post=749619"}],"curies":[{"name":"wp","href":"https:\/\/api.w.org\/{rel}","templated":true}]}}