{"id":749587,"date":"2025-08-28T03:59:32","date_gmt":"2025-08-28T00:59:32","guid":{"rendered":"https:\/\/roveyayinevi.com.tr\/index.php\/urun\/temel-ekonomik-gostergeler-cercevesinde-turkiye-ekonomisindeki-gelismeler\/"},"modified":"2026-04-16T03:03:06","modified_gmt":"2026-04-16T00:03:06","slug":"temel-ekonomik-gostergeler-cercevesinde-turkiye-ekonomisindeki-gelismeler","status":"publish","type":"product","link":"https:\/\/roveyayinevi.com.tr\/index.php\/urun\/temel-ekonomik-gostergeler-cercevesinde-turkiye-ekonomisindeki-gelismeler\/","title":{"rendered":"Temel Ekonomik G\u00f6stergeler \u00c7er\u00e7evesinde T\u00fcrkiye Ekonomisindeki Geli\u015fmeler"},"content":{"rendered":"<p>\u0130\u00e7indekiler:     G\u0130R\u0130\u015e T\u00dcRK\u0130YE EKONOM\u0130S\u0130\u2019N\u0130N TAR\u0130HSEL VE KURUMSAL GEL\u0130\u015e\u0130M\u0130NE KISA B\u0130R BAKI\u015e   KISIM I B\u00dcY\u00dcME VE \u0130ST\u0130HDAM B\u00d6L\u00dcM 1 B\u00d6LGESEL G\u00d6STERGELERLE 2000 SONRASI D\u00d6NEMDE BE\u015eER\u0130 SERMAYE VE EKONOM\u0130K B\u00dcY\u00dcME   KISIM II ENFLASYON VE F\u0130YAT HAREKETLER\u0130 B\u00d6L\u00dcM 2 T\u00dcRK\u0130YE EKONOM\u0130S\u0130NDE ENFLASYON VE ENFLASYONLA M\u00dcCADELE POL\u0130T\u0130KALARI B\u00d6L\u00dcM 3 T\u00dcRK\u0130YE\u2019DE ENFLASYON VE PARA \u0130KAMES\u0130 \u0130L\u0130\u015eK\u0130S\u0130 \u00dcZER\u0130NE UYGULAMALI B\u0130R ANAL\u0130Z   KISIM III DI\u015e T\u0130CARET B\u00d6L\u00dcM 4 ORTA VE DO\u011eU AVRUPA \u00dcLKELER\u0130 KAR\u015eISINDA T\u00dcRK\u0130YE\u2019N\u0130N TEKNOLOJ\u0130K REKABET G\u00dcC\u00dc   KISIM IV PARA VE SERMAYE HAREKETLER\u0130 B\u00d6L\u00dcM 5 T\u00dcRK\u0130YE\u2019DE KAYIT DI\u015eI SERMAYE HAREKETLER\u0130 VE MAKROEKONOM\u0130K ETK\u0130LER\u0130 B\u00d6L\u00dcM 6 T\u00dcRK\u0130YE\u2019DE DO\u011eRUDAN YABANCI YATIRIMLARA Y\u00d6NEL\u0130K YAPILAN D\u00dcZENLEMELER VE 1990-2019 D\u00d6NEM\u0130 DO\u011eRUDAN YABANCI YATIRIM PERFORMANSININ DE\u011eERLEND\u0130R\u0130LMES\u0130   KISIM V \u00c7EVRE VE ENERJ\u0130 B\u00d6L\u00dcM 7 ENERJ\u0130-B\u00dcY\u00dcME-\u00c7EVRE PERSPEKT\u0130F\u0130NDE T\u00dcRK\u0130YE A\u00c7ISINDAN B\u0130R DE\u011eERLEND\u0130RME: VAR ANAL\u0130Z\u0130 B\u00d6L\u00dcM 8 DI\u015eA BA\u011eIMLILIK VE KAYNAK \u00c7E\u015e\u0130TLEND\u0130RMES\u0130 BAKIMINDAN T\u00dcRK\u0130YE\u2019DE ENERJ\u0130 ARZ G\u00dcVENL\u0130\u011e\u0130NE Y\u00d6NEL\u0130K B\u0130R DE\u011eERLEND\u0130RME B\u00d6L\u00dcM 9 T\u00dcRK\u0130YE\u2019DE YEN\u0130LENEB\u0130L\u0130R ELEKTR\u0130K \u00dcRET\u0130M\u0130N\u0130N \u0130\u00c7 VE DI\u015e F\u0130NANSMAN KAYNAKLARI   KISIM VI KALKINMA VE S\u00dcRD\u00dcR\u00dcLEB\u0130L\u0130RL\u0130K B\u00d6L\u00dcM 10 T\u00dcRK\u0130YE\u2019N\u0130N S\u00dcRD\u00dcR\u00dcLEB\u0130L\u0130R REKABET G\u00dcC\u00dc \u00dcZER\u0130NE B\u0130R ARA\u015eTIRMA B\u00d6L\u00dcM 11 \u00c7EVRESEL S\u00dcRD\u00dcR\u00dcLEB\u0130L\u0130RL\u0130K G\u00d6STERGELER\u0130 KAPSAMINDA T\u00dcRK\u0130YE\u2019N\u0130N DE\u011eERLEND\u0130R\u0130LMES\u0130   KISIM VII EKONOM\u0130 POL\u0130T\u0130KASI B\u00d6L\u00dcM 12 T\u00dcRK\u0130YE\u2019DE 1980 SONRASI D\u00d6NEMDE UYGULANAN EKONOM\u0130 POL\u0130T\u0130KALARI B\u00d6L\u00dcM 13 T\u00dcRK\u0130YE\u2019DE 1980 SONRASI \u0130KT\u0130SAD\u0130 KR\u0130ZLER VE POL\u0130T\u0130KA DENEY\u0130M\u0130 B\u00d6L\u00dcM 14 T\u00dcRK\u0130YE EKONOM\u0130S\u0130NDE PARA POL\u0130T\u0130KASI \u015eOKLARININ MAKROEKONOM\u0130K ETK\u0130LER\u0130N\u0130N AS\u0130METR\u0130K ETK\u0130-TEPK\u0130 MODELLER\u0130 \u00c7ER\u00c7EVES\u0130NDE ANAL\u0130Z\u0130 <\/p>\n","protected":false},"excerpt":{"rendered":"<p>\u0130\u00e7indekiler: G\u0130R\u0130\u015e T\u00dcRK\u0130YE EKONOM\u0130S\u0130\u2019N\u0130N TAR\u0130HSEL VE KURUMSAL GEL\u0130\u015e\u0130M\u0130NE KISA B\u0130R BAKI\u015e KISIM I B\u00dcY\u00dcME VE \u0130ST\u0130HDAM B\u00d6L\u00dcM 1 B\u00d6LGESEL G\u00d6STERGELERLE 2000 SONRASI D\u00d6NEMDE BE\u015eER\u0130 SERMAYE VE<span class=\"excerpt-hellip\"> [\u2026]<\/span><\/p>\n","protected":false},"featured_media":0,"template":"","meta":{"_monsterinsights_skip_tracking":false,"_monsterinsights_sitenote_active":false,"_monsterinsights_sitenote_note":"","_monsterinsights_sitenote_category":0},"product_brand":[],"product_cat":[13043],"product_tag":[],"class_list":{"0":"post-749587","1":"product","2":"type-product","3":"status-publish","5":"product_cat-ekonomi","6":"pa_cilt-ciltsiz","7":"pa_tur-kitap","8":"pa_yayinevi-gazi-kitabevi","9":"pa_yazar-ibrahim-murat-bicil-omer-faruk-bicen","11":"first","12":"instock","13":"sale","14":"shipping-taxable","15":"purchasable","16":"product-type-simple"},"_links":{"self":[{"href":"https:\/\/roveyayinevi.com.tr\/index.php\/wp-json\/wp\/v2\/product\/749587","targetHints":{"allow":["GET"]}}],"collection":[{"href":"https:\/\/roveyayinevi.com.tr\/index.php\/wp-json\/wp\/v2\/product"}],"about":[{"href":"https:\/\/roveyayinevi.com.tr\/index.php\/wp-json\/wp\/v2\/types\/product"}],"wp:attachment":[{"href":"https:\/\/roveyayinevi.com.tr\/index.php\/wp-json\/wp\/v2\/media?parent=749587"}],"wp:term":[{"taxonomy":"product_brand","embeddable":true,"href":"https:\/\/roveyayinevi.com.tr\/index.php\/wp-json\/wp\/v2\/product_brand?post=749587"},{"taxonomy":"product_cat","embeddable":true,"href":"https:\/\/roveyayinevi.com.tr\/index.php\/wp-json\/wp\/v2\/product_cat?post=749587"},{"taxonomy":"product_tag","embeddable":true,"href":"https:\/\/roveyayinevi.com.tr\/index.php\/wp-json\/wp\/v2\/product_tag?post=749587"}],"curies":[{"name":"wp","href":"https:\/\/api.w.org\/{rel}","templated":true}]}}