{"id":749573,"date":"2025-08-28T03:59:18","date_gmt":"2025-08-28T00:59:18","guid":{"rendered":"https:\/\/roveyayinevi.com.tr\/index.php\/urun\/dunyayi-degistir-2\/"},"modified":"2026-04-16T03:03:06","modified_gmt":"2026-04-16T00:03:06","slug":"dunyayi-degistir-2","status":"publish","type":"product","link":"https:\/\/roveyayinevi.com.tr\/index.php\/urun\/dunyayi-degistir-2\/","title":{"rendered":"D\u00fcnyay\u0131 De\u011fi\u015ftir 2"},"content":{"rendered":"<p>D\u00dcNYAYI DE\u011e\u0130\u015eT\u0130R 2 ARTIK SER\u0130 KAT\u0130L\u0130M Kimin \u00f6lece\u011fini tahmin etmek m\u00fcmk\u00fcn de\u011fil.   Mitsumune Sakutarou&#8217;yla beden de\u011fi\u015ftiren Saitou Yuichi, dedektifin evinde \u00e7ok say\u0131da i\u015fkence g\u00f6rm\u00fc\u015f ceset buldu. Di\u011fer yandan polis te\u015fkilat\u0131, seri hale gelen insan kaybolmalar\u0131n\u0131 ara\u015ft\u0131r\u0131yor. Yuichi bu krizin \u00fcstesinden gelebilecek mi?<\/p>\n","protected":false},"excerpt":{"rendered":"<p>D\u00dcNYAYI DE\u011e\u0130\u015eT\u0130R 2 ARTIK SER\u0130 KAT\u0130L\u0130M Kimin \u00f6lece\u011fini tahmin etmek m\u00fcmk\u00fcn de\u011fil. Mitsumune Sakutarou&#8217;yla beden de\u011fi\u015ftiren Saitou Yuichi, dedektifin evinde \u00e7ok say\u0131da i\u015fkence g\u00f6rm\u00fc\u015f ceset buldu.<span class=\"excerpt-hellip\"> [\u2026]<\/span><\/p>\n","protected":false},"featured_media":0,"template":"","meta":{"_monsterinsights_skip_tracking":false,"_monsterinsights_sitenote_active":false,"_monsterinsights_sitenote_note":"","_monsterinsights_sitenote_category":0},"product_brand":[],"product_cat":[12416,12291],"product_tag":[],"class_list":{"0":"post-749573","1":"product","2":"type-product","3":"status-publish","5":"product_cat-cizgi-roman","6":"product_cat-edebiyat","7":"pa_cilt-ciltsiz","8":"pa_tur-kitap","9":"pa_yayinevi-kayip-kita-yayinlari","10":"pa_yazar-yuya-kanzaki","12":"first","13":"instock","14":"sale","15":"shipping-taxable","16":"purchasable","17":"product-type-simple"},"_links":{"self":[{"href":"https:\/\/roveyayinevi.com.tr\/index.php\/wp-json\/wp\/v2\/product\/749573","targetHints":{"allow":["GET"]}}],"collection":[{"href":"https:\/\/roveyayinevi.com.tr\/index.php\/wp-json\/wp\/v2\/product"}],"about":[{"href":"https:\/\/roveyayinevi.com.tr\/index.php\/wp-json\/wp\/v2\/types\/product"}],"wp:attachment":[{"href":"https:\/\/roveyayinevi.com.tr\/index.php\/wp-json\/wp\/v2\/media?parent=749573"}],"wp:term":[{"taxonomy":"product_brand","embeddable":true,"href":"https:\/\/roveyayinevi.com.tr\/index.php\/wp-json\/wp\/v2\/product_brand?post=749573"},{"taxonomy":"product_cat","embeddable":true,"href":"https:\/\/roveyayinevi.com.tr\/index.php\/wp-json\/wp\/v2\/product_cat?post=749573"},{"taxonomy":"product_tag","embeddable":true,"href":"https:\/\/roveyayinevi.com.tr\/index.php\/wp-json\/wp\/v2\/product_tag?post=749573"}],"curies":[{"name":"wp","href":"https:\/\/api.w.org\/{rel}","templated":true}]}}