{"id":749557,"date":"2025-08-28T03:58:55","date_gmt":"2025-08-28T00:58:55","guid":{"rendered":"https:\/\/roveyayinevi.com.tr\/index.php\/urun\/bizim-kurdun-hikayesi\/"},"modified":"2026-04-03T03:04:53","modified_gmt":"2026-04-03T00:04:53","slug":"bizim-kurdun-hikayesi","status":"publish","type":"product","link":"https:\/\/roveyayinevi.com.tr\/index.php\/urun\/bizim-kurdun-hikayesi\/","title":{"rendered":"Bizim Kurdun Hikayesi"},"content":{"rendered":"<p>\u00d6\u011fretmen Karga\u2019n\u0131n hem kendi s\u0131n\u0131f\u0131na hem de size anlataca\u011f\u0131 bir hik\u00e2ye var. Size kurtlar\u0131n hik\u00e2yesini anlatacak ama beraberinde onlar\u0131n b\u00fcy\u00fck s\u0131rlar\u0131n\u0131 da \u00f6\u011frenmi\u015f olacaks\u0131n\u0131z. Bir arada \u00f6zg\u00fcrce, karde\u015f\u00e7e ya\u015fayabildikleri g\u00fczel \u00fclkelerini nas\u0131l kurduklar\u0131na tan\u0131kl\u0131k edecek, bu ba\u015far\u0131ya ula\u015fman\u0131n hi\u00e7 de kolay olmad\u0131\u011f\u0131n\u0131 g\u00f6receksiniz. Peki bizim kurt neresinde bu hik\u00e2yenin? G\u00fc\u00e7l\u00fc olmak sadece bilek g\u00fcc\u00fcyle mi ilgilidir? Ak\u0131l, k\u00fclt\u00fcr ve zek\u00e2yla da kazanmak m\u00fcmk\u00fcn m\u00fcd\u00fcr? \u00dcstelik kimseye zarar vermeden. Bu nas\u0131l ba\u015far\u0131l\u0131r? Sorumluluk sahibi olmak sadece verilen g\u00f6revleri yerine getirmek midir? Yoksa yapabilece\u011fimiz ama yapmad\u0131klar\u0131m\u0131zdan da sorumlu muyuz? Kitab\u0131 okudu\u011funuzda bu sorular\u0131n cevab\u0131n\u0131 kendiniz vermi\u015f olacaks\u0131n\u0131z. <\/p>\n","protected":false},"excerpt":{"rendered":"<p>\u00d6\u011fretmen Karga\u2019n\u0131n hem kendi s\u0131n\u0131f\u0131na hem de size anlataca\u011f\u0131 bir hik\u00e2ye var. Size kurtlar\u0131n hik\u00e2yesini anlatacak ama beraberinde onlar\u0131n b\u00fcy\u00fck s\u0131rlar\u0131n\u0131 da \u00f6\u011frenmi\u015f olacaks\u0131n\u0131z. Bir arada<span class=\"excerpt-hellip\"> [\u2026]<\/span><\/p>\n","protected":false},"featured_media":0,"template":"","meta":{"_monsterinsights_skip_tracking":false,"_monsterinsights_sitenote_active":false,"_monsterinsights_sitenote_note":"","_monsterinsights_sitenote_category":0},"product_brand":[],"product_cat":[12274,12284],"product_tag":[],"class_list":{"0":"post-749557","1":"product","2":"type-product","3":"status-publish","5":"product_cat-cocuk-ve-genclik-kitaplari","6":"product_cat-hikayeler","7":"pa_cilt-ciltsiz","8":"pa_tur-kitap","9":"pa_yayinevi-destek-yayinlari","10":"pa_yazar-sule-aksun","12":"first","13":"instock","14":"sale","15":"shipping-taxable","16":"purchasable","17":"product-type-simple"},"_links":{"self":[{"href":"https:\/\/roveyayinevi.com.tr\/index.php\/wp-json\/wp\/v2\/product\/749557","targetHints":{"allow":["GET"]}}],"collection":[{"href":"https:\/\/roveyayinevi.com.tr\/index.php\/wp-json\/wp\/v2\/product"}],"about":[{"href":"https:\/\/roveyayinevi.com.tr\/index.php\/wp-json\/wp\/v2\/types\/product"}],"wp:attachment":[{"href":"https:\/\/roveyayinevi.com.tr\/index.php\/wp-json\/wp\/v2\/media?parent=749557"}],"wp:term":[{"taxonomy":"product_brand","embeddable":true,"href":"https:\/\/roveyayinevi.com.tr\/index.php\/wp-json\/wp\/v2\/product_brand?post=749557"},{"taxonomy":"product_cat","embeddable":true,"href":"https:\/\/roveyayinevi.com.tr\/index.php\/wp-json\/wp\/v2\/product_cat?post=749557"},{"taxonomy":"product_tag","embeddable":true,"href":"https:\/\/roveyayinevi.com.tr\/index.php\/wp-json\/wp\/v2\/product_tag?post=749557"}],"curies":[{"name":"wp","href":"https:\/\/api.w.org\/{rel}","templated":true}]}}