{"id":749536,"date":"2025-08-28T03:58:29","date_gmt":"2025-08-28T00:58:29","guid":{"rendered":"https:\/\/roveyayinevi.com.tr\/index.php\/urun\/dag-ve-filozof\/"},"modified":"2026-04-16T03:03:05","modified_gmt":"2026-04-16T00:03:05","slug":"dag-ve-filozof","status":"publish","type":"product","link":"https:\/\/roveyayinevi.com.tr\/index.php\/urun\/dag-ve-filozof\/","title":{"rendered":"Da\u011f ve Filozof"},"content":{"rendered":"<p>\u201cBir s\u00fcr\u00fcngen veya k\u00f6stebekken karanl\u0131k ve so\u011fuk deliklerin i\u00e7erisinde \u00e7oktan bir cesede d\u00f6n\u00fc\u015fm\u00fc\u015f h\u00e2lde sakl\u0131 uzan\u0131r\u0131m.Ama ayn\u0131 zamanda yuvan\u0131n veya ya\u015fam kayna\u011f\u0131n\u0131n nemli topra\u011f\u0131nda ve kuru kayalar\u0131nday\u0131m, buralara kar\u0131\u015fan a\u011fa\u00e7k\u00f6kleriyim. Ayn\u0131 zamanda \u00e7imen, fare, a\u011fa\u00e7 kabu\u011fu, bo\u011fa, ar\u0131, glay\u00f6l \u00e7i\u00e7e\u011fiyim.Bitkiler \u00e2lemi gibi hareketsiz, hayvanlar \u00e2lemi gibi canl\u0131, element kadar ilkel\u2026 \u00e7\u00f6z\u00fclm\u00fc\u015f, s\u0131v\u0131la\u015fm\u0131\u015f ve d\u00f6n\u00fc\u015f\u00fcm\u00fcn \u00e7eki\u00e7 vef\u0131r\u0131n\u0131yla d\u00f6v\u00fclm\u00fc\u015f ben, di\u011fer \u015feylerden ve d\u00fcnyadaki di\u011fer insanlardan ba\u015fka bir \u015fey de\u011filim. O zaman ancak o zamananl\u0131yorum.\u201dBilginin k\u00f6keni bedendedir. Sadece \u00f6zneler aras\u0131ndaki bilgi de\u011fil nesnel bilgi de ondad\u0131r. Beden kendi bi\u00e7imini,g\u00f6r\u00fcn\u00fcm\u00fcn\u00fc, hareketini, y\u00f6nelimini alana kadar, duru\u015fuyla bir dansa kat\u0131lmadan hi\u00e7 kimseyi ve hi\u00e7bir \u015feyi bilemeyiz.Bedenin ta\u015f\u0131d\u0131\u011f\u0131 duru\u015flar\u0131n muazzam hazinesini kim sayar? Bedensel belle\u011fin derinliklerinde yer alan bu yer haritalar\u0131ndandaha de\u011ferli ne olabilir? Kim deney yapar? Beden. Kim icat eder? Beden. Peki, kutsal sezgi onu y\u0131kay\u0131p havayakald\u0131rd\u0131\u011f\u0131nda kim melek sarho\u015flu\u011funda y\u00fczer, ko\u015far ve u\u00e7ar? Beden, evet, yine beden. \u00c7\u0131plak beden.Frans\u0131z filozof Michel Serres bu eserinde bizleri, beden ve do\u011fa \u00fczerine ya\u015fant\u0131yla \u00f6rd\u00fc\u011f\u00fc bir d\u00fc\u015f\u00fcn\u00fcme davet ediyor.<\/p>\n","protected":false},"excerpt":{"rendered":"<p>\u201cBir s\u00fcr\u00fcngen veya k\u00f6stebekken karanl\u0131k ve so\u011fuk deliklerin i\u00e7erisinde \u00e7oktan bir cesede d\u00f6n\u00fc\u015fm\u00fc\u015f h\u00e2lde sakl\u0131 uzan\u0131r\u0131m.Ama ayn\u0131 zamanda yuvan\u0131n veya ya\u015fam kayna\u011f\u0131n\u0131n nemli topra\u011f\u0131nda ve kuru<span class=\"excerpt-hellip\"> [\u2026]<\/span><\/p>\n","protected":false},"featured_media":0,"template":"","meta":{"_monsterinsights_skip_tracking":false,"_monsterinsights_sitenote_active":false,"_monsterinsights_sitenote_note":"","_monsterinsights_sitenote_category":0},"product_brand":[],"product_cat":[12388],"product_tag":[],"class_list":{"0":"post-749536","1":"product","2":"type-product","3":"status-publish","5":"product_cat-felsefe","6":"pa_cilt-ciltsiz","7":"pa_tur-kitap","8":"pa_yayinevi-fol-kitap","9":"pa_yazar-michel-serres","11":"first","12":"instock","13":"sale","14":"shipping-taxable","15":"purchasable","16":"product-type-simple"},"_links":{"self":[{"href":"https:\/\/roveyayinevi.com.tr\/index.php\/wp-json\/wp\/v2\/product\/749536","targetHints":{"allow":["GET"]}}],"collection":[{"href":"https:\/\/roveyayinevi.com.tr\/index.php\/wp-json\/wp\/v2\/product"}],"about":[{"href":"https:\/\/roveyayinevi.com.tr\/index.php\/wp-json\/wp\/v2\/types\/product"}],"wp:attachment":[{"href":"https:\/\/roveyayinevi.com.tr\/index.php\/wp-json\/wp\/v2\/media?parent=749536"}],"wp:term":[{"taxonomy":"product_brand","embeddable":true,"href":"https:\/\/roveyayinevi.com.tr\/index.php\/wp-json\/wp\/v2\/product_brand?post=749536"},{"taxonomy":"product_cat","embeddable":true,"href":"https:\/\/roveyayinevi.com.tr\/index.php\/wp-json\/wp\/v2\/product_cat?post=749536"},{"taxonomy":"product_tag","embeddable":true,"href":"https:\/\/roveyayinevi.com.tr\/index.php\/wp-json\/wp\/v2\/product_tag?post=749536"}],"curies":[{"name":"wp","href":"https:\/\/api.w.org\/{rel}","templated":true}]}}