{"id":749478,"date":"2025-08-28T03:57:10","date_gmt":"2025-08-28T00:57:10","guid":{"rendered":"https:\/\/roveyayinevi.com.tr\/index.php\/urun\/bukalemun-babuyu-gordun-mu\/"},"modified":"2026-04-08T03:09:12","modified_gmt":"2026-04-08T00:09:12","slug":"bukalemun-babuyu-gordun-mu","status":"publish","type":"product","link":"https:\/\/roveyayinevi.com.tr\/index.php\/urun\/bukalemun-babuyu-gordun-mu\/","title":{"rendered":"Bukalemun Babu&#8217;yu G\u00f6rd\u00fcn m\u00fc ?"},"content":{"rendered":"<p>Bir g\u00fcn ormanda y\u00fcr\u00fcy\u00fc\u015fe \u00e7\u0131kan Bubu ne kadar yol ald\u0131\u011f\u0131n\u0131 fark edemeden kendini \u015fehrin ortas\u0131nda bir k\u00fct\u00fcphanede bulur. S\u00fcrekli renk de\u011fi\u015ftirmesi kitapl\u0131klar\u0131n aras\u0131nda gezinmesini zorla\u015ft\u0131rsa da bir k\u00fct\u00fcphane arkada\u015f\u0131 bulmas\u0131 hi\u00e7 de zor olmaz. Bubu\u2019yu takip ederek yepyeni bir k\u00fct\u00fcphane ke\u015ffi minikleri bekliyor!<\/p>\n","protected":false},"excerpt":{"rendered":"<p>Bir g\u00fcn ormanda y\u00fcr\u00fcy\u00fc\u015fe \u00e7\u0131kan Bubu ne kadar yol ald\u0131\u011f\u0131n\u0131 fark edemeden kendini \u015fehrin ortas\u0131nda bir k\u00fct\u00fcphanede bulur. S\u00fcrekli renk de\u011fi\u015ftirmesi kitapl\u0131klar\u0131n aras\u0131nda gezinmesini zorla\u015ft\u0131rsa da<span class=\"excerpt-hellip\"> [\u2026]<\/span><\/p>\n","protected":false},"featured_media":0,"template":"","meta":{"_monsterinsights_skip_tracking":false,"_monsterinsights_sitenote_active":false,"_monsterinsights_sitenote_note":"","_monsterinsights_sitenote_category":0},"product_brand":[],"product_cat":[12274,12284],"product_tag":[],"class_list":{"0":"post-749478","1":"product","2":"type-product","3":"status-publish","5":"product_cat-cocuk-ve-genclik-kitaplari","6":"product_cat-hikayeler","7":"pa_cilt-ciltsiz","8":"pa_tur-kitap","9":"pa_yayinevi-erdem-cocuk","10":"pa_yazar-feyza-y-irem-b","11":"pa_yazar-sehnaz-ceylan","12":"pa_yazar-yeliz-b","14":"first","15":"instock","16":"sale","17":"shipping-taxable","18":"purchasable","19":"product-type-simple"},"_links":{"self":[{"href":"https:\/\/roveyayinevi.com.tr\/index.php\/wp-json\/wp\/v2\/product\/749478","targetHints":{"allow":["GET"]}}],"collection":[{"href":"https:\/\/roveyayinevi.com.tr\/index.php\/wp-json\/wp\/v2\/product"}],"about":[{"href":"https:\/\/roveyayinevi.com.tr\/index.php\/wp-json\/wp\/v2\/types\/product"}],"wp:attachment":[{"href":"https:\/\/roveyayinevi.com.tr\/index.php\/wp-json\/wp\/v2\/media?parent=749478"}],"wp:term":[{"taxonomy":"product_brand","embeddable":true,"href":"https:\/\/roveyayinevi.com.tr\/index.php\/wp-json\/wp\/v2\/product_brand?post=749478"},{"taxonomy":"product_cat","embeddable":true,"href":"https:\/\/roveyayinevi.com.tr\/index.php\/wp-json\/wp\/v2\/product_cat?post=749478"},{"taxonomy":"product_tag","embeddable":true,"href":"https:\/\/roveyayinevi.com.tr\/index.php\/wp-json\/wp\/v2\/product_tag?post=749478"}],"curies":[{"name":"wp","href":"https:\/\/api.w.org\/{rel}","templated":true}]}}