{"id":749465,"date":"2025-08-28T03:56:51","date_gmt":"2025-08-28T00:56:51","guid":{"rendered":"https:\/\/roveyayinevi.com.tr\/index.php\/urun\/fark-yaratan-cocuklar\/"},"modified":"2026-04-16T03:03:04","modified_gmt":"2026-04-16T00:03:04","slug":"fark-yaratan-cocuklar","status":"publish","type":"product","link":"https:\/\/roveyayinevi.com.tr\/index.php\/urun\/fark-yaratan-cocuklar\/","title":{"rendered":"Fark Yaratan \u00c7ocuklar"},"content":{"rendered":"<p>Bu kitapta bir\u00e7ok \u00e7ocu\u011fun hik\u00e2yesini okuyacaks\u0131n, ya\u015fad\u0131klar\u0131 sorunlar kar\u015f\u0131s\u0131nda harekete ge\u00e7en ve d\u00fcnyada fark yaratan \u00e7ocuklar\u0131n hik\u00e2yesini. Bu \u00e7ocuklar\u0131n kimi yeni icatlar yapm\u0131\u015f, kimi de insanlar\u0131n dikkatini \u00f6nemli sorunlara ve \u00e7\u00f6z\u00fcm yollar\u0131na \u00e7ekmi\u015f. Baz\u0131lar\u0131 dramatik baz\u0131lar\u0131 komik olan bu hik\u00e2yelerin her biri sana ilham verecek!<\/p>\n","protected":false},"excerpt":{"rendered":"<p>Bu kitapta bir\u00e7ok \u00e7ocu\u011fun hik\u00e2yesini okuyacaks\u0131n, ya\u015fad\u0131klar\u0131 sorunlar kar\u015f\u0131s\u0131nda harekete ge\u00e7en ve d\u00fcnyada fark yaratan \u00e7ocuklar\u0131n hik\u00e2yesini. Bu \u00e7ocuklar\u0131n kimi yeni icatlar yapm\u0131\u015f, kimi de insanlar\u0131n<span class=\"excerpt-hellip\"> [\u2026]<\/span><\/p>\n","protected":false},"featured_media":0,"template":"","meta":{"_monsterinsights_skip_tracking":false,"_monsterinsights_sitenote_active":false,"_monsterinsights_sitenote_note":"","_monsterinsights_sitenote_category":0},"product_brand":[],"product_cat":[13829,12274],"product_tag":[],"class_list":{"0":"post-749465","1":"product","2":"type-product","3":"status-publish","5":"product_cat-bilimsel-kitaplar","6":"product_cat-cocuk-ve-genclik-kitaplari","7":"pa_cilt-ciltsiz","8":"pa_tur-kitap","9":"pa_yayinevi-erdem-cocuk","10":"pa_yazar-stefano-varanelli","12":"first","13":"instock","14":"sale","15":"shipping-taxable","16":"purchasable","17":"product-type-simple"},"_links":{"self":[{"href":"https:\/\/roveyayinevi.com.tr\/index.php\/wp-json\/wp\/v2\/product\/749465","targetHints":{"allow":["GET"]}}],"collection":[{"href":"https:\/\/roveyayinevi.com.tr\/index.php\/wp-json\/wp\/v2\/product"}],"about":[{"href":"https:\/\/roveyayinevi.com.tr\/index.php\/wp-json\/wp\/v2\/types\/product"}],"wp:attachment":[{"href":"https:\/\/roveyayinevi.com.tr\/index.php\/wp-json\/wp\/v2\/media?parent=749465"}],"wp:term":[{"taxonomy":"product_brand","embeddable":true,"href":"https:\/\/roveyayinevi.com.tr\/index.php\/wp-json\/wp\/v2\/product_brand?post=749465"},{"taxonomy":"product_cat","embeddable":true,"href":"https:\/\/roveyayinevi.com.tr\/index.php\/wp-json\/wp\/v2\/product_cat?post=749465"},{"taxonomy":"product_tag","embeddable":true,"href":"https:\/\/roveyayinevi.com.tr\/index.php\/wp-json\/wp\/v2\/product_tag?post=749465"}],"curies":[{"name":"wp","href":"https:\/\/api.w.org\/{rel}","templated":true}]}}