{"id":749463,"date":"2025-08-28T03:56:48","date_gmt":"2025-08-28T00:56:48","guid":{"rendered":"https:\/\/roveyayinevi.com.tr\/index.php\/urun\/golge-oyunlari-2-yedikulenin-yedilisi\/"},"modified":"2026-04-16T03:03:03","modified_gmt":"2026-04-16T00:03:03","slug":"golge-oyunlari-2-yedikulenin-yedilisi","status":"publish","type":"product","link":"https:\/\/roveyayinevi.com.tr\/index.php\/urun\/golge-oyunlari-2-yedikulenin-yedilisi\/","title":{"rendered":"G\u00f6lge Oyunlar\u0131 2: Yedikule\u2019nin Yedilisi"},"content":{"rendered":"<p>Re\u00e7eli\u2019deki okulda \u00e7\u0131kan yang\u0131n y\u00fcz\u00fcnden \u015eeyma\u2019n\u0131n \u0130stanbul\u2019daki okuluna gelen Orhan, Mehmet ve Hafize\u2019yi yeni maceralar bekler. \u015eeyma\u2019n\u0131n en yak\u0131n arkada\u015f\u0131 \u0130pek k\u0131skan\u00e7l\u0131k i\u00e7inde bir plan yaparak onlar\u0131 mahallenin metruk evine y\u00f6nlendirir. Peki, bu ev her \u015feyin sonunu de\u011fil de ba\u015flang\u0131c\u0131n\u0131 olu\u015fturursa? Evle beraber y\u00fczlerce y\u0131ll\u0131k hattatl\u0131k tarihinin i\u00e7ine giren \u00e7ocuklar ayn\u0131 zamanda bu tarihi korumak zorundad\u0131r. Maceradan maceraya atlayarak Yedikule Hisar\u0131\u2019na kadar gelen kahramanlar\u0131m\u0131zla \u0130stanbul\u2019un tarih\u00ee havas\u0131 i\u00e7inde heyecan dolu bu maceraya at\u0131lmaya haz\u0131r m\u0131s\u0131n\u0131z?<\/p>\n","protected":false},"excerpt":{"rendered":"<p>Re\u00e7eli\u2019deki okulda \u00e7\u0131kan yang\u0131n y\u00fcz\u00fcnden \u015eeyma\u2019n\u0131n \u0130stanbul\u2019daki okuluna gelen Orhan, Mehmet ve Hafize\u2019yi yeni maceralar bekler. \u015eeyma\u2019n\u0131n en yak\u0131n arkada\u015f\u0131 \u0130pek k\u0131skan\u00e7l\u0131k i\u00e7inde bir plan yaparak<span class=\"excerpt-hellip\"> [\u2026]<\/span><\/p>\n","protected":false},"featured_media":0,"template":"","meta":{"_monsterinsights_skip_tracking":false,"_monsterinsights_sitenote_active":false,"_monsterinsights_sitenote_note":"","_monsterinsights_sitenote_category":0},"product_brand":[],"product_cat":[12274,12284],"product_tag":[],"class_list":{"0":"post-749463","1":"product","2":"type-product","3":"status-publish","5":"product_cat-cocuk-ve-genclik-kitaplari","6":"product_cat-hikayeler","7":"pa_cilt-ciltsiz","8":"pa_tur-kitap","9":"pa_yayinevi-erdem-cocuk","10":"pa_yazar-meva-a-onyurttuba-karabey","12":"first","13":"instock","14":"sale","15":"shipping-taxable","16":"purchasable","17":"product-type-simple"},"_links":{"self":[{"href":"https:\/\/roveyayinevi.com.tr\/index.php\/wp-json\/wp\/v2\/product\/749463","targetHints":{"allow":["GET"]}}],"collection":[{"href":"https:\/\/roveyayinevi.com.tr\/index.php\/wp-json\/wp\/v2\/product"}],"about":[{"href":"https:\/\/roveyayinevi.com.tr\/index.php\/wp-json\/wp\/v2\/types\/product"}],"wp:attachment":[{"href":"https:\/\/roveyayinevi.com.tr\/index.php\/wp-json\/wp\/v2\/media?parent=749463"}],"wp:term":[{"taxonomy":"product_brand","embeddable":true,"href":"https:\/\/roveyayinevi.com.tr\/index.php\/wp-json\/wp\/v2\/product_brand?post=749463"},{"taxonomy":"product_cat","embeddable":true,"href":"https:\/\/roveyayinevi.com.tr\/index.php\/wp-json\/wp\/v2\/product_cat?post=749463"},{"taxonomy":"product_tag","embeddable":true,"href":"https:\/\/roveyayinevi.com.tr\/index.php\/wp-json\/wp\/v2\/product_tag?post=749463"}],"curies":[{"name":"wp","href":"https:\/\/api.w.org\/{rel}","templated":true}]}}