{"id":749430,"date":"2025-08-28T03:55:59","date_gmt":"2025-08-28T00:55:59","guid":{"rendered":"https:\/\/roveyayinevi.com.tr\/index.php\/urun\/cocuk-yetistirmede-oyun-mucizesi\/"},"modified":"2026-04-16T03:03:03","modified_gmt":"2026-04-16T00:03:03","slug":"cocuk-yetistirmede-oyun-mucizesi","status":"publish","type":"product","link":"https:\/\/roveyayinevi.com.tr\/index.php\/urun\/cocuk-yetistirmede-oyun-mucizesi\/","title":{"rendered":"\u00c7ocuk Yeti\u015ftirmede Oyun Mucizesi"},"content":{"rendered":"<p>\u201c\u00c7ocuklar\u0131n oyunu oyun de\u011fil, onlar\u0131n en ciddi u\u011fra\u015f\u0131d\u0131r.\u201d Montaigne Bir \u00e7ocu\u011fun hayata haz\u0131rlanmas\u0131nda \u00f6nemli bir rol oynayan oyun konusu, uzman psikolog Serap Buharal\u0131 taraf\u0131ndan ele al\u0131n\u0131yor. Oyunun tarihsel geli\u015fimi, \u00e7ocu\u011fun hayat\u0131ndaki \u00f6nemi, iyile\u015ftirici etkisi gibi bir\u00e7ok konuyu bulaca\u011f\u0131n\u0131z bu kitapta oyuna kar\u015f\u0131 yeni bir bak\u0131\u015f a\u00e7\u0131s\u0131 geli\u015ftireceksiniz.<\/p>\n","protected":false},"excerpt":{"rendered":"<p>\u201c\u00c7ocuklar\u0131n oyunu oyun de\u011fil, onlar\u0131n en ciddi u\u011fra\u015f\u0131d\u0131r.\u201d Montaigne Bir \u00e7ocu\u011fun hayata haz\u0131rlanmas\u0131nda \u00f6nemli bir rol oynayan oyun konusu, uzman psikolog Serap Buharal\u0131 taraf\u0131ndan ele al\u0131n\u0131yor.<span class=\"excerpt-hellip\"> [\u2026]<\/span><\/p>\n","protected":false},"featured_media":0,"template":"","meta":{"_monsterinsights_skip_tracking":false,"_monsterinsights_sitenote_active":false,"_monsterinsights_sitenote_note":"","_monsterinsights_sitenote_category":0},"product_brand":[],"product_cat":[14787,13488],"product_tag":[],"class_list":{"0":"post-749430","1":"product","2":"type-product","3":"status-publish","5":"product_cat-diger-toplum-ve-insan","6":"product_cat-toplum-ve-insan","7":"pa_cilt-ciltsiz","8":"pa_tur-kitap","9":"pa_yayinevi-erdem-cocuk","10":"pa_yazar-serap-buharali","12":"first","13":"instock","14":"sale","15":"shipping-taxable","16":"purchasable","17":"product-type-simple"},"_links":{"self":[{"href":"https:\/\/roveyayinevi.com.tr\/index.php\/wp-json\/wp\/v2\/product\/749430","targetHints":{"allow":["GET"]}}],"collection":[{"href":"https:\/\/roveyayinevi.com.tr\/index.php\/wp-json\/wp\/v2\/product"}],"about":[{"href":"https:\/\/roveyayinevi.com.tr\/index.php\/wp-json\/wp\/v2\/types\/product"}],"wp:attachment":[{"href":"https:\/\/roveyayinevi.com.tr\/index.php\/wp-json\/wp\/v2\/media?parent=749430"}],"wp:term":[{"taxonomy":"product_brand","embeddable":true,"href":"https:\/\/roveyayinevi.com.tr\/index.php\/wp-json\/wp\/v2\/product_brand?post=749430"},{"taxonomy":"product_cat","embeddable":true,"href":"https:\/\/roveyayinevi.com.tr\/index.php\/wp-json\/wp\/v2\/product_cat?post=749430"},{"taxonomy":"product_tag","embeddable":true,"href":"https:\/\/roveyayinevi.com.tr\/index.php\/wp-json\/wp\/v2\/product_tag?post=749430"}],"curies":[{"name":"wp","href":"https:\/\/api.w.org\/{rel}","templated":true}]}}