{"id":749411,"date":"2025-08-28T03:55:23","date_gmt":"2025-08-28T00:55:23","guid":{"rendered":"https:\/\/roveyayinevi.com.tr\/index.php\/urun\/ahmed-midhad-efendi-ve-yeryuzunde-bir-melek-rom-yonelik-elest\/"},"modified":"2026-04-16T03:03:02","modified_gmt":"2026-04-16T00:03:02","slug":"ahmed-midhad-efendi-ve-yeryuzunde-bir-melek-rom-yonelik-elest","status":"publish","type":"product","link":"https:\/\/roveyayinevi.com.tr\/index.php\/urun\/ahmed-midhad-efendi-ve-yeryuzunde-bir-melek-rom-yonelik-elest\/","title":{"rendered":"Ahmed Midhad Efendi ve Yery\u00fcz\u00fcnde Bir Melek Rom. Y\u00f6nelik Ele\u015ft."},"content":{"rendered":"<p>Ahmed Midhat Efendi, Terc\u00fcman-\u0131 Hakikat gazetesinde Yery\u00fcz\u00fcnde Bir Melek roman\u0131n\u0131 tefrika etmeye ba\u015flay\u0131nca Nam\u0131k Kemal ve \u00f6zellikle de Ebuzziya Tevfik bu roman \u00fczerinden onu \u00e2deta ard\u0131 arkas\u0131 gelmez bir ele\u015ftiri ya\u011fmuruna tutmu\u015flard\u0131r.Ahmed Midhat ile Nam\u0131k Kemal\u2019in ilk zamanlar \u00e7ok dost olduklar\u0131n\u0131 fakat sonradan aralar\u0131n\u0131n b\u00fcsb\u00fct\u00fcn a\u00e7\u0131ld\u0131\u011f\u0131n\u0131 ileri s\u00fcren Ahmet Hamdi Tanpmar, Ahmed Midhat Efendiyi salt kendi \u00e7\u0131kar\u0131n\u0131 d\u00fc\u015f\u00fcnd\u00fc\u011f\u00fc i\u00e7in Nam\u0131k Kemal\u2019le bozu\u015ftu\u011fu ve dahas\u0131 Midhat Pa\u015fa\u2019ya yine ayn\u0131 sebeple ihanet etti\u011fi gerek\u00e7esiyle su\u00e7lamaktad\u0131r.Ancak Nam\u0131k Kemal ile Ahmed Midhat Efendi aras\u0131nda sonradan bozu\u015facak kadar samimi bir dostluk kurulmu\u015f mudur?Var say\u0131lan bu dostlu\u011fun bozulmas\u0131, iddia edildi\u011fi gibi Ahmed Midhat\u2019m s\u0131rf kendi \u00e7\u0131kar\u0131n\u0131 d\u00fc\u015f\u00fcnmesinden mi kaynaklanm\u0131\u015ft\u0131r? Midhat Pa\u015fa, Ahmed Midhat Efendinin sahiden velinimeti miydi? Ahmed Midhat Efendi, velinimeti say\u0131lan Midhat Pa\u015fa\u2019ya kelimenin tam anlam\u0131yla ihanet mi etmi\u015fti?..Do\u011frusu edebiyat tarihimizde bu ve benzeri daha bir\u00e7ok sorunun ikna edici bir kar\u015f\u0131l\u0131\u011f\u0131 yoktu. Bu y\u00fczden gerek y\u00f6ntem gerekse form ve i\u00e7erik bak\u0131m\u0131ndan d\u00fcnya literat\u00fcr\u00fcnde bir ba\u015fka \u00f6rne\u011fi daha olmad\u0131\u011f\u0131n\u0131 sand\u0131\u011f\u0131m bu ele\u015ftirilerin gerisinde ne t\u00fcr \u00e7at\u0131\u015fmalar\u0131n ya\u015fand\u0131\u011f\u0131n\u0131 anlayabilmek i\u00e7in \u00f6ncelikle b\u00fct\u00fcn bu sorular\u0131n ard\u0131na d\u00fc\u015fmek ve s\u00f6z konusu \u00e7at\u0131\u015fmalar\u0131n muhtemel izlerini a\u011f\u0131rl\u0131kl\u0131 olarak gazeteler \u00fczerinden takip etmek gerekiyordu.Nuri Sa\u011flam, edebiyat tarihimize cidd\u00ee bir katk\u0131 sa\u011flad\u0131\u011f\u0131n\u0131 d\u00fc\u015f\u00fcnd\u00fc\u011f\u00fcm\u00fcz bu \u00e7al\u0131\u015fmas\u0131nda, ilk olarak Ahmed Midhat Efendinin Nam\u0131k Kemal, Eb\u00fczziya Tevfik ve Midhat Pa\u015fa\u2019yla ili\u015fki s\u00fcrecine \u0131\u015f\u0131k tutmakta ve ard\u0131ndan Yery\u00fcz\u00fcnde Bir Melek roman\u0131na y\u00f6nelik ele\u015ftiri metinlerini orijinal iml\u00e2lar\u0131yla okuyucunun istifadesine sunmaktad\u0131r.<\/p>\n","protected":false},"excerpt":{"rendered":"<p>Ahmed Midhat Efendi, Terc\u00fcman-\u0131 Hakikat gazetesinde Yery\u00fcz\u00fcnde Bir Melek roman\u0131n\u0131 tefrika etmeye ba\u015flay\u0131nca Nam\u0131k Kemal ve \u00f6zellikle de Ebuzziya Tevfik bu roman \u00fczerinden onu \u00e2deta ard\u0131<span class=\"excerpt-hellip\"> [\u2026]<\/span><\/p>\n","protected":false},"featured_media":0,"template":"","meta":{"_monsterinsights_skip_tracking":false,"_monsterinsights_sitenote_active":false,"_monsterinsights_sitenote_note":"","_monsterinsights_sitenote_category":0},"product_brand":[],"product_cat":[12291,12610],"product_tag":[],"class_list":{"0":"post-749411","1":"product","2":"type-product","3":"status-publish","5":"product_cat-edebiyat","6":"product_cat-elestiri-inceleme-kuram","7":"pa_cilt-ciltsiz","8":"pa_tur-kitap","9":"pa_yayinevi-erdem-yayinlari","10":"pa_yazar-nuri-saglam","12":"first","13":"instock","14":"sale","15":"shipping-taxable","16":"purchasable","17":"product-type-simple"},"_links":{"self":[{"href":"https:\/\/roveyayinevi.com.tr\/index.php\/wp-json\/wp\/v2\/product\/749411","targetHints":{"allow":["GET"]}}],"collection":[{"href":"https:\/\/roveyayinevi.com.tr\/index.php\/wp-json\/wp\/v2\/product"}],"about":[{"href":"https:\/\/roveyayinevi.com.tr\/index.php\/wp-json\/wp\/v2\/types\/product"}],"wp:attachment":[{"href":"https:\/\/roveyayinevi.com.tr\/index.php\/wp-json\/wp\/v2\/media?parent=749411"}],"wp:term":[{"taxonomy":"product_brand","embeddable":true,"href":"https:\/\/roveyayinevi.com.tr\/index.php\/wp-json\/wp\/v2\/product_brand?post=749411"},{"taxonomy":"product_cat","embeddable":true,"href":"https:\/\/roveyayinevi.com.tr\/index.php\/wp-json\/wp\/v2\/product_cat?post=749411"},{"taxonomy":"product_tag","embeddable":true,"href":"https:\/\/roveyayinevi.com.tr\/index.php\/wp-json\/wp\/v2\/product_tag?post=749411"}],"curies":[{"name":"wp","href":"https:\/\/api.w.org\/{rel}","templated":true}]}}